--------- beginning of /dev/log/main
I/installd(  142): installd firing up
I/DEBUG   (  135): debuggerd: May 18 2013 10:00:38
I/SurfaceFlinger(  137): SurfaceFlinger is starting
I/SurfaceFlinger(  137): SurfaceFlinger's main thread ready to run. Initializing graphics H/W...
D/libEGL  (  137): loaded /vendor/lib/egl/libEGL_POWERVR_SGX540_120.so
D/libEGL  (  137): loaded /vendor/lib/egl/libGLESv1_CM_POWERVR_SGX540_120.so
D/libEGL  (  137): loaded /vendor/lib/egl/libGLESv2_POWERVR_SGX540_120.so
--------- beginning of /dev/log/system
I/Vold    (  131): Vold 2.1 (the revenge) firing up
E/Vold    (  131): Error reading configuration (No such file or directory)... continuing anyways
E/IMGSRV  (  137): :0: OpenServices: Cannot open device driver /dev/pvrsrvkm.
E/IMGSRV  (  137): :0: PVRSRVConnect: Unable to open connection.
E/IMGSRV  (  137): :0: Couldn't connect to services
W/libEGL  (  137): eglInitialize(0x1) failed (EGL_BAD_ALLOC)
I/Netd    (  134): Netd 1.0 starting
W/InterfaceController(  134): Warning (Cannot load library: load_library(linker.cpp:771): library "/system/lib/libnetcmdiface.so" not found) while opening the net interface command library
E/IMGSRV  (  137): :0: OpenServices: Cannot open device driver /dev/pvrsrvkm.
E/IMGSRV  (  137): :0: PVRSRVConnect: Unable to open connection.
E/IMGSRV  (  137): :0: OpenPVRServices: Failed to open services connection
E/IMGSRV  (  137): :0: hal_init: Failed to open services (err=-14)
E/IMGSRV  (  137): :0: hal_open: Graphics HAL not initialized
E/SurfaceFlinger(  137): framebuffer_open failed (Not a typewriter)
E/ti_hwc  (  137): Framebuffer HAL not opened before HWC
E/SurfaceFlinger(  137): composer device failed to initialize (Bad address)
E/SurfaceFlinger(  137): ERROR: failed to open framebuffer, aborting
F/libc    (  137): Fatal signal 11 (SIGSEGV) at 0xdezaad (code=1), thread 146 (SurfaceFlinger)
I/DEBUG   (  135): *** *** *** *** *** *** *** *** *** *** *** *** *** *** *** ***
I/DEBUG   (  135): Build fingerprint: 'google/yakju/maguro:4.2.2/JDQ39/573038:user/release-keys'
I/DEBUG   (  135): Revision: '16'
I/DEBUG   (  135): pid: 137, tid: 146, name: SurfaceFlinger  >>> /system/bin/surfaceflinger <<<
I/DEBUG   (  135): signal 11 (SIGSEGV), code 1 (SEGV_MAPERR), fault addr deadbaad
I/DEBUG   (  135):     r0 00000027  r1 deadbaad  r2 4023a258  r3 00000000
I/DEBUG   (  135):     r4 00000000  r5 405efd4c  r6 4023a228  r7 00000000
I/DEBUG   (  135):     r8 00000000  r9 00000000  sl 40120d6d  fp 00100000
I/DEBUG   (  135):     ip 401ede18  sp 405efd48  lr 4020d089  pc 40209746  cpsr 60070030
I/DEBUG   (  135):     d0  656c696166203a62  d1  65706f206f74206f
I/DEBUG   (  135):     d2  62656d6172662072  d3  61202c7265666674
I/DEBUG   (  135):     d4  41a5938041a59370  d5  41a593a041a59390
I/DEBUG   (  135):     d6  41a5980041a593b0  d7  41a59c6041a59c50
I/DEBUG   (  135):     d8  0000000000000000  d9  0000000000000000
I/DEBUG   (  135):     d10 0000000000000000  d11 0000000000000000
I/DEBUG   (  135):     d12 0000000000000000  d13 0000000000000000
I/DEBUG   (  135):     d14 0000000000000000  d15 0000000000000000
I/DEBUG   (  135):     d16 4154dca2c27ef9db  d17 3f50624dd2f1a9fc
I/DEBUG   (  135):     d18 41bbf17d1f000000  d19 0000000000000000
I/DEBUG   (  135):     d20 0000000000000000  d21 0000000000000000
I/DEBUG   (  135):     d22 0000000000000000  d23 0000000000000000
I/DEBUG   (  135):     d24 0000000000000000  d25 0000000000000000
I/DEBUG   (  135):     d26 0000000000000000  d27 0000000000000000
I/DEBUG   (  135):     d28 0000000000000000  d29 0000000000000000
I/DEBUG   (  135):     d30 0000000000000000  d31 0000000000000000
I/DEBUG   (  135):     scr 00000010
I/DEBUG   (  135): 
I/DEBUG   (  135): backtrace:
I/DEBUG   (  135):     #00  pc 0001a746  /system/lib/libc.so
I/DEBUG   (  135):     #01  pc 00018074  /system/lib/libc.so (abort+4)
I/DEBUG   (  135):     #02  pc 000232dd  /system/lib/libsurfaceflinger.so (android::HWComposer::HWComposer(android::sp<android::SurfaceFlinger> const&, android::HWComposer::EventHandler&)+284)
I/DEBUG   (  135):     #03  pc 000287fd  /system/lib/libsurfaceflinger.so (android::SurfaceFlinger::readyToRun()+64)
I/DEBUG   (  135):     #04  pc 00011275  /system/lib/libutils.so (android::Thread::_threadLoop(void*)+72)
I/DEBUG   (  135):     #05  pc 00010e05  /system/lib/libutils.so
I/DEBUG   (  135):     #06  pc 0000e418  /system/lib/libc.so (__thread_entry+72)
I/DEBUG   (  135):     #07  pc 0000db0c  /system/lib/libc.so (pthread_create+168)
I/DEBUG   (  135): 
I/DEBUG   (  135): stack:
I/DEBUG   (  135):          405efd08  41a5c350  [heap]
I/DEBUG   (  135):          405efd0c  00000000  
I/DEBUG   (  135):          405efd10  401b2888  /system/vendor/lib/hw/gralloc.omap4.so
I/DEBUG   (  135):          405efd14  401b4468  /system/vendor/lib/hw/gralloc.omap4.so
I/DEBUG   (  135):          405efd18  401b4c55  /system/vendor/lib/hw/gralloc.omap4.so
I/DEBUG   (  135):          405efd1c  401e658e  /system/lib/libsurfaceflinger.so
I/DEBUG   (  135):          405efd20  4023724c  /system/lib/libc.so
I/DEBUG   (  135):          405efd24  402371b4  /system/lib/libc.so
I/DEBUG   (  135):          405efd28  00000000  
I/DEBUG   (  135):          405efd2c  4020d089  /system/lib/libc.so (_fwalk+32)
I/DEBUG   (  135):          405efd30  00000001  
I/DEBUG   (  135):          405efd34  405efd4c  
I/DEBUG   (  135):          405efd38  4023a228  
I/DEBUG   (  135):          405efd3c  00000000  
I/DEBUG   (  135):          405efd40  df0027ad  
I/DEBUG   (  135):          405efd44  00000000  
I/DEBUG   (  135):     #00  405efd48  4023a228  
I/DEBUG   (  135):          405efd4c  fffffbdf  
I/DEBUG   (  135):          405efd50  401e652e  /system/lib/libsurfaceflinger.so
I/DEBUG   (  135):          405efd54  401e6525  /system/lib/libsurfaceflinger.so
I/DEBUG   (  135):          405efd58  4022e3c3  /system/lib/libc.so
I/DEBUG   (  135):          405efd5c  705fce34  
I/DEBUG   (  135):          405efd60  41a5c900  [heap]
I/DEBUG   (  135):          405efd64  41a5c900  [heap]
I/DEBUG   (  135):          405efd68  00000000  
I/DEBUG   (  135):          405efd6c  40207078  /system/lib/libc.so (__pthread_clone)
I/DEBUG   (  135):     #01  405efd70  705fce34  
I/DEBUG   (  135):          405efd74  401dd2e1  /system/lib/libsurfaceflinger.so (android::HWComposer::HWComposer(android::sp<android::SurfaceFlinger> const&, android::HWComposer::EventHandler&)+288)
I/DEBUG   (  135):     #02  405efd78  400bca94  /system/vendor/lib/libIMGegl.so
I/DEBUG   (  135):          405efd7c  0000941c  
I/DEBUG   (  135):          405efd80  400c0030  /system/vendor/lib/libIMGegl.so
I/DEBUG   (  135):          405efd84  00000000  
I/DEBUG   (  135):          405efd88  400bd326  /system/vendor/lib/libIMGegl.so
I/DEBUG   (  135):          405efd8c  400bc188  /system/vendor/lib/libIMGegl.so
I/DEBUG   (  135):          405efd90  41a5c610  [heap]
I/DEBUG   (  135):          405efd94  41a5c670  [heap]
I/DEBUG   (  135):          405efd98  41a5c610  [heap]
I/DEBUG   (  135):          405efd9c  00000000  
I/DEBUG   (  135):          405efda0  c0000000  
I/DEBUG   (  135):          405efda4  000000f0  
I/DEBUG   (  135):          405efda8  401e5d78  /system/lib/libsurfaceflinger.so
I/DEBUG   (  135):          405efdac  00000000  
I/DEBUG   (  135):          405efdb0  000000fb  
I/DEBUG   (  135):          405efdb4  402003d7  /system/lib/libc.so (dlmalloc+5170)
I/DEBUG   (  135):          ........  ........
I/DEBUG   (  135): 
I/DEBUG   (  135): memory near r2:
I/DEBUG   (  135):     4023a238 00000000 00000000 00000000 00000000  
I/DEBUG   (  135):     4023a248 00000000 00000000 00000000 00000000  
I/DEBUG   (  135):     4023a258 00000001 00000000 00000000 00000000  
I/DEBUG   (  135):     4023a268 00000000 00000000 00000000 00000000  
I/DEBUG   (  135):     4023a278 00000000 00000000 00000000 00000000  
I/DEBUG   (  135):     4023a288 00000000 00000000 00000000 00000000  
I/DEBUG   (  135):     4023a298 00000000 00000000 0053728b 00000000  
I/DEBUG   (  135):     4023a2a8 00000000 00000000 00004000 00000000  
I/DEBUG   (  135):     4023a2b8 00000000 00000000 00004000 00000000  
I/DEBUG   (  135):     4023a2c8 00000000 00000000 00004000 00000000  
I/DEBUG   (  135):     4023a2d8 00000000 00000000 00004000 00000000  
I/DEBUG   (  135):     4023a2e8 00000000 00000000 00004000 00000000  
I/DEBUG   (  135):     4023a2f8 00000000 00000000 00004000 00000000  
I/DEBUG   (  135):     4023a308 00000000 00000000 00004000 00000000  
I/DEBUG   (  135):     4023a318 00000000 00000000 00004000 00000000  
I/DEBUG   (  135):     4023a328 00000000 00000000 00004000 00000000  
I/DEBUG   (  135): 
I/DEBUG   (  135): memory near r5:
I/DEBUG   (  135):     405efd2c 4020d089 00000001 405efd4c 4023a228  
I/DEBUG   (  135):     405efd3c 00000000 df0027ad 00000000 4023a228  
I/DEBUG   (  135):     405efd4c fffffbdf 401e652e 401e6525 4022e3c3  
I/DEBUG   (  135):     405efd5c 705fce34 41a5c900 41a5c900 00000000  
I/DEBUG   (  135):     405efd6c 40207078 705fce34 401dd2e1 400bca94  
I/DEBUG   (  135):     405efd7c 0000941c 400c0030 00000000 400bd326  
I/DEBUG   (  135):     405efd8c 400bc188 41a5c610 41a5c670 41a5c610  
I/DEBUG   (  135):     405efd9c 00000000 c0000000 000000f0 401e5d78  
I/DEBUG   (  135):     405efdac 00000000 000000fb 402003d7 405efdcc  
I/DEBUG   (  135):     405efdbc 4024fef1 402866f4 4025020f 402866f4  
I/DEBUG   (  135):     405efdcc 41a5c318 401e5d78 401ec654 401ec654  
I/DEBUG   (  135):     405efddc 705fce34 41a5c600 41a5c318 401e5d78  
I/DEBUG   (  135):     405efdec 41a5c900 401ec654 40168220 41a5c600  
I/DEBUG   (  135):     405efdfc 401e2801 40147900 00000017 00000009  
I/DEBUG   (  135):     405efe0c 4021c0b1 41a5c318 405efe50 405efe50  
I/DEBUG   (  135):     405efe1c 4012685c fffffff8 40168220 41a5c600  
I/DEBUG   (  135): 
I/DEBUG   (  135): memory near r6:
I/DEBUG   (  135):     4023a208 00000000 00000000 00000000 00000000  
I/DEBUG   (  135):     4023a218 00000000 00000000 00000000 00000000  
I/DEBUG   (  135):     4023a228 705fce34 00000000 00000000 00000000  
I/DEBUG   (  135):     4023a238 00000000 00000000 00000000 00000000  
I/DEBUG   (  135):     4023a248 00000000 00000000 00000000 00000000  
I/DEBUG   (  135):     4023a258 00000001 00000000 00000000 00000000  
I/DEBUG   (  135):     4023a268 00000000 00000000 00000000 00000000  
I/DEBUG   (  135):     4023a278 00000000 00000000 00000000 00000000  
I/DEBUG   (  135):     4023a288 00000000 00000000 00000000 00000000  
I/DEBUG   (  135):     4023a298 00000000 00000000 0053728b 00000000  
I/DEBUG   (  135):     4023a2a8 00000000 00000000 00004000 00000000  
I/DEBUG   (  135):     4023a2b8 00000000 00000000 00004000 00000000  
I/DEBUG   (  135):     4023a2c8 00000000 00000000 00004000 00000000  
I/DEBUG   (  135):     4023a2d8 00000000 00000000 00004000 00000000  
I/DEBUG   (  135):     4023a2e8 00000000 00000000 00004000 00000000  
I/DEBUG   (  135):     4023a2f8 00000000 00000000 00004000 00000000  
I/DEBUG   (  135): 
I/DEBUG   (  135): memory near sl:
I/DEBUG   (  135):     40120d4c d0020f00 f8c99905 20011000 e8bdb00d  
I/DEBUG   (  135):     40120d5c bf008ff0 0000006f 00005c43 00005c52  
I/DEBUG   (  135):     40120d6c e890b5f7 68c400e0 eb1cf7fb 463a2000  
I/DEBUG   (  135):     40120d7c f7fb4601 4821ec98 44784921 f7fb4479  
I/DEBUG   (  135):     40120d8c 4820ec98 78034478 2f09b16b f7fbdd03  
I/DEBUG   (  135):     40120d9c 2100ec48 f117e005 db040f0f ec40f7fb  
I/DEBUG   (  135):     40120dac f7fb2101 2300ec8c 461a4620 e022b93c  
I/DEBUG   (  135):     40120dbc d0032f2e bf082f40 e0002201 46012301  
I/DEBUG   (  135):     40120dcc 7b01f810 d1f32f00 ebc43200 bf180101  
I/DEBUG   (  135):     40120ddc 290e2201 f042bfd8 b9120201 1861390f  
I/DEBUG   (  135):     40120dec 4621b903 200f2200 46139200 ec6cf7fb  
I/DEBUG   (  135):     40120dfc f7fb4620 4630eade bdfe47a8 0000933e  
I/DEBUG   (  135):     40120e0c fffffead 00009280 ba7af004 9c04b513  
I/DEBUG   (  135):     40120e1c 9c059400 4c029401 6824447c bd1c47a0  
I/DEBUG   (  135):     40120e2c 000091f0 4614b513 23004a05 0018e88d  
I/DEBUG   (  135):     40120e3c f7ff447a 3000ffeb 2001bf18 bf00bd1c  
I/DEBUG   (  135): 
I/DEBUG   (  135): memory near fp:
I/DEBUG   (  135):     000fffe0 ffffffff ffffffff ffffffff ffffffff  
I/DEBUG   (  135):     000ffff0 ffffffff ffffffff ffffffff ffffffff  
I/DEBUG   (  135):     00100000 ffffffff ffffffff ffffffff ffffffff  
I/DEBUG   (  135):     00100010 ffffffff ffffffff ffffffff ffffffff  
I/DEBUG   (  135):     00100020 ffffffff ffffffff ffffffff ffffffff  
I/DEBUG   (  135):     00100030 ffffffff ffffffff ffffffff ffffffff  
I/DEBUG   (  135):     00100040 ffffffff ffffffff ffffffff ffffffff  
I/DEBUG   (  135):     00100050 ffffffff ffffffff ffffffff ffffffff  
I/DEBUG   (  135):     00100060 ffffffff ffffffff ffffffff ffffffff  
I/DEBUG   (  135):     00100070 ffffffff ffffffff ffffffff ffffffff  
I/DEBUG   (  135):     00100080 ffffffff ffffffff ffffffff ffffffff  
I/DEBUG   (  135):     00100090 ffffffff ffffffff ffffffff ffffffff  
I/DEBUG   (  135):     001000a0 ffffffff ffffffff ffffffff ffffffff  
I/DEBUG   (  135):     001000b0 ffffffff ffffffff ffffffff ffffffff  
I/DEBUG   (  135):     001000c0 ffffffff ffffffff ffffffff ffffffff  
I/DEBUG   (  135):     001000d0 ffffffff ffffffff ffffffff ffffffff  
I/DEBUG   (  135): 
I/DEBUG   (  135): memory near ip:
I/DEBUG   (  135):     401eddf8 401fbf69 401fbf55 402517ed 40205e2c  
I/DEBUG   (  135):     401ede08 40137d9d 401fd424 400ea421 4021090d  
I/DEBUG   (  135):     401ede18 40207070 40180ad0 40120f8d 40207965  
I/DEBUG   (  135):     401ede28 40213fd1 40207a51 4011f731 402141df  
I/DEBUG   (  135):     401ede38 4012437d 40093121 40124fa1 4019cc11  
I/DEBUG   (  135):     401ede48 40124d21 40124943 40095ea9 4012490f  
I/DEBUG   (  135):     401ede58 4009ae5d 40207ab0 4009622d 40096111  
I/DEBUG   (  135):     401ede68 40251381 4006c8e9 402513e5 40251575  
I/DEBUG   (  135):     401ede78 4006c8f7 4025188d 400ea41d 40139a07  
I/DEBUG   (  135):     401ede88 4013a635 4013a6b3 40139985 4013a66d  
I/DEBUG   (  135):     401ede98 40139c8f 40139c93 4012e1c4 4012e5e4  
I/DEBUG   (  135):     401edea8 4012ed80 40122239 400e8e40 4011f753  
I/DEBUG   (  135):     401edeb8 4015d0a5 4015d011 4015cf51 40121de9  
I/DEBUG   (  135):     401edec8 4019deb1 4011f7ef 40251345 4012fcc0  
I/DEBUG   (  135):     401eded8 40251cad 4012e994 4012ec60 4012ed98  
I/DEBUG   (  135):     401edee8 4012ee74 4012f498 4012f468 4012f4b0  
I/DEBUG   (  135): 
I/DEBUG   (  135): memory near sp:
I/DEBUG   (  135):     405efd28 00000000 4020d089 00000001 405efd4c  
I/DEBUG   (  135):     405efd38 4023a228 00000000 df0027ad 00000000  
I/DEBUG   (  135):     405efd48 4023a228 fffffbdf 401e652e 401e6525  
I/DEBUG   (  135):     405efd58 4022e3c3 705fce34 41a5c900 41a5c900  
I/DEBUG   (  135):     405efd68 00000000 40207078 705fce34 401dd2e1  
I/DEBUG   (  135):     405efd78 400bca94 0000941c 400c0030 00000000  
I/DEBUG   (  135):     405efd88 400bd326 400bc188 41a5c610 41a5c670  
I/DEBUG   (  135):     405efd98 41a5c610 00000000 c0000000 000000f0  
I/DEBUG   (  135):     405efda8 401e5d78 00000000 000000fb 402003d7  
I/DEBUG   (  135):     405efdb8 405efdcc 4024fef1 402866f4 4025020f  
I/DEBUG   (  135):     405efdc8 402866f4 41a5c318 401e5d78 401ec654  
I/DEBUG   (  135):     405efdd8 401ec654 705fce34 41a5c600 41a5c318  
I/DEBUG   (  135):     405efde8 401e5d78 41a5c900 401ec654 40168220  
I/DEBUG   (  135):     405efdf8 41a5c600 401e2801 40147900 00000017  
I/DEBUG   (  135):     405efe08 00000009 4021c0b1 41a5c318 405efe50  
I/DEBUG   (  135):     405efe18 405efe50 4012685c fffffff8 40168220  
I/DEBUG   (  135): 
I/DEBUG   (  135): code around pc:
I/DEBUG   (  135):     40209724 e000b164 6823461c d1fb2b00 68e3e026  
I/DEBUG   (  135):     40209734 4a17b123 447a2401 47986014 20274911  
I/DEBUG   (  135):     40209744 70082400 eb9ef7fc f7fd2106 a902ed02  
I/DEBUG   (  135):     40209754 f04f2006 460a5380 94029304 f7fd9403  
I/DEBUG   (  135):     40209764 4629e8e8 20024622 e8f0f7fd eb8af7fc  
I/DEBUG   (  135):     40209774 f7fd2106 2001ecee e8aaf7fc 2a006962  
I/DEBUG   (  135):     40209784 e7d4d1dc deadbaad 0002d852 00030b36  
I/DEBUG   (  135):     40209794 00030b1a 2400b510 aa04b088 46699002  
I/DEBUG   (  135):     402097a4 94014620 94039400 e848f7fd bfb842a0  
I/DEBUG   (  135):     402097b4 db054620 b1139b07 1c489906 98069006  
I/DEBUG   (  135):     402097c4 bd10b008 4604b510 e9def7fc d10542a0  
I/DEBUG   (  135):     402097d4 447b4b04 6018681b bd102000 30fff04f  
I/DEBUG   (  135):     402097e4 bf00bd10 0002d786 460db538 481eb928  
I/DEBUG   (  135):     402097f4 f7fc4478 2800eddc b9fdd130 2102481b  
I/DEBUG   (  135):     40209804 f0014478 2800faaa db274604 f7fc4629  
I/DEBUG   (  135):     40209814 2800ec66 2101db0b f7fc4620 2800ec60  
I/DEBUG   (  135): 
I/DEBUG   (  135): code around lr:
I/DEBUG   (  135):     4020d068 41f0e92d 4c0b2600 447c4680 68a56824  
I/DEBUG   (  135):     4020d078 e0076867 300cf9b5 dd022b00 47c04628  
I/DEBUG   (  135):     4020d088 35544306 d5f53f01 2c006824 4630d1ef  
I/DEBUG   (  135):     4020d098 81f0e8bd 00029f12 43f0e92d fb01461f  
I/DEBUG   (  135):     4020d0a8 f8dff602 b0878058 44f8460c 8000f8d8  
I/DEBUG   (  135):     4020d0b8 9001a901 f8d84615 20013000 96059602  
I/DEBUG   (  135):     4020d0c8 90049103 4638b113 fa35f7ff a9034638  
I/DEBUG   (  135):     4020d0d8 fe9bf7ff 2000f8d8 b1124681 f7ff4638  
I/DEBUG   (  135):     4020d0e8 f1b9fa37 d0050f00 46219d05 f01a1b70  
I/DEBUG   (  135):     4020d0f8 4605eca0 b0074628 83f0e8bd 00029e8a  
I/DEBUG   (  135):     4020d108 1e4b6841 2b006043 f000da01 6803bbb1  
I/DEBUG   (  135):     4020d118 2b01f813 46106003 00004770 4604b570  
I/DEBUG   (  135):     4020d128 447e4e0d 68336836 f7ffb10b 6861fa04  
I/DEBUG   (  135):     4020d138 60601e48 bfa22800 f8106820 60205b01  
I/DEBUG   (  135):     4020d148 4620da03 fb94f000 68324605 4620b112  
I/DEBUG   (  135):     4020d158 f9fef7ff bd704628 00029e12 447b4b07  
I/DEBUG   (  135): 
I/DEBUG   (  135): memory map around fault addr deadbaad:
I/DEBUG   (  135):     bee18000-bee39000 [stack]
I/DEBUG   (  135):     (no map for address)
I/DEBUG   (  135):     ffff0000-ffff1000 [vectors]
I/mediaserver(  140): ServiceManager: 0x41ba9e30
I/AudioFlinger(  140): Using default 3000 mSec as standby time.
I/CameraService(  140): CameraService started (pid=140)
I/AudioPolicyManagerBase(  140): loadAudioPolicyConfig() loaded /system/etc/audio_policy.conf
E/audio_hw_primary(  140): Unable to locate all mixer controls, aborting.
E/AudioFlinger(  140): int android::load_audio_interface(char const*, audio_hw_device_t**) couldn't open audio hw device in audio.primary (Invalid argument)
I/AudioFlinger(  140): loadHwModule() error -22 loading module primary 
W/AudioPolicyManagerBase(  140): could not open HW module primary
I/audio_a2dp_hw(  140): adev_open:  adev_open in A2dp_hw module
I/AudioFlinger(  140): loadHwModule() Loaded a2dp audio interface from A2DP Audio HW HAL (audio) handle 1
I/AudioFlinger(  140): loadHwModule() Loaded usb audio interface from USB audio HW HAL (audio) handle 2
E/AudioPolicyManagerBase(  140): Not output found for attached devices 00000003
E/AudioPolicyManagerBase(  140): Failed to open primary output
E/AudioPolicyManagerBase(  140): getDeviceForStrategy() speaker device not found for STRATEGY_SONIFICATION
E/AudioPolicyManagerBase(  140): getDeviceForStrategy() speaker device not found for STRATEGY_SONIFICATION
E/AudioPolicyService(  140): couldn't init_check the audio policy (No such device)
D/AndroidRuntime(  245): 
D/AndroidRuntime(  245): >>>>>> AndroidRuntime START com.android.internal.os.ZygoteInit <<<<<<
D/AndroidRuntime(  245): CheckJNI is OFF
D/dalvikvm(  245): DexOpt: --- BEGIN 'core.jar' (bootstrap=1) ---
D/MDnsDS  (  134): MDnsSdListener::Hander starting up
D/MDnsDS  (  134): MDnsSdListener starting to monitor
D/MDnsDS  (  134): Going to poll with pollCount 1
D/dalvikvm(  339): Ignoring duplicate verify attempt on Ljava/lang/Object;
D/dalvikvm(  339): Ignoring duplicate verify attempt on Ljava/lang/Class;
D/dalvikvm(  339): Ignoring duplicate verify attempt on Ljava/lang/ref/Reference;
D/dalvikvm(  339): Ignoring duplicate verify attempt on Ljava/lang/ref/ReferenceQueue;
D/dalvikvm(  339): Ignoring duplicate verify attempt on Ljava/lang/ref/FinalizerReference;
D/dalvikvm(  339): DexOpt: load 49ms, verify+opt 786ms, 1615612 bytes
D/dalvikvm(  245): DexOpt: --- END 'core.jar' (success) ---
D/dalvikvm(  245): DEX prep '/system/framework/core.jar': unzip in 114ms, rewrite 1384ms
D/dalvikvm(  245): DexOpt: --- BEGIN 'core-junit.jar' (bootstrap=1) ---
D/dalvikvm(  361): DexOpt: load 2ms, verify+opt 6ms, 140460 bytes
D/dalvikvm(  245): DexOpt: --- END 'core-junit.jar' (success) ---
D/dalvikvm(  245): DEX prep '/system/framework/core-junit.jar': unzip in 0ms, rewrite 46ms
D/dalvikvm(  245): DexOpt: --- BEGIN 'bouncycastle.jar' (bootstrap=1) ---
D/dalvikvm(  362): DexOpt: load 17ms, verify+opt 278ms, 670940 bytes
D/dalvikvm(  245): DexOpt: --- END 'bouncycastle.jar' (success) ---
D/dalvikvm(  245): DEX prep '/system/framework/bouncycastle.jar': unzip in 24ms, rewrite 484ms
D/dalvikvm(  245): DexOpt: --- BEGIN 'ext.jar' (bootstrap=1) ---
D/dalvikvm(  363): DexOpt: load 25ms, verify+opt 411ms, 940516 bytes
D/dalvikvm(  245): DexOpt: --- END 'ext.jar' (success) ---
D/dalvikvm(  245): DEX prep '/system/framework/ext.jar': unzip in 35ms, rewrite 698ms
D/dalvikvm(  245): DexOpt: --- BEGIN 'framework.jar' (bootstrap=1) ---
D/dalvikvm(  365): Note: class Landroid/app/ActivityManagerNative; has 157 unimplemented (abstract) methods
D/dalvikvm(  365): Note: class Landroid/opengl/GLWrapperBase; has 250 unimplemented (abstract) methods
I/SurfaceFlinger(  367): SurfaceFlinger is starting
I/SurfaceFlinger(  367): SurfaceFlinger's main thread ready to run. Initializing graphics H/W...
D/libEGL  (  367): loaded /vendor/lib/egl/libEGL_POWERVR_SGX540_120.so
D/libEGL  (  367): loaded /vendor/lib/egl/libGLESv1_CM_POWERVR_SGX540_120.so
D/libEGL  (  367): loaded /vendor/lib/egl/libGLESv2_POWERVR_SGX540_120.so
E/IMGSRV  (  367): :0: OpenServices: Cannot open device driver /dev/pvrsrvkm.
E/IMGSRV  (  367): :0: PVRSRVConnect: Unable to open connection.
E/IMGSRV  (  367): :0: Couldn't connect to services
W/libEGL  (  367): eglInitialize(0x1) failed (EGL_BAD_ALLOC)
E/IMGSRV  (  367): :0: OpenServices: Cannot open device driver /dev/pvrsrvkm.
E/IMGSRV  (  367): :0: PVRSRVConnect: Unable to open connection.
E/IMGSRV  (  367): :0: OpenPVRServices: Failed to open services connection
E/IMGSRV  (  367): :0: hal_init: Failed to open services (err=-14)
E/IMGSRV  (  367): :0: hal_open: Graphics HAL not initialized
E/SurfaceFlinger(  367): framebuffer_open failed (Not a typewriter)
E/ti_hwc  (  367): Framebuffer HAL not opened before HWC
E/SurfaceFlinger(  367): composer device failed to initialize (Bad address)
E/SurfaceFlinger(  367): ERROR: failed to open framebuffer, aborting
F/libc    (  367): Fatal signal 11 (SIGSEGV) at 0xdeadbaad (code=1), thread 368 (SurfaceFlinger)
I/DEBUG   (  135): *** *** *** *** *** *** *** *** *** *** *** *** *** *** *** ***
I/DEBUG   (  135): Build fingerprint: 'google/yakju/maguro:4.2.2/JDQ39/573038:user/release-keys'
I/DEBUG   (  135): Revision: '16'
I/DEBUG   (  135): pid: 367, tid: 368, name: SurfaceFlinger  >>> /system/bin/surfaceflinger <<<
I/DEBUG   (  135): signal 11 (SIGSEGV), code 1 (SEGV_MAPERR), fault addr deadbaad
I/DEBUG   (  135):     r0 00000027  r1 deadbaad  r2 40182258  r3 00000000
I/DEBUG   (  135):     r4 00000000  r5 40733d4c  r6 40182228  r7 00000000
I/DEBUG   (  135):     r8 00000000  r9 00000000  sl 401b9d6d  fp 00100000
I/DEBUG   (  135):     ip 40130e18  sp 40733d48  lr 40155089  pc 40151746  cpsr 60070030
I/DEBUG   (  135):     d0  656c696166203a62  d1  65706f206f74206f
I/DEBUG   (  135):     d2  62656d6172662072  d3  61202c7265666674
I/DEBUG   (  135):     d4  4007e2184007e208  d5  4007e6784007e228
I/DEBUG   (  135):     d6  4007ead84007eac8  d7  4007eaf84007eae8
I/DEBUG   (  135):     d8  0000000000000000  d9  0000000000000000
I/DEBUG   (  135):     d10 0000000000000000  d11 0000000000000000
I/DEBUG   (  135):     d12 0000000000000000  d13 0000000000000000
I/DEBUG   (  135):     d14 0000000000000000  d15 0000000000000000
I/DEBUG   (  135):     d16 4164da1e13439581  d17 3f50624dd2f1a9fc
I/DEBUG   (  135):     d18 41cbca23ed000000  d19 0000000000000000
I/DEBUG   (  135):     d20 0000000000000000  d21 0000000000000000
I/DEBUG   (  135):     d22 0000000000000000  d23 0000000000000000
I/DEBUG   (  135):     d24 0000000000000000  d25 0000000000000000
I/DEBUG   (  135):     d26 0000000000000000  d27 0000000000000000
I/DEBUG   (  135):     d28 0000000000000000  d29 0000000000000000
I/DEBUG   (  135):     d30 0000000000000000  d31 0000000000000000
I/DEBUG   (  135):     scr 00000010
I/DEBUG   (  135): 
I/DEBUG   (  135): backtrace:
I/DEBUG   (  135):     #00  pc 0001a746  /system/lib/libc.so
I/DEBUG   (  135):     #01  pc 00018074  /system/lib/libc.so (abort+4)
I/DEBUG   (  135):     #02  pc 000232dd  /system/lib/libsurfaceflinger.so (android::HWComposer::HWComposer(android::sp<android::SurfaceFlinger> const&, android::HWComposer::EventHandler&)+284)
I/DEBUG   (  135):     #03  pc 000287fd  /system/lib/libsurfaceflinger.so (android::SurfaceFlinger::readyToRun()+64)
I/DEBUG   (  135):     #04  pc 00011275  /system/lib/libutils.so (android::Thread::_threadLoop(void*)+72)
I/DEBUG   (  135):     #05  pc 00010e05  /system/lib/libutils.so
I/DEBUG   (  135):     #06  pc 0000e418  /system/lib/libc.so (__thread_entry+72)
I/DEBUG   (  135):     #07  pc 0000db0c  /system/lib/libc.so (pthread_create+168)
I/DEBUG   (  135): 
I/DEBUG   (  135): stack:
I/DEBUG   (  135):          40733d08  405b13e0  
I/DEBUG   (  135):          40733d0c  00000000  
I/DEBUG   (  135):          40733d10  4044f888  /system/vendor/lib/hw/gralloc.omap4.so
I/DEBUG   (  135):          40733d14  40451468  /system/vendor/lib/hw/gralloc.omap4.so
I/DEBUG   (  135):          40733d18  40451c55  /system/vendor/lib/hw/gralloc.omap4.so
I/DEBUG   (  135):          40733d1c  4012958e  /system/lib/libsurfaceflinger.so
I/DEBUG   (  135):          40733d20  4017f24c  /system/lib/libc.so
I/DEBUG   (  135):          40733d24  4017f1b4  /system/lib/libc.so
I/DEBUG   (  135):          40733d28  00000000  
I/DEBUG   (  135):          40733d2c  40155089  /system/lib/libc.so (_fwalk+32)
I/DEBUG   (  135):          40733d30  00000001  
I/DEBUG   (  135):          40733d34  40733d4c  
I/DEBUG   (  135):          40733d38  40182228  
I/DEBUG   (  135):          40733d3c  00000000  
I/DEBUG   (  135):          40733d40  df0027ad  
I/DEBUG   (  135):          40733d44  00000000  
I/DEBUG   (  135):     #00  40733d48  40182228  
I/DEBUG   (  135):          40733d4c  fffffbdf  
I/DEBUG   (  135):          40733d50  4012952e  /system/lib/libsurfaceflinger.so
I/DEBUG   (  135):          40733d54  40129525  /system/lib/libsurfaceflinger.so
I/DEBUG   (  135):          40733d58  401763c3  /system/lib/libc.so
I/DEBUG   (  135):          40733d5c  12ddefac  
I/DEBUG   (  135):          40733d60  405b19b0  
I/DEBUG   (  135):          40733d64  405b19b0  
I/DEBUG   (  135):          40733d68  00000000  
I/DEBUG   (  135):          40733d6c  4014f078  /system/lib/libc.so (__pthread_clone)
I/DEBUG   (  135):     #01  40733d70  12ddefac  
I/DEBUG   (  135):          40733d74  401202e1  /system/lib/libsurfaceflinger.so (android::HWComposer::HWComposer(android::sp<android::SurfaceFlinger> const&, android::HWComposer::EventHandler&)+288)
I/DEBUG   (  135):     #02  40733d78  4032ea94  /system/vendor/lib/libIMGegl.so
I/DEBUG   (  135):          40733d7c  0000941c  
I/DEBUG   (  135):          40733d80  40360030  /system/vendor/lib/libsrv_um.so
I/DEBUG   (  135):          40733d84  00000000  
I/DEBUG   (  135):          40733d88  4032f326  /system/vendor/lib/libIMGegl.so
I/DEBUG   (  135):          40733d8c  4032e188  /system/vendor/lib/libIMGegl.so
I/DEBUG   (  135):          40733d90  405b1738  
I/DEBUG   (  135):          40733d94  405b1700  
I/DEBUG   (  135):          40733d98  405b1738  
I/DEBUG   (  135):          40733d9c  00000000  
I/DEBUG   (  135):          40733da0  c0000000  
I/DEBUG   (  135):          40733da4  000000f0  
I/DEBUG   (  135):          40733da8  40128d78  /system/lib/libsurfaceflinger.so
I/DEBUG   (  135):          40733dac  00000000  
I/DEBUG   (  135):          40733db0  000000fb  
I/DEBUG   (  135):          40733db4  401483d7  /system/lib/libc.so (dlmalloc+5170)
I/DEBUG   (  135):          ........  ........
I/DEBUG   (  135): 
I/DEBUG   (  135): memory near r2:
I/DEBUG   (  135):     40182238 00000000 00000000 00000000 00000000  
I/DEBUG   (  135):     40182248 00000000 00000000 00000000 00000000  
I/DEBUG   (  135):     40182258 00000001 00000000 00000000 00000000  
I/DEBUG   (  135):     40182268 00000000 00000000 00000000 00000000  
I/DEBUG   (  135):     40182278 00000000 00000000 00000000 00000000  
I/DEBUG   (  135):     40182288 00000000 00000000 00000000 00000000  
I/DEBUG   (  135):     40182298 00000000 00000000 00a6d0f0 00000000  
I/DEBUG   (  135):     401822a8 00000000 00000000 00004000 00000000  
I/DEBUG   (  135):     401822b8 00000000 00000000 00004000 00000000  
I/DEBUG   (  135):     401822c8 00000000 00000000 00004000 00000000  
I/DEBUG   (  135):     401822d8 00000000 00000000 00004000 00000000  
I/DEBUG   (  135):     401822e8 00000000 00000000 00004000 00000000  
I/DEBUG   (  135):     401822f8 00000000 00000000 00004000 00000000  
I/DEBUG   (  135):     40182308 00000000 00000000 00004000 00000000  
I/DEBUG   (  135):     40182318 00000000 00000000 00004000 00000000  
I/DEBUG   (  135):     40182328 00000000 00000000 00004000 00000000  
I/DEBUG   (  135): 
I/DEBUG   (  135): memory near r5:
I/DEBUG   (  135):     40733d2c 40155089 00000001 40733d4c 40182228  
I/DEBUG   (  135):     40733d3c 00000000 df0027ad 00000000 40182228  
I/DEBUG   (  135):     40733d4c fffffbdf 4012952e 40129525 401763c3  
I/DEBUG   (  135):     40733d5c 12ddefac 405b19b0 405b19b0 00000000  
I/DEBUG   (  135):     40733d6c 4014f078 12ddefac 401202e1 4032ea94  
I/DEBUG   (  135):     40733d7c 0000941c 40360030 00000000 4032f326  
I/DEBUG   (  135):     40733d8c 4032e188 405b1738 405b1700 405b1738  
I/DEBUG   (  135):     40733d9c 00000000 c0000000 000000f0 40128d78  
I/DEBUG   (  135):     40733dac 00000000 000000fb 401483d7 40733dcc  
I/DEBUG   (  135):     40733dbc 401f3ef1 4022a6f4 401f420f 4022a6f4  
I/DEBUG   (  135):     40733dcc 405b13a8 40128d78 4012f654 4012f654  
I/DEBUG   (  135):     40733ddc 12ddefac 405b1690 405b13a8 40128d78  
I/DEBUG   (  135):     40733dec 405b19b0 4012f654 400f9220 405b1690  
I/DEBUG   (  135):     40733dfc 40125801 40026900 00000017 00000009  
I/DEBUG   (  135):     40733e0c 401640b1 405b13a8 40733e50 40733e50  
I/DEBUG   (  135):     40733e1c 401bf85c fffffff8 400f9220 405b1690  
I/DEBUG   (  135): 
I/DEBUG   (  135): memory near r6:
I/DEBUG   (  135):     40182208 00000000 00000000 00000000 00000000  
I/DEBUG   (  135):     40182218 00000000 00000000 00000000 00000000  
I/DEBUG   (  135):     40182228 12ddefac 00000000 00000000 00000000  
I/DEBUG   (  135):     40182238 00000000 00000000 00000000 00000000  
I/DEBUG   (  135):     40182248 00000000 00000000 00000000 00000000  
I/DEBUG   (  135):     40182258 00000001 00000000 00000000 00000000  
I/DEBUG   (  135):     40182268 00000000 00000000 00000000 00000000  
I/DEBUG   (  135):     40182278 00000000 00000000 00000000 00000000  
I/DEBUG   (  135):     40182288 00000000 00000000 00000000 00000000  
I/DEBUG   (  135):     40182298 00000000 00000000 00a6d0f0 00000000  
I/DEBUG   (  135):     401822a8 00000000 00000000 00004000 00000000  
I/DEBUG   (  135):     401822b8 00000000 00000000 00004000 00000000  
I/DEBUG   (  135):     401822c8 00000000 00000000 00004000 00000000  
I/DEBUG   (  135):     401822d8 00000000 00000000 00004000 00000000  
I/DEBUG   (  135):     401822e8 00000000 00000000 00004000 00000000  
I/DEBUG   (  135):     401822f8 00000000 00000000 00004000 00000000  
I/DEBUG   (  135): 
I/DEBUG   (  135): memory near sl:
I/DEBUG   (  135):     401b9d4c d0020f00 f8c99905 20011000 e8bdb00d  
I/DEBUG   (  135):     401b9d5c bf008ff0 0000006f 00005c43 00005c52  
I/DEBUG   (  135):     401b9d6c e890b5f7 68c400e0 eb1cf7fb 463a2000  
I/DEBUG   (  135):     401b9d7c f7fb4601 4821ec98 44784921 f7fb4479  
I/DEBUG   (  135):     401b9d8c 4820ec98 78034478 2f09b16b f7fbdd03  
I/DEBUG   (  135):     401b9d9c 2100ec48 f117e005 db040f0f ec40f7fb  
I/DEBUG   (  135):     401b9dac f7fb2101 2300ec8c 461a4620 e022b93c  
I/DEBUG   (  135):     401b9dbc d0032f2e bf082f40 e0002201 46012301  
I/DEBUG   (  135):     401b9dcc 7b01f810 d1f32f00 ebc43200 bf180101  
I/DEBUG   (  135):     401b9ddc 290e2201 f042bfd8 b9120201 1861390f  
I/DEBUG   (  135):     401b9dec 4621b903 200f2200 46139200 ec6cf7fb  
I/DEBUG   (  135):     401b9dfc f7fb4620 4630eade bdfe47a8 0000933e  
I/DEBUG   (  135):     401b9e0c fffffead 00009280 ba7af004 9c04b513  
I/DEBUG   (  135):     401b9e1c 9c059400 4c029401 6824447c bd1c47a0  
I/DEBUG   (  135):     401b9e2c 000091f0 4614b513 23004a05 0018e88d  
I/DEBUG   (  135):     401b9e3c f7ff447a 3000ffeb 2001bf18 bf00bd1c  
I/DEBUG   (  135): 
I/DEBUG   (  135): memory near fp:
I/DEBUG   (  135):     000fffe0 ffffffff ffffffff ffffffff ffffffff  
I/DEBUG   (  135):     000ffff0 ffffffff ffffffff ffffffff ffffffff  
I/DEBUG   (  135):     00100000 ffffffff ffffffff ffffffff ffffffff  
I/DEBUG   (  135):     00100010 ffffffff ffffffff ffffffff ffffffff  
I/DEBUG   (  135):     00100020 ffffffff ffffffff ffffffff ffffffff  
I/DEBUG   (  135):     00100030 ffffffff ffffffff ffffffff ffffffff  
I/DEBUG   (  135):     00100040 ffffffff ffffffff ffffffff ffffffff  
I/DEBUG   (  135):     00100050 ffffffff ffffffff ffffffff ffffffff  
I/DEBUG   (  135):     00100060 ffffffff ffffffff ffffffff ffffffff  
I/DEBUG   (  135):     00100070 ffffffff ffffffff ffffffff ffffffff  
I/DEBUG   (  135):     00100080 ffffffff ffffffff ffffffff ffffffff  
I/DEBUG   (  135):     00100090 ffffffff ffffffff ffffffff ffffffff  
I/DEBUG   (  135):     001000a0 ffffffff ffffffff ffffffff ffffffff  
I/DEBUG   (  135):     001000b0 ffffffff ffffffff ffffffff ffffffff  
I/DEBUG   (  135):     001000c0 ffffffff ffffffff ffffffff ffffffff  
I/DEBUG   (  135):     001000d0 ffffffff ffffffff ffffffff ffffffff  
I/DEBUG   (  135): 
I/DEBUG   (  135): memory near ip:
I/DEBUG   (  135):     40130df8 40143f69 40143f55 401f57ed 4014de2c  
I/DEBUG   (  135):     40130e08 402d7d9d 40145424 40064421 4015890d  
I/DEBUG   (  135):     40130e18 4014f070 401a0ad0 401b9f8d 4014f965  
I/DEBUG   (  135):     40130e28 4015bfd1 4014fa51 401b8731 4015c1df  
I/DEBUG   (  135):     40130e38 401bd37d 402fe121 401bdfa1 402c4c11  
I/DEBUG   (  135):     40130e48 401bdd21 401bd943 40300ea9 401bd90f  
I/DEBUG   (  135):     40130e58 40305e5d 4014fab0 4030122d 40301111  
I/DEBUG   (  135):     40130e68 401f5381 4018c8e9 401f53e5 401f5575  
I/DEBUG   (  135):     40130e78 4018c8f7 401f588d 4006441d 402d9a07  
I/DEBUG   (  135):     40130e88 402da635 402da6b3 402d9985 402da66d  
I/DEBUG   (  135):     40130e98 402d9c8f 402d9c93 402aa1c4 402aa5e4  
I/DEBUG   (  135):     40130ea8 402aad80 401bb239 40062e40 401b8753  
I/DEBUG   (  135):     40130eb8 400ee0a5 400ee011 400edf51 401bade9  
I/DEBUG   (  135):     40130ec8 402c5eb1 401b87ef 401f5345 402abcc0  
I/DEBUG   (  135):     40130ed8 401f5cad 402aa994 402aac60 402aad98  
I/DEBUG   (  135):     40130ee8 402aae74 402ab498 402ab468 402ab4b0  
I/DEBUG   (  135): 
I/DEBUG   (  135): memory near sp:
I/DEBUG   (  135):     40733d28 00000000 40155089 00000001 40733d4c  
I/DEBUG   (  135):     40733d38 40182228 00000000 df0027ad 00000000  
I/DEBUG   (  135):     40733d48 40182228 fffffbdf 4012952e 40129525  
I/DEBUG   (  135):     40733d58 401763c3 12ddefac 405b19b0 405b19b0  
I/DEBUG   (  135):     40733d68 00000000 4014f078 12ddefac 401202e1  
I/DEBUG   (  135):     40733d78 4032ea94 0000941c 40360030 00000000  
I/DEBUG   (  135):     40733d88 4032f326 4032e188 405b1738 405b1700  
I/DEBUG   (  135):     40733d98 405b1738 00000000 c0000000 000000f0  
I/DEBUG   (  135):     40733da8 40128d78 00000000 000000fb 401483d7  
I/DEBUG   (  135):     40733db8 40733dcc 401f3ef1 4022a6f4 401f420f  
I/DEBUG   (  135):     40733dc8 4022a6f4 405b13a8 40128d78 4012f654  
I/DEBUG   (  135):     40733dd8 4012f654 12ddefac 405b1690 405b13a8  
I/DEBUG   (  135):     40733de8 40128d78 405b19b0 4012f654 400f9220  
I/DEBUG   (  135):     40733df8 405b1690 40125801 40026900 00000017  
I/DEBUG   (  135):     40733e08 00000009 401640b1 405b13a8 40733e50  
I/DEBUG   (  135):     40733e18 40733e50 401bf85c fffffff8 400f9220  
I/DEBUG   (  135): 
I/DEBUG   (  135): code around pc:
I/DEBUG   (  135):     40151724 e000b164 6823461c d1fb2b00 68e3e026  
I/DEBUG   (  135):     40151734 4a17b123 447a2401 47986014 20274911  
I/DEBUG   (  135):     40151744 70082400 eb9ef7fc f7fd2106 a902ed02  
I/DEBUG   (  135):     40151754 f04f2006 460a5380 94029304 f7fd9403  
I/DEBUG   (  135):     40151764 4629e8e8 20024622 e8f0f7fd eb8af7fc  
I/DEBUG   (  135):     40151774 f7fd2106 2001ecee e8aaf7fc 2a006962  
I/DEBUG   (  135):     40151784 e7d4d1dc deadbaad 0002d852 00030b36  
I/DEBUG   (  135):     40151794 00030b1a 2400b510 aa04b088 46699002  
I/DEBUG   (  135):     401517a4 94014620 94039400 e848f7fd bfb842a0  
I/DEBUG   (  135):     401517b4 db054620 b1139b07 1c489906 98069006  
I/DEBUG   (  135):     401517c4 bd10b008 4604b510 e9def7fc d10542a0  
I/DEBUG   (  135):     401517d4 447b4b04 6018681b bd102000 30fff04f  
I/DEBUG   (  135):     401517e4 bf00bd10 0002d786 460db538 481eb928  
I/DEBUG   (  135):     401517f4 f7fc4478 2800eddc b9fdd130 2102481b  
I/DEBUG   (  135):     40151804 f0014478 2800faaa db274604 f7fc4629  
I/DEBUG   (  135):     40151814 2800ec66 2101db0b f7fc4620 2800ec60  
I/DEBUG   (  135): 
I/DEBUG   (  135): code around lr:
I/DEBUG   (  135):     40155068 41f0e92d 4c0b2600 447c4680 68a56824  
I/DEBUG   (  135):     40155078 e0076867 300cf9b5 dd022b00 47c04628  
I/DEBUG   (  135):     40155088 35544306 d5f53f01 2c006824 4630d1ef  
I/DEBUG   (  135):     40155098 81f0e8bd 00029f12 43f0e92d fb01461f  
I/DEBUG   (  135):     401550a8 f8dff602 b0878058 44f8460c 8000f8d8  
I/DEBUG   (  135):     401550b8 9001a901 f8d84615 20013000 96059602  
I/DEBUG   (  135):     401550c8 90049103 4638b113 fa35f7ff a9034638  
I/DEBUG   (  135):     401550d8 fe9bf7ff 2000f8d8 b1124681 f7ff4638  
I/DEBUG   (  135):     401550e8 f1b9fa37 d0050f00 46219d05 f01a1b70  
I/DEBUG   (  135):     401550f8 4605eca0 b0074628 83f0e8bd 00029e8a  
I/DEBUG   (  135):     40155108 1e4b6841 2b006043 f000da01 6803bbb1  
I/DEBUG   (  135):     40155118 2b01f813 46106003 00004770 4604b570  
I/DEBUG   (  135):     40155128 447e4e0d 68336836 f7ffb10b 6861fa04  
I/DEBUG   (  135):     40155138 60601e48 bfa22800 f8106820 60205b01  
I/DEBUG   (  135):     40155148 4620da03 fb94f000 68324605 4620b112  
I/DEBUG   (  135):     40155158 f9fef7ff bd704628 00029e12 447b4b07  
I/DEBUG   (  135): 
I/DEBUG   (  135): memory map around fault addr deadbaad:
I/DEBUG   (  135):     bed62000-bed83000 [stack]
I/DEBUG   (  135):     (no map for address)
I/DEBUG   (  135):     ffff0000-ffff1000 [vectors]
D/AndroidRuntime(  369): 
D/AndroidRuntime(  369): >>>>>> AndroidRuntime START com.android.internal.os.ZygoteInit <<<<<<
D/AndroidRuntime(  369): CheckJNI is OFF
D/dalvikvm(  369): DexOpt: sleeping on flock(/data/dalvik-cache/system@framework@framework.jar@classes.dex)
D/dalvikvm(  365): DexOpt: load 249ms, verify+opt 2715ms, 5285740 bytes
D/dalvikvm(  369): DexOpt: --- BEGIN 'telephony-common.jar' (bootstrap=1) ---
D/dalvikvm(  372): Note: class Landroid/app/ActivityManagerNative; has 157 unimplemented (abstract) methods
D/dalvikvm(  372): DexOpt: load 24ms, verify+opt 369ms, 1004868 bytes
D/dalvikvm(  369): DexOpt: --- END 'telephony-common.jar' (success) ---
D/dalvikvm(  369): DEX prep '/system/framework/telephony-common.jar': unzip in 28ms, rewrite 930ms
D/dalvikvm(  369): DexOpt: --- BEGIN 'mms-common.jar' (bootstrap=1) ---
D/dalvikvm(  373): DexOpt: load 3ms, verify+opt 46ms, 220548 bytes
D/dalvikvm(  369): DexOpt: --- END 'mms-common.jar' (success) ---
D/dalvikvm(  369): DEX prep '/system/framework/mms-common.jar': unzip in 2ms, rewrite 291ms
D/dalvikvm(  369): DexOpt: --- BEGIN 'android.policy.jar' (bootstrap=1) ---
D/dalvikvm(  374): Note: class Landroid/app/ActivityManagerNative; has 157 unimplemented (abstract) methods
D/dalvikvm(  374): DexOpt: load 55ms, verify+opt 229ms, 1282356 bytes
D/dalvikvm(  369): DexOpt: --- END 'android.policy.jar' (success) ---
D/dalvikvm(  369): DEX prep '/system/framework/android.policy.jar': unzip in 26ms, rewrite 587ms
D/dalvikvm(  369): DexOpt: --- BEGIN 'services.jar' (bootstrap=1) ---
I/SurfaceFlinger(  376): SurfaceFlinger is starting
I/SurfaceFlinger(  376): SurfaceFlinger's main thread ready to run. Initializing graphics H/W...
D/libEGL  (  376): loaded /vendor/lib/egl/libEGL_POWERVR_SGX540_120.so
D/libEGL  (  376): loaded /vendor/lib/egl/libGLESv1_CM_POWERVR_SGX540_120.so
D/libEGL  (  376): loaded /vendor/lib/egl/libGLESv2_POWERVR_SGX540_120.so
E/IMGSRV  (  376): :0: OpenServices: Cannot open device driver /dev/pvrsrvkm.
E/IMGSRV  (  376): :0: PVRSRVConnect: Unable to open connection.
E/IMGSRV  (  376): :0: Couldn't connect to services
W/libEGL  (  376): eglInitialize(0x1) failed (EGL_BAD_ALLOC)
E/IMGSRV  (  376): :0: OpenServices: Cannot open device driver /dev/pvrsrvkm.
E/IMGSRV  (  376): :0: PVRSRVConnect: Unable to open connection.
E/IMGSRV  (  376): :0: OpenPVRServices: Failed to open services connection
E/IMGSRV  (  376): :0: hal_init: Failed to open services (err=-14)
E/IMGSRV  (  376): :0: hal_open: Graphics HAL not initialized
E/SurfaceFlinger(  376): framebuffer_open failed (Not a typewriter)
E/ti_hwc  (  376): Framebuffer HAL not opened before HWC
E/SurfaceFlinger(  376): composer device failed to initialize (Bad address)
E/SurfaceFlinger(  376): ERROR: failed to open framebuffer, aborting
F/libc    (  376): Fatal signal 11 (SIGSEGV) at 0xdeadbaad (code=1), thread 378 (SurfaceFlinger)
I/DEBUG   (  135): *** *** *** *** *** *** *** *** *** *** *** *** *** *** *** ***
I/DEBUG   (  135): Build fingerprint: 'google/yakju/maguro:4.2.2/JDQ39/573038:user/release-keys'
I/DEBUG   (  135): Revision: '16'
I/DEBUG   (  135): pid: 376, tid: 378, name: SurfaceFlinger  >>> /system/bin/surfaceflinger <<<
I/DEBUG   (  135): signal 11 (SIGSEGV), code 1 (SEGV_MAPERR), fault addr deadbaad
I/DEBUG   (  135):     r0 00000027  r1 deadbaad  r2 4014b258  r3 00000000
I/DEBUG   (  135):     r4 00000000  r5 4055ed4c  r6 4014b228  r7 00000000
I/DEBUG   (  135):     r8 00000000  r9 00000000  sl 400e6d6d  fp 00100000
I/DEBUG   (  135):     ip 401dbe18  sp 4055ed48  lr 4011e089  pc 4011a746  cpsr 60070030
I/DEBUG   (  135):     d0  656c696166203a62  d1  65706f206f74206f
I/DEBUG   (  135):     d2  62656d6172662072  d3  61202c7265666674
I/DEBUG   (  135):     d4  41fe238041fe2370  d5  41fe23a041fe2390
I/DEBUG   (  135):     d6  41fe280041fe23b0  d7  41fe2c6041fe2c50
I/DEBUG   (  135):     d8  0000000000000000  d9  0000000000000000
I/DEBUG   (  135):     d10 0000000000000000  d11 0000000000000000
I/DEBUG   (  135):     d12 0000000000000000  d13 0000000000000000
I/DEBUG   (  135):     d14 0000000000000000  d15 0000000000000000
I/DEBUG   (  135):     d16 416d1c43b1a9fbe7  d17 3f50624dd2f1a9fc
I/DEBUG   (  135):     d18 41af42dae0000000  d19 0000000000000000
I/DEBUG   (  135):     d20 0000000000000000  d21 0000000000000000
I/DEBUG   (  135):     d22 0000000000000000  d23 0000000000000000
I/DEBUG   (  135):     d24 0000000000000000  d25 0000000000000000
I/DEBUG   (  135):     d26 0000000000000000  d27 0000000000000000
I/DEBUG   (  135):     d28 0000000000000000  d29 0000000000000000
I/DEBUG   (  135):     d30 0000000000000000  d31 0000000000000000
I/DEBUG   (  135):     scr 00000010
I/DEBUG   (  135): 
I/DEBUG   (  135): backtrace:
I/DEBUG   (  135):     #00  pc 0001a746  /system/lib/libc.so
I/DEBUG   (  135):     #01  pc 00018074  /system/lib/libc.so (abort+4)
I/DEBUG   (  135):     #02  pc 000232dd  /system/lib/libsurfaceflinger.so (android::HWComposer::HWComposer(android::sp<android::SurfaceFlinger> const&, android::HWComposer::EventHandler&)+284)
I/DEBUG   (  135):     #03  pc 000287fd  /system/lib/libsurfaceflinger.so (android::SurfaceFlinger::readyToRun()+64)
I/DEBUG   (  135):     #04  pc 00011275  /system/lib/libutils.so (android::Thread::_threadLoop(void*)+72)
I/DEBUG   (  135):     #05  pc 00010e05  /system/lib/libutils.so
I/DEBUG   (  135):     #06  pc 0000e418  /system/lib/libc.so (__thread_entry+72)
I/DEBUG   (  135):     #07  pc 0000db0c  /system/lib/libc.so (pthread_create+168)
I/DEBUG   (  135): 
I/DEBUG   (  135): stack:
I/DEBUG   (  135):          4055ed08  41fe5350  [heap]
I/DEBUG   (  135):          4055ed0c  00000000  
I/DEBUG   (  135):          4055ed10  40426888  /system/vendor/lib/hw/gralloc.omap4.so
I/DEBUG   (  135):          4055ed14  40428468  /system/vendor/lib/hw/gralloc.omap4.so
I/DEBUG   (  135):          4055ed18  40428c55  /system/vendor/lib/hw/gralloc.omap4.so
I/DEBUG   (  135):          4055ed1c  401d458e  /system/lib/libsurfaceflinger.so
I/DEBUG   (  135):          4055ed20  4014824c  /system/lib/libc.so
I/DEBUG   (  135):          4055ed24  401481b4  /system/lib/libc.so
I/DEBUG   (  135):          4055ed28  00000000  
I/DEBUG   (  135):          4055ed2c  4011e089  /system/lib/libc.so (_fwalk+32)
I/DEBUG   (  135):          4055ed30  00000001  
I/DEBUG   (  135):          4055ed34  4055ed4c  
I/DEBUG   (  135):          4055ed38  4014b228  
I/DEBUG   (  135):          4055ed3c  00000000  
I/DEBUG   (  135):          4055ed40  df0027ad  
I/DEBUG   (  135):          4055ed44  00000000  
I/DEBUG   (  135):     #00  4055ed48  4014b228  
I/DEBUG   (  135):          4055ed4c  fffffbdf  
I/DEBUG   (  135):          4055ed50  401d452e  /system/lib/libsurfaceflinger.so
I/DEBUG   (  135):          4055ed54  401d4525  /system/lib/libsurfaceflinger.so
I/DEBUG   (  135):          4055ed58  4013f3c3  /system/lib/libc.so
I/DEBUG   (  135):          4055ed5c  04748c5c  
I/DEBUG   (  135):          4055ed60  41fe5900  [heap]
I/DEBUG   (  135):          4055ed64  41fe5900  [heap]
I/DEBUG   (  135):          4055ed68  00000000  
I/DEBUG   (  135):          4055ed6c  40118078  /system/lib/libc.so (__pthread_clone)
I/DEBUG   (  135):     #01  4055ed70  04748c5c  
I/DEBUG   (  135):          4055ed74  401cb2e1  /system/lib/libsurfaceflinger.so (android::HWComposer::HWComposer(android::sp<android::SurfaceFlinger> const&, android::HWComposer::EventHandler&)+288)
I/DEBUG   (  135):     #02  4055ed78  403e7a94  /system/vendor/lib/libIMGegl.so
I/DEBUG   (  135):          4055ed7c  0000941c  
I/DEBUG   (  135):          4055ed80  40410030  /system/vendor/lib/libsrv_um.so
I/DEBUG   (  135):          4055ed84  00000000  
I/DEBUG   (  135):          4055ed88  403e8326  /system/vendor/lib/libIMGegl.so
I/DEBUG   (  135):          4055ed8c  403e7188  /system/vendor/lib/libIMGegl.so
I/DEBUG   (  135):          4055ed90  41fe5610  [heap]
I/DEBUG   (  135):          4055ed94  41fe5670  [heap]
I/DEBUG   (  135):          4055ed98  41fe5610  [heap]
I/DEBUG   (  135):          4055ed9c  00000000  
I/DEBUG   (  135):          4055eda0  c0000000  
I/DEBUG   (  135):          4055eda4  000000f0  
I/DEBUG   (  135):          4055eda8  401d3d78  /system/lib/libsurfaceflinger.so
I/DEBUG   (  135):          4055edac  00000000  
I/DEBUG   (  135):          4055edb0  000000fb  
I/DEBUG   (  135):          4055edb4  401113d7  /system/lib/libc.so (dlmalloc+5170)
I/DEBUG   (  135):          ........  ........
I/DEBUG   (  135): 
I/DEBUG   (  135): memory near r2:
I/DEBUG   (  135):     4014b238 00000000 00000000 00000000 00000000  
I/DEBUG   (  135):     4014b248 00000000 00000000 00000000 00000000  
I/DEBUG   (  135):     4014b258 00000001 00000000 00000000 00000000  
I/DEBUG   (  135):     4014b268 00000000 00000000 00000000 00000000  
I/DEBUG   (  135):     4014b278 00000000 00000000 00000000 00000000  
I/DEBUG   (  135):     4014b288 00000000 00000000 00000000 00000000  
I/DEBUG   (  135):     4014b298 00000000 00000000 00e8e21d 00000000  
I/DEBUG   (  135):     4014b2a8 00000000 00000000 00004000 00000000  
I/DEBUG   (  135):     4014b2b8 00000000 00000000 00004000 00000000  
I/DEBUG   (  135):     4014b2c8 00000000 00000000 00004000 00000000  
I/DEBUG   (  135):     4014b2d8 00000000 00000000 00004000 00000000  
I/DEBUG   (  135):     4014b2e8 00000000 00000000 00004000 00000000  
I/DEBUG   (  135):     4014b2f8 00000000 00000000 00004000 00000000  
I/DEBUG   (  135):     4014b308 00000000 00000000 00004000 00000000  
I/DEBUG   (  135):     4014b318 00000000 00000000 00004000 00000000  
I/DEBUG   (  135):     4014b328 00000000 00000000 00004000 00000000  
I/DEBUG   (  135): 
I/DEBUG   (  135): memory near r5:
I/DEBUG   (  135):     4055ed2c 4011e089 00000001 4055ed4c 4014b228  
I/DEBUG   (  135):     4055ed3c 00000000 df0027ad 00000000 4014b228  
I/DEBUG   (  135):     4055ed4c fffffbdf 401d452e 401d4525 4013f3c3  
I/DEBUG   (  135):     4055ed5c 04748c5c 41fe5900 41fe5900 00000000  
I/DEBUG   (  135):     4055ed6c 40118078 04748c5c 401cb2e1 403e7a94  
I/DEBUG   (  135):     4055ed7c 0000941c 40410030 00000000 403e8326  
I/DEBUG   (  135):     4055ed8c 403e7188 41fe5610 41fe5670 41fe5610  
I/DEBUG   (  135):     4055ed9c 00000000 c0000000 000000f0 401d3d78  
I/DEBUG   (  135):     4055edac 00000000 000000fb 401113d7 4055edcc  
I/DEBUG   (  135):     4055edbc 4007cef1 400b36f4 4007d20f 400b36f4  
I/DEBUG   (  135):     4055edcc 41fe5318 401d3d78 401da654 401da654  
