I/DEBUG   (  135):     4055eddc 04748c5c 41fe5600 41fe5318 401d3d78  
I/DEBUG   (  135):     4055edec 41fe5900 401da654 400d5220 41fe5600  
I/DEBUG   (  135):     4055edfc 401d0801 40021900 00000017 00000009  
I/DEBUG   (  135):     4055ee0c 4012d0b1 41fe5318 4055ee50 4055ee50  
I/DEBUG   (  135):     4055ee1c 400ec85c fffffff8 400d5220 41fe5600  
I/DEBUG   (  135): 
I/DEBUG   (  135): memory near r6:
I/DEBUG   (  135):     4014b208 00000000 00000000 00000000 00000000  
I/DEBUG   (  135):     4014b218 00000000 00000000 00000000 00000000  
I/DEBUG   (  135):     4014b228 04748c5c 00000000 00000000 00000000  
I/DEBUG   (  135):     4014b238 00000000 00000000 00000000 00000000  
I/DEBUG   (  135):     4014b248 00000000 00000000 00000000 00000000  
I/DEBUG   (  135):     4014b258 00000001 00000000 00000000 00000000  
I/DEBUG   (  135):     4014b268 00000000 00000000 00000000 00000000  
I/DEBUG   (  135):     4014b278 00000000 00000000 00000000 00000000  
I/DEBUG   (  135):     4014b288 00000000 00000000 00000000 00000000  
I/DEBUG   (  135):     4014b298 00000000 00000000 00e8e21d 00000000  
I/DEBUG   (  135):     4014b2a8 00000000 00000000 00004000 00000000  
I/DEBUG   (  135):     4014b2b8 00000000 00000000 00004000 00000000  
I/DEBUG   (  135):     4014b2c8 00000000 00000000 00004000 00000000  
I/DEBUG   (  135):     4014b2d8 00000000 00000000 00004000 00000000  
I/DEBUG   (  135):     4014b2e8 00000000 00000000 00004000 00000000  
I/DEBUG   (  135):     4014b2f8 00000000 00000000 00004000 00000000  
I/DEBUG   (  135): 
I/DEBUG   (  135): memory near sl:
I/DEBUG   (  135):     400e6d4c d0020f00 f8c99905 20011000 e8bdb00d  
I/DEBUG   (  135):     400e6d5c bf008ff0 0000006f 00005c43 00005c52  
I/DEBUG   (  135):     400e6d6c e890b5f7 68c400e0 eb1cf7fb 463a2000  
I/DEBUG   (  135):     400e6d7c f7fb4601 4821ec98 44784921 f7fb4479  
I/DEBUG   (  135):     400e6d8c 4820ec98 78034478 2f09b16b f7fbdd03  
I/DEBUG   (  135):     400e6d9c 2100ec48 f117e005 db040f0f ec40f7fb  
I/DEBUG   (  135):     400e6dac f7fb2101 2300ec8c 461a4620 e022b93c  
I/DEBUG   (  135):     400e6dbc d0032f2e bf082f40 e0002201 46012301  
I/DEBUG   (  135):     400e6dcc 7b01f810 d1f32f00 ebc43200 bf180101  
I/DEBUG   (  135):     400e6ddc 290e2201 f042bfd8 b9120201 1861390f  
I/DEBUG   (  135):     400e6dec 4621b903 200f2200 46139200 ec6cf7fb  
I/DEBUG   (  135):     400e6dfc f7fb4620 4630eade bdfe47a8 0000933e  
I/DEBUG   (  135):     400e6e0c fffffead 00009280 ba7af004 9c04b513  
I/DEBUG   (  135):     400e6e1c 9c059400 4c029401 6824447c bd1c47a0  
I/DEBUG   (  135):     400e6e2c 000091f0 4614b513 23004a05 0018e88d  
I/DEBUG   (  135):     400e6e3c f7ff447a 3000ffeb 2001bf18 bf00bd1c  
I/DEBUG   (  135): 
I/DEBUG   (  135): memory near fp:
I/DEBUG   (  135):     000fffe0 ffffffff ffffffff ffffffff ffffffff  
I/DEBUG   (  135):     000ffff0 ffffffff ffffffff ffffffff ffffffff  
I/DEBUG   (  135):     00100000 ffffffff ffffffff ffffffff ffffffff  
I/DEBUG   (  135):     00100010 ffffffff ffffffff ffffffff ffffffff  
I/DEBUG   (  135):     00100020 ffffffff ffffffff ffffffff ffffffff  
I/DEBUG   (  135):     00100030 ffffffff ffffffff ffffffff ffffffff  
I/DEBUG   (  135):     00100040 ffffffff ffffffff ffffffff ffffffff  
I/DEBUG   (  135):     00100050 ffffffff ffffffff ffffffff ffffffff  
I/DEBUG   (  135):     00100060 ffffffff ffffffff ffffffff ffffffff  
I/DEBUG   (  135):     00100070 ffffffff ffffffff ffffffff ffffffff  
I/DEBUG   (  135):     00100080 ffffffff ffffffff ffffffff ffffffff  
I/DEBUG   (  135):     00100090 ffffffff ffffffff ffffffff ffffffff  
I/DEBUG   (  135):     001000a0 ffffffff ffffffff ffffffff ffffffff  
I/DEBUG   (  135):     001000b0 ffffffff ffffffff ffffffff ffffffff  
I/DEBUG   (  135):     001000c0 ffffffff ffffffff ffffffff ffffffff  
I/DEBUG   (  135):     001000d0 ffffffff ffffffff ffffffff ffffffff  
I/DEBUG   (  135): 
I/DEBUG   (  135): memory near ip:
I/DEBUG   (  135):     401dbdf8 4010cf69 4010cf55 4007e7ed 40116e2c  
I/DEBUG   (  135):     401dbe08 4029dd9d 4010e424 40172421 4012190d  
I/DEBUG   (  135):     401dbe18 40118070 40166ad0 400e6f8d 40118965  
I/DEBUG   (  135):     401dbe28 40124fd1 40118a51 400e5731 401251df  
I/DEBUG   (  135):     401dbe38 400ea37d 402c1121 400eafa1 4028ac11  
I/DEBUG   (  135):     401dbe48 400ead21 400ea943 402c3ea9 400ea90f  
I/DEBUG   (  135):     401dbe58 402c8e5d 40118ab0 402c422d 402c4111  
I/DEBUG   (  135):     401dbe68 4007e381 400f28e9 4007e3e5 4007e575  
I/DEBUG   (  135):     401dbe78 400f28f7 4007e88d 4017241d 4029fa07  
I/DEBUG   (  135):     401dbe88 402a0635 402a06b3 4029f985 402a066d  
I/DEBUG   (  135):     401dbe98 4029fc8f 4029fc93 4019b1c4 4019b5e4  
I/DEBUG   (  135):     401dbea8 4019bd80 400e8239 40170e40 400e5753  
I/DEBUG   (  135):     401dbeb8 400ca0a5 400ca011 400c9f51 400e7de9  
I/DEBUG   (  135):     401dbec8 4028beb1 400e57ef 4007e345 4019ccc0  
I/DEBUG   (  135):     401dbed8 4007ecad 4019b994 4019bc60 4019bd98  
I/DEBUG   (  135):     401dbee8 4019be74 4019c498 4019c468 4019c4b0  
I/DEBUG   (  135): 
I/DEBUG   (  135): memory near sp:
I/DEBUG   (  135):     4055ed28 00000000 4011e089 00000001 4055ed4c  
I/DEBUG   (  135):     4055ed38 4014b228 00000000 df0027ad 00000000  
I/DEBUG   (  135):     4055ed48 4014b228 fffffbdf 401d452e 401d4525  
I/DEBUG   (  135):     4055ed58 4013f3c3 04748c5c 41fe5900 41fe5900  
I/DEBUG   (  135):     4055ed68 00000000 40118078 04748c5c 401cb2e1  
I/DEBUG   (  135):     4055ed78 403e7a94 0000941c 40410030 00000000  
I/DEBUG   (  135):     4055ed88 403e8326 403e7188 41fe5610 41fe5670  
I/DEBUG   (  135):     4055ed98 41fe5610 00000000 c0000000 000000f0  
I/DEBUG   (  135):     4055eda8 401d3d78 00000000 000000fb 401113d7  
I/DEBUG   (  135):     4055edb8 4055edcc 4007cef1 400b36f4 4007d20f  
I/DEBUG   (  135):     4055edc8 400b36f4 41fe5318 401d3d78 401da654  
I/DEBUG   (  135):     4055edd8 401da654 04748c5c 41fe5600 41fe5318  
I/DEBUG   (  135):     4055ede8 401d3d78 41fe5900 401da654 400d5220  
I/DEBUG   (  135):     4055edf8 41fe5600 401d0801 40021900 00000017  
I/DEBUG   (  135):     4055ee08 00000009 4012d0b1 41fe5318 4055ee50  
I/DEBUG   (  135):     4055ee18 4055ee50 400ec85c fffffff8 400d5220  
I/DEBUG   (  135): 
I/DEBUG   (  135): code around pc:
I/DEBUG   (  135):     4011a724 e000b164 6823461c d1fb2b00 68e3e026  
I/DEBUG   (  135):     4011a734 4a17b123 447a2401 47986014 20274911  
I/DEBUG   (  135):     4011a744 70082400 eb9ef7fc f7fd2106 a902ed02  
I/DEBUG   (  135):     4011a754 f04f2006 460a5380 94029304 f7fd9403  
I/DEBUG   (  135):     4011a764 4629e8e8 20024622 e8f0f7fd eb8af7fc  
I/DEBUG   (  135):     4011a774 f7fd2106 2001ecee e8aaf7fc 2a006962  
I/DEBUG   (  135):     4011a784 e7d4d1dc deadbaad 0002d852 00030b36  
I/DEBUG   (  135):     4011a794 00030b1a 2400b510 aa04b088 46699002  
I/DEBUG   (  135):     4011a7a4 94014620 94039400 e848f7fd bfb842a0  
I/DEBUG   (  135):     4011a7b4 db054620 b1139b07 1c489906 98069006  
I/DEBUG   (  135):     4011a7c4 bd10b008 4604b510 e9def7fc d10542a0  
I/DEBUG   (  135):     4011a7d4 447b4b04 6018681b bd102000 30fff04f  
I/DEBUG   (  135):     4011a7e4 bf00bd10 0002d786 460db538 481eb928  
I/DEBUG   (  135):     4011a7f4 f7fc4478 2800eddc b9fdd130 2102481b  
I/DEBUG   (  135):     4011a804 f0014478 2800faaa db274604 f7fc4629  
I/DEBUG   (  135):     4011a814 2800ec66 2101db0b f7fc4620 2800ec60  
I/DEBUG   (  135): 
I/DEBUG   (  135): code around lr:
I/DEBUG   (  135):     4011e068 41f0e92d 4c0b2600 447c4680 68a56824  
I/DEBUG   (  135):     4011e078 e0076867 300cf9b5 dd022b00 47c04628  
I/DEBUG   (  135):     4011e088 35544306 d5f53f01 2c006824 4630d1ef  
I/DEBUG   (  135):     4011e098 81f0e8bd 00029f12 43f0e92d fb01461f  
I/DEBUG   (  135):     4011e0a8 f8dff602 b0878058 44f8460c 8000f8d8  
I/DEBUG   (  135):     4011e0b8 9001a901 f8d84615 20013000 96059602  
I/DEBUG   (  135):     4011e0c8 90049103 4638b113 fa35f7ff a9034638  
I/DEBUG   (  135):     4011e0d8 fe9bf7ff 2000f8d8 b1124681 f7ff4638  
I/DEBUG   (  135):     4011e0e8 f1b9fa37 d0050f00 46219d05 f01a1b70  
I/DEBUG   (  135):     4011e0f8 4605eca0 b0074628 83f0e8bd 00029e8a  
I/DEBUG   (  135):     4011e108 1e4b6841 2b006043 f000da01 6803bbb1  
I/DEBUG   (  135):     4011e118 2b01f813 46106003 00004770 4604b570  
I/DEBUG   (  135):     4011e128 447e4e0d 68336836 f7ffb10b 6861fa04  
I/DEBUG   (  135):     4011e138 60601e48 bfa22800 f8106820 60205b01  
I/DEBUG   (  135):     4011e148 4620da03 fb94f000 68324605 4620b112  
I/DEBUG   (  135):     4011e158 f9fef7ff bd704628 00029e12 447b4b07  
I/DEBUG   (  135): 
I/DEBUG   (  135): memory map around fault addr deadbaad:
I/DEBUG   (  135):     be7fb000-be81c000 [stack]
I/DEBUG   (  135):     (no map for address)
I/DEBUG   (  135):     ffff0000-ffff1000 [vectors]
D/dalvikvm(  377): Note: class Landroid/app/ActivityManagerNative; has 157 unimplemented (abstract) methods
D/AndroidRuntime(  379): 
D/AndroidRuntime(  379): >>>>>> AndroidRuntime START com.android.internal.os.ZygoteInit <<<<<<
D/AndroidRuntime(  379): CheckJNI is OFF
D/dalvikvm(  379): DexOpt: sleeping on flock(/data/dalvik-cache/system@framework@services.jar@classes.dex)
D/dalvikvm(  377): DexOpt: load 42ms, verify+opt 1031ms, 2139020 bytes
D/dalvikvm(  379): DexOpt: --- BEGIN 'apache-xml.jar' (bootstrap=1) ---
D/dalvikvm(  380): DexOpt: load 28ms, verify+opt 332ms, 836756 bytes
D/dalvikvm(  379): DexOpt: --- END 'apache-xml.jar' (success) ---
D/dalvikvm(  379): DEX prep '/system/framework/apache-xml.jar': unzip in 35ms, rewrite 941ms
D/dalvikvm(  379): Trying to load lib libjavacore.so 0x0
D/dalvikvm(  379): Added shared lib libjavacore.so 0x0
D/dalvikvm(  379): Trying to load lib libnativehelper.so 0x0
D/dalvikvm(  379): Added shared lib libnativehelper.so 0x0
W/dalvikvm(  379): Failed to mount /storage as MS_SLAVE: Invalid argument
I/SamplingProfilerIntegration(  379): Profiling disabled.
I/Zygote  (  379): Preloading classes...
D/dalvikvm(  379): GC_EXPLICIT freed 36K, 9% free 420K/460K, paused 0ms+0ms, total 2ms
D/dalvikvm(  379): GC_EXPLICIT freed 4K, 5% free 490K/512K, paused 0ms+0ms, total 1ms
D/dalvikvm(  379): Note: class Landroid/app/ActivityManagerNative; has 157 unimplemented (abstract) methods
D/dalvikvm(  379): GC_EXPLICIT freed 21K, 5% free 529K/556K, paused 0ms+0ms, total 2ms
D/dalvikvm(  379): GC_EXPLICIT freed 27K, 6% free 556K/588K, paused 0ms+0ms, total 2ms
W/Zygote  (  379): Class not found for preloading: android.bluetooth.BluetoothAudioGateway
W/Zygote  (  379): Class not found for preloading: android.bluetooth.HeadsetBase
W/Zygote  (  379): Class not found for preloading: undroid.content.AbstractThreadedSyncAdapter$SyncThread
D/dalvikvm(  379): GC_EXPLICIT freed 24K, 5% free 605K/632K, paused 0ms+0ms, total 2ms
D/dalvikvm(  379): GC_EXPLICIT freed 26K, 5% free 633K/664K, paused 0ms+1ms, total 3ms
D/dalvikvm(  379): GC_EXPLICIT freed 60K, 8% free 725K/788K, paused 0ms+0ms, total 3ms
D/dalvikvm(  379): GC_EXPLICIT freed 31K, 5% free 750K/788K, paused 1ms+0ms, total 5ms
D/TextLayoutCache(  379): Using debug level = 0 - Debug Enabled = 0
D/dalvikvm(  379): GC_EXPLICIT freed 18K, 3% free 786K/808K, paused 0ms+0ms, total 3ms
I/dalvikvm(  379): threadid=1: recursive native library load attempt (/system/lib/libmedia_jni.so)
D/MtpDeviceJNI(  379): register_android_mtp_MtpDevice
I/dalvikvm(  379): threadid=1: recursive native library load attempt (/system/lib/libmedia_jni.so)
I/dalvikvm(  379): threadid=1: recursive native library load attempt (/system/lib/libmedia_jni.so)
D/dalvikvm(  379): GC_EXPLICIT freed 15K, 3% free 829K/848K, paused 0ms+0ms, total 4ms
D/dalvikvm(  379): GC_EXPLICIT freed 478K, 28% free 1272K/1752K, paused 1ms+1ms, total 8ms
D/dalvikvm(  379): GC_EXPLICIT freed 30K, 26% free 1297K/1752K, paused 0ms+1ms, total 6ms
D/dalvikvm(  379): GC_EXPLICIT freed 12K, 23% free 1359K/1752K, paused 0ms+1ms, total 6ms
W/Zygote  (  379): Class not found for preloading: android.server.BluetoothA2dpService
W/Zygote  (  379): Class not found for preloading: android.server.BluetoothEventLoop
W/Zygote  (  379): Class not found for preloading: android.server.BluetoothService
D/TelephonyManager(  379): /proc/cmdline=console=ttyGS2,115200n8 mem=1G vmalloc=768M vram=16M omapfb.vram=0:8M omap_wdt.timer_margin=30 mmcparts=mmcblk0:p15(splash) androidboot.hardware=viva androidboot.serialno=203C000200000001 androidboot.bootloader=U-Boot_1.1.4-app_hw_platform_ics_ics_Beta_generic_product_global_2012062701^0-dirty androidboot.swtype=normal uboot_version=U9200-1V100R001C00B219_UBOOT androidboot.powerupreason=NORMAL hw_boardid=0x214 hw_test_version=
D/dalvikvm(  379): GC_EXPLICIT freed 31K, 19% free 1423K/1752K, paused 1ms+2ms, total 11ms
D/dalvikvm(  379): GC_EXPLICIT freed 48K, 3% free 1706K/1756K, paused 1ms+1ms, total 10ms
W/Zygote  (  379): Class not found for preloading: android.util.LocaleUtil
D/dalvikvm(  379): GC_EXPLICIT freed 35K, 3% free 1741K/1784K, paused 0ms+1ms, total 9ms
D/dalvikvm(  379): GC_EXPLICIT freed 31K, 3% free 1763K/1800K, paused 1ms+1ms, total 10ms
W/Zygote  (  379): Class not found for preloading: android.view.ViewRootImpl$ResizedInfo
W/Zygote  (  379): Class not found for preloading: android.view.Window$LocalWindowManager
W/Zygote  (  379): Class not found for preloading: android.view.WindowManagerImpl$CompatModeWrapper
D/dalvikvm(  379): GC_EXPLICIT freed 30K, 2% free 1787K/1820K, paused 1ms+1ms, total 10ms
I/dalvikvm(  379): threadid=1: recursive native library load attempt (/system/lib/libwebcore.so)
D/dalvikvm(  379): No JNI_OnLoad found in /system/lib/libchromium_net.so 0x0, skipping init
D/dalvikvm(  379): GC_EXPLICIT freed 22K, 2% free 1821K/1848K, paused 1ms+1ms, total 10ms
D/dalvikvm(  379): GC_EXPLICIT freed 26K, 2% free 1848K/1880K, paused 1ms+1ms, total 11ms
D/dalvikvm(  379): GC_EXPLICIT freed 29K, 2% free 1878K/1912K, paused 1ms+1ms, total 11ms
D/dalvikvm(  379): GC_EXPLICIT freed 27K, 2% free 1906K/1936K, paused 1ms+1ms, total 10ms
D/dalvikvm(  379): GC_EXPLICIT freed 32K, 2% free 1939K/1976K, paused 1ms+1ms, total 10ms
D/dalvikvm(  379): GC_EXPLICIT freed 33K, 2% free 1959K/1996K, paused 1ms+1ms, total 10ms
D/dalvikvm(  379): GC_EXPLICIT freed 34K, 2% free 1982K/2020K, paused 1ms+1ms, total 11ms
D/dalvikvm(  379): GC_EXPLICIT freed 36K, 2% free 2001K/2040K, paused 1ms+1ms, total 11ms
W/Zygote  (  379): Class not found for preloading: java.text.DecimalFormat$1
D/dalvikvm(  379): GC_EXPLICIT freed 40K, 3% free 2017K/2060K, paused 1ms+1ms, total 11ms
W/Zygote  (  379): Class not found for preloading: java.util.concurrent.FutureTask$Sync
W/Zygote  (  379): Class not found for preloading: java.util.concurrent.atomic.UnsafeAccess
W/Zygote  (  379): Class not found for preloading: java.util.concurrent.locks.UnsafeAccess
W/Zygote  (  379): Class not found for preloading: libcore.icu.ErrorCode
I/System  (  379): Loaded time zone names for  in 161ms (158ms in ICU)
I/System  (  379): Loaded time zone names for en_US in 104ms (101ms in ICU)
D/dalvikvm(  379): GC_EXPLICIT freed 362K, 15% free 2109K/2476K, paused 1ms+1ms, total 14ms
D/dalvikvm(  379): GC_EXPLICIT freed 15K, 13% free 2171K/2476K, paused 1ms+2ms, total 13ms
D/dalvikvm(  379): GC_EXPLICIT freed 52K, 12% free 2203K/2476K, paused 1ms+1ms, total 13ms
D/dalvikvm(  379): GC_EXPLICIT freed 29K, 10% free 2229K/2476K, paused 1ms+1ms, total 13ms
D/dalvikvm(  379): GC_EXPLICIT freed 38K, 10% free 2246K/2476K, paused 1ms+1ms, total 13ms
D/dalvikvm(  379): GC_EXPLICIT freed 32K, 9% free 2269K/2476K, paused 1ms+1ms, total 13ms
I/Zygote  (  379): ...preloaded 2541 classes in 1918ms.
D/dalvikvm(  379): GC_EXPLICIT freed 23K, 9% free 2273K/2476K, paused 1ms+1ms, total 13ms
I/Zygote  (  379): Preloading resources...
D/dalvikvm(  379): GC_EXPLICIT freed <1K, 8% free 2341K/2540K, paused 1ms+1ms, total 14ms
D/dalvikvm(  379): GC_EXPLICIT freed 1K, 9% free 2391K/2600K, paused 1ms+2ms, total 14ms
D/dalvikvm(  379): GC_EXPLICIT freed 1K, 8% free 2440K/2640K, paused 1ms+2ms, total 14ms
D/dalvikvm(  379): GC_EXPLICIT freed 1K, 8% free 2490K/2680K, paused 1ms+1ms, total 13ms
D/dalvikvm(  379): GC_EXPLICIT freed 1K, 8% free 2539K/2740K, paused 1ms+1ms, total 13ms
D/dalvikvm(  379): GC_EXPLICIT freed 1K, 7% free 2589K/2780K, paused 1ms+1ms, total 13ms
D/dalvikvm(  379): GC_EXPLICIT freed 1K, 8% free 2638K/2840K, paused 1ms+1ms, total 13ms
D/dalvikvm(  379): GC_EXPLICIT freed 2K, 7% free 2696K/2880K, paused 1ms+1ms, total 13ms
D/dalvikvm(  379): GC_EXPLICIT freed 1K, 6% free 2745K/2920K, paused 1ms+2ms, total 14ms
D/dalvikvm(  379): GC_EXPLICIT freed 1K, 7% free 2794K/2980K, paused 1ms+1ms, total 14ms
D/dalvikvm(  379): GC_EXPLICIT freed 1K, 6% free 2844K/3020K, paused 1ms+1ms, total 14ms
D/dalvikvm(  379): GC_EXPLICIT freed 1K, 7% free 2893K/3080K, paused 1ms+1ms, total 13ms
D/dalvikvm(  379): GC_EXPLICIT freed 1K, 6% free 2943K/3120K, paused 1ms+2ms, total 14ms
D/dalvikvm(  379): GC_EXPLICIT freed 1K, 6% free 2992K/3160K, paused 1ms+1ms, total 13ms
D/dalvikvm(  379): GC_EXPLICIT freed 1K, 6% free 3050K/3228K, paused 1ms+1ms, total 13ms
D/dalvikvm(  379): GC_EXPLICIT freed 1K, 6% free 3104K/3276K, paused 1ms+2ms, total 14ms
D/dalvikvm(  379): GC_EXPLICIT freed 1K, 5% free 3165K/3328K, paused 2ms+1ms, total 14ms
D/dalvikvm(  379): GC_EXPLICIT freed 1K, 6% free 3214K/3388K, paused 1ms+1ms, total 13ms
D/dalvikvm(  379): GC_EXPLICIT freed 1K, 5% free 3264K/3428K, paused 1ms+1ms, total 14ms
D/dalvikvm(  379): GC_EXPLICIT freed 2K, 5% free 3315K/3468K, paused 1ms+2ms, total 14ms
D/dalvikvm(  379): GC_EXPLICIT freed 1K, 5% free 3368K/3528K, paused 2ms+1ms, total 14ms
D/dalvikvm(  379): GC_EXPLICIT freed 1K, 5% free 3416K/3568K, paused 1ms+2ms, total 14ms
D/dalvikvm(  379): GC_EXPLICIT freed 1K, 5% free 3466K/3628K, paused 2ms+1ms, total 14ms
D/dalvikvm(  379): GC_EXPLICIT freed 2K, 5% free 3527K/3676K, paused 1ms+1ms, total 14ms
D/dalvikvm(  379): GC_EXPLICIT freed 2K, 4% free 3581K/3724K, paused 1ms+1ms, total 14ms
D/dalvikvm(  379): GC_EXPLICIT freed 1K, 4% free 3636K/3772K, paused 1ms+1ms, total 13ms
D/dalvikvm(  379): GC_EXPLICIT freed 1K, 4% free 3691K/3836K, paused 1ms+2ms, total 14ms
D/dalvikvm(  379): GC_EXPLICIT freed 1K, 4% free 3745K/3884K, paused 1ms+1ms, total 14ms
D/dalvikvm(  379): GC_EXPLICIT freed 4K, 4% free 3891K/4012K, paused 1ms+1ms, total 14ms
D/dalvikvm(  379): GC_EXPLICIT freed 4K, 3% free 4029K/4140K, paused 2ms+1ms, total 15ms
D/dalvikvm(  379): GC_EXPLICIT freed 2K, 3% free 4115K/4228K, paused 1ms+1ms, total 14ms
D/dalvikvm(  379): GC_EXPLICIT freed 3K, 3% free 4164K/4276K, paused 1ms+1ms, total 14ms
D/dalvikvm(  379): GC_EXPLICIT freed 1K, 3% free 4216K/4308K, paused 1ms+1ms, total 15ms
D/dalvikvm(  379): GC_EXPLICIT freed 4K, 3% free 4285K/4376K, paused 2ms+2ms, total 15ms
D/dalvikvm(  379): GC_EXPLICIT freed 1K, 3% free 4354K/4452K, paused 1ms+1ms, total 14ms
D/dalvikvm(  379): GC_EXPLICIT freed <1K, 3% free 4485K/4588K, paused 1ms+1ms, total 14ms
D/dalvikvm(  379): GC_EXPLICIT freed <1K, 2% free 5586K/5692K, paused 1ms+1ms, total 14ms
D/dalvikvm(  379): GC_EXPLICIT freed 1K, 2% free 5668K/5772K, paused 1ms+1ms, total 15ms
D/dalvikvm(  379): GC_EXPLICIT freed <1K, 2% free 5759K/5864K, paused 1ms+2ms, total 14ms
D/dalvikvm(  379): GC_EXPLICIT freed <1K, 2% free 5849K/5956K, paused 1ms+2ms, total 15ms
D/dalvikvm(  379): GC_EXPLICIT freed 4K, 2% free 7090K/7172K, paused 1ms+2ms, total 15ms
D/dalvikvm(  379): GC_EXPLICIT freed 7K, 1% free 7163K/7208K, paused 2ms+1ms, total 16ms
D/dalvikvm(  379): GC_EXPLICIT freed 7K, 1% free 7217K/7268K, paused 1ms+2ms, total 15ms
D/dalvikvm(  379): GC_EXPLICIT freed 2K, 1% free 7274K/7316K, paused 1ms+1ms, total 16ms
D/dalvikvm(  379): GC_EXPLICIT freed 2K, 1% free 7329K/7364K, paused 1ms+3ms, total 16ms
I/SurfaceFlinger(  385): SurfaceFlinger is starting
I/SurfaceFlinger(  385): SurfaceFlinger's main thread ready to run. Initializing graphics H/W...
D/libEGL  (  385): loaded /vendor/lib/egl/libEGL_POWERVR_SGX540_120.so
D/libEGL  (  385): loaded /vendor/lib/egl/libGLESv1_CM_POWERVR_SGX540_120.so
D/dalvikvm(  379): GC_EXPLICIT freed 3K, 1% free 7377K/7416K, paused 1ms+2ms, total 17ms
D/libEGL  (  385): loaded /vendor/lib/egl/libGLESv2_POWERVR_SGX540_120.so
E/IMGSRV  (  385): :0: OpenServices: Cannot open device driver /dev/pvrsrvkm.
E/IMGSRV  (  385): :0: PVRSRVConnect: Unable to open connection.
E/IMGSRV  (  385): :0: Couldn't connect to services
W/libEGL  (  385): eglInitialize(0x1) failed (EGL_BAD_ALLOC)
E/IMGSRV  (  385): :0: OpenServices: Cannot open device driver /dev/pvrsrvkm.
E/IMGSRV  (  385): :0: PVRSRVConnect: Unable to open connection.
E/IMGSRV  (  385): :0: OpenPVRServices: Failed to open services connection
E/IMGSRV  (  385): :0: hal_init: Failed to open services (err=-14)
E/IMGSRV  (  385): :0: hal_open: Graphics HAL not initialized
E/SurfaceFlinger(  385): framebuffer_open failed (Not a typewriter)
E/ti_hwc  (  385): Framebuffer HAL not opened before HWC
E/SurfaceFlinger(  385): composer device failed to initialize (Bad address)
E/SurfaceFlinger(  385): ERROR: failed to open framebuffer, aborting
F/libc    (  385): Fatal signal 11 (SIGSEGV) at 0xdeadbaad (code=1), thread 386 (SurfaceFlinger)
D/dalvikvm(  379): GC_EXPLICIT freed 2K, 1% free 7430K/7476K, paused 2ms+1ms, total 16ms
D/dalvikvm(  379): GC_EXPLICIT freed 2K, 1% free 7478K/7516K, paused 1ms+2ms, total 15ms
D/dalvikvm(  379): GC_EXPLICIT freed 1K, 1% free 7530K/7556K, paused 1ms+2ms, total 15ms
D/dalvikvm(  379): GC_EXPLICIT freed 2K, 1% free 7579K/7616K, paused 1ms+2ms, total 15ms
D/dalvikvm(  379): GC_EXPLICIT freed 10K, 1% free 7630K/7676K, paused 2ms+2ms, total 16ms
I/DEBUG   (  135): *** *** *** *** *** *** *** *** *** *** *** *** *** *** *** ***
I/DEBUG   (  135): Build fingerprint: 'google/yakju/maguro:4.2.2/JDQ39/573038:user/release-keys'
I/DEBUG   (  135): Revision: '16'
I/DEBUG   (  135): pid: 385, tid: 386, name: SurfaceFlinger  >>> /system/bin/surfaceflinger <<<
I/DEBUG   (  135): signal 11 (SIGSEGV), code 1 (SEGV_MAPERR), fault addr deadbaad
D/dalvikvm(  379): GC_EXPLICIT freed 1K, 1% free 7695K/7732K, paused 1ms+1ms, total 17ms
I/DEBUG   (  135):     r0 00000027  r1 deadbaad  r2 40145258  r3 00000000
I/DEBUG   (  135):     r4 00000000  r5 40589d4c  r6 40145228  r7 00000000
I/DEBUG   (  135):     r8 00000000  r9 00000000  sl 401bfd6d  fp 00100000
I/DEBUG   (  135):     ip 40184e18  sp 40589d48  lr 40118089  pc 40114746  cpsr 60070030
I/DEBUG   (  135):     d0  656c696166203a62  d1  65706f206f74206f
I/DEBUG   (  135):     d2  62656d6172662072  d3  61202c7265666674
I/DEBUG   (  135):     d4  408de380408de370  d5  408de3a0408de390
I/DEBUG   (  135):     d6  408de800408de3b0  d7  408dec60408dec50
I/DEBUG   (  135):     d8  0000000000000000  d9  0000000000000000
I/DEBUG   (  135):     d10 0000000000000000  d11 0000000000000000
I/DEBUG   (  135):     d12 0000000000000000  d13 0000000000000000
I/DEBUG   (  135):     d14 0000000000000000  d15 0000000000000000
I/DEBUG   (  135):     d16 4173e369f27ae148  d17 3f50624dd2f1a9fc
I/DEBUG   (  135):     d18 41c976cad9800000  d19 0000000000000000
I/DEBUG   (  135):     d20 0000000000000000  d21 0000000000000000
I/DEBUG   (  135):     d22 0000000000000000  d23 0000000000000000
I/DEBUG   (  135):     d24 0000000000000000  d25 0000000000000000
I/DEBUG   (  135):     d26 0000000000000000  d27 0000000000000000
I/DEBUG   (  135):     d28 0000000000000000  d29 0000000000000000
I/DEBUG   (  135):     d30 0000000000000000  d31 0000000000000000
I/DEBUG   (  135):     scr 00000010
I/DEBUG   (  135): 
I/DEBUG   (  135): backtrace:
I/DEBUG   (  135):     #00  pc 0001a746  /system/lib/libc.so
I/DEBUG   (  135):     #01  pc 00018074  /system/lib/libc.so (abort+4)
I/DEBUG   (  135):     #02  pc 000232dd  /system/lib/libsurfaceflinger.so (android::HWComposer::HWComposer(android::sp<android::SurfaceFlinger> const&, android::HWComposer::EventHandler&)+284)
I/DEBUG   (  135):     #03  pc 000287fd  /system/lib/libsurfaceflinger.so (android::SurfaceFlinger::readyToRun()+64)
I/DEBUG   (  135):     #04  pc 00011275  /system/lib/libutils.so (android::Thread::_threadLoop(void*)+72)
I/DEBUG   (  135):     #05  pc 00010e05  /system/lib/libutils.so
I/DEBUG   (  135):     #06  pc 0000e418  /system/lib/libc.so (__thread_entry+72)
I/DEBUG   (  135):     #07  pc 0000db0c  /system/lib/libc.so (pthread_create+168)
I/DEBUG   (  135): 
I/DEBUG   (  135): stack:
I/DEBUG   (  135):          40589d08  408e1350  [heap]
I/DEBUG   (  135):          40589d0c  00000000  
I/DEBUG   (  135):          40589d10  40462888  /system/vendor/lib/hw/gralloc.omap4.so
I/DEBUG   (  135):          40589d14  40464468  /system/vendor/lib/hw/gralloc.omap4.so
I/DEBUG   (  135):          40589d18  40464c55  /system/vendor/lib/hw/gralloc.omap4.so
I/DEBUG   (  135):          40589d1c  4017d58e  /system/lib/libsurfaceflinger.so
I/DEBUG   (  135):          40589d20  4014224c  /system/lib/libc.so
I/DEBUG   (  135):          40589d24  401421b4  /system/lib/libc.so
I/DEBUG   (  135):          40589d28  00000000  
I/DEBUG   (  135):          40589d2c  40118089  /system/lib/libc.so (_fwalk+32)
I/DEBUG   (  135):          40589d30  00000001  
I/DEBUG   (  135):          40589d34  40589d4c  
I/DEBUG   (  135):          40589d38  40145228  
I/DEBUG   (  135):          40589d3c  00000000  
I/DEBUG   (  135):          40589d40  df0027ad  
I/DEBUG   (  135):          40589d44  00000000  
I/DEBUG   (  135):     #00  40589d48  40145228  
I/DEBUG   (  135):          40589d4c  fffffbdf  
I/DEBUG   (  135):          40589d50  4017d52e  /system/lib/libsurfaceflinger.so
I/DEBUG   (  135):          40589d54  4017d525  /system/lib/libsurfaceflinger.so
I/DEBUG   (  135):          40589d58  401393c3  /system/lib/libc.so
I/DEBUG   (  135):          40589d5c  68ac1143  
I/DEBUG   (  135):          40589d60  408e1900  [heap]
I/DEBUG   (  135):          40589d64  408e1900  [heap]
I/DEBUG   (  135):          40589d68  00000000  
I/DEBUG   (  135):          40589d6c  40112078  /system/lib/libc.so (__pthread_clone)
I/DEBUG   (  135):     #01  40589d70  68ac1143  
I/DEBUG   (  135):          40589d74  401742e1  /system/lib/libsurfaceflinger.so (android::HWComposer::HWComposer(android::sp<android::SurfaceFlinger> const&, android::HWComposer::EventHandler&)+288)
I/DEBUG   (  135):     #02  40589d78  40423a94  /system/vendor/lib/libIMGegl.so
I/DEBUG   (  135):          40589d7c  0000941c  
I/DEBUG   (  135):          40589d80  40450030  /system/vendor/lib/libsrv_um.so
I/DEBUG   (  135):          40589d84  00000000  
I/DEBUG   (  135):          40589d88  40424326  /system/vendor/lib/libIMGegl.so
I/DEBUG   (  135):          40589d8c  40423188  /system/vendor/lib/libIMGegl.so
I/DEBUG   (  135):          40589d90  408e1610  [heap]
I/DEBUG   (  135):          40589d94  408e1670  [heap]
I/DEBUG   (  135):          40589d98  408e1610  [heap]
I/DEBUG   (  135):          40589d9c  00000000  
I/DEBUG   (  135):          40589da0  c0000000  
I/DEBUG   (  135):          40589da4  000000f0  
I/DEBUG   (  135):          40589da8  4017cd78  /system/lib/libsurfaceflinger.so
I/DEBUG   (  135):          40589dac  00000000  
I/DEBUG   (  135):          40589db0  000000fb  
I/DEBUG   (  135):          40589db4  4010b3d7  /system/lib/libc.so (dlmalloc+5170)
I/DEBUG   (  135):          ........  ........
I/DEBUG   (  135): 
I/DEBUG   (  135): memory near r2:
I/DEBUG   (  135):     40145238 00000000 00000000 00000000 00000000  
I/DEBUG   (  135):     40145248 00000000 00000000 00000000 00000000  
I/DEBUG   (  135):     40145258 00000001 00000000 00000000 00000000  
I/DEBUG   (  135):     40145268 00000000 00000000 00000000 00000000  
I/DEBUG   (  135):     40145278 00000000 00000000 00000000 00000000  
I/DEBUG   (  135):     40145288 00000000 00000000 00000000 00000000  
I/DEBUG   (  135):     40145298 00000000 00000000 013e369f 00000000  
I/DEBUG   (  135):     401452a8 00000000 00000000 00004000 00000000  
I/DEBUG   (  135):     401452b8 00000000 00000000 00004000 00000000  
I/DEBUG   (  135):     401452c8 00000000 00000000 00004000 00000000  
I/DEBUG   (  135):     401452d8 00000000 00000000 00004000 00000000  
I/DEBUG   (  135):     401452e8 00000000 00000000 00004000 00000000  
I/DEBUG   (  135):     401452f8 00000000 00000000 00004000 00000000  
I/DEBUG   (  135):     40145308 00000000 00000000 00004000 00000000  
I/DEBUG   (  135):     40145318 00000000 00000000 00004000 00000000  
I/DEBUG   (  135):     40145328 00000000 00000000 00004000 00000000  
I/DEBUG   (  135): 
I/DEBUG   (  135): memory near r5:
I/DEBUG   (  135):     40589d2c 40118089 00000001 40589d4c 40145228  
I/DEBUG   (  135):     40589d3c 00000000 df0027ad 00000000 40145228  
I/DEBUG   (  135):     40589d4c fffffbdf 4017d52e 4017d525 401393c3  
I/DEBUG   (  135):     40589d5c 68ac1143 408e1900 408e1900 00000000  
I/DEBUG   (  135):     40589d6c 40112078 68ac1143 401742e1 40423a94  
I/DEBUG   (  135):     40589d7c 0000941c 40450030 00000000 40424326  
I/DEBUG   (  135):     40589d8c 40423188 408e1610 408e1670 408e1610  
I/DEBUG   (  135):     40589d9c 00000000 c0000000 000000f0 4017cd78  
I/DEBUG   (  135):     40589dac 00000000 000000fb 4010b3d7 40589dcc  
I/DEBUG   (  135):     40589dbc 401f6ef1 4022d6f4 401f720f 4022d6f4  
I/DEBUG   (  135):     40589dcc 408e1318 4017cd78 40183654 40183654  
I/DEBUG   (  135):     40589ddc 68ac1143 408e1600 408e1318 4017cd78  
I/DEBUG   (  135):     40589dec 408e1900 40183654 401ae220 408e1600  
I/DEBUG   (  135):     40589dfc 40179801 40309900 00000017 00000009  
I/DEBUG   (  135):     40589e0c 401270b1 408e1318 40589e50 40589e50  
I/DEBUG   (  135):     40589e1c 401c585c fffffff8 401ae220 408e1600  
I/DEBUG   (  135): 
I/DEBUG   (  135): memory near r6:
I/DEBUG   (  135):     40145208 00000000 00000000 00000000 00000000  
I/DEBUG   (  135):     40145218 00000000 00000000 00000000 00000000  
I/DEBUG   (  135):     40145228 68ac1143 00000000 00000000 00000000  
I/DEBUG   (  135):     40145238 00000000 00000000 00000000 00000000  
I/DEBUG   (  135):     40145248 00000000 00000000 00000000 00000000  
I/DEBUG   (  135):     40145258 00000001 00000000 00000000 00000000  
I/DEBUG   (  135):     40145268 00000000 00000000 00000000 00000000  
I/DEBUG   (  135):     40145278 00000000 00000000 00000000 00000000  
I/DEBUG   (  135):     40145288 00000000 00000000 00000000 00000000  
I/DEBUG   (  135):     40145298 00000000 00000000 013e369f 00000000  
I/DEBUG   (  135):     401452a8 00000000 00000000 00004000 00000000  
I/DEBUG   (  135):     401452b8 00000000 00000000 00004000 00000000  
I/DEBUG   (  135):     401452c8 00000000 00000000 00004000 00000000  
I/DEBUG   (  135):     401452d8 00000000 00000000 00004000 00000000  
I/DEBUG   (  135):     401452e8 00000000 00000000 00004000 00000000  
I/DEBUG   (  135):     401452f8 00000000 00000000 00004000 00000000  
I/DEBUG   (  135): 
I/DEBUG   (  135): memory near sl:
I/DEBUG   (  135):     401bfd4c d0020f00 f8c99905 20011000 e8bdb00d  
I/DEBUG   (  135):     401bfd5c bf008ff0 0000006f 00005c43 00005c52  
I/DEBUG   (  135):     401bfd6c e890b5f7 68c400e0 eb1cf7fb 463a2000  
I/DEBUG   (  135):     401bfd7c f7fb4601 4821ec98 44784921 f7fb4479  
I/DEBUG   (  135):     401bfd8c 4820ec98 78034478 2f09b16b f7fbdd03  
I/DEBUG   (  135):     401bfd9c 2100ec48 f117e005 db040f0f ec40f7fb  
I/DEBUG   (  135):     401bfdac f7fb2101 2300ec8c 461a4620 e022b93c  
I/DEBUG   (  135):     401bfdbc d0032f2e bf082f40 e0002201 46012301  
I/DEBUG   (  135):     401bfdcc 7b01f810 d1f32f00 ebc43200 bf180101  
I/DEBUG   (  135):     401bfddc 290e2201 f042bfd8 b9120201 1861390f  
I/DEBUG   (  135):     401bfdec 4621b903 200f2200 46139200 ec6cf7fb  
I/DEBUG   (  135):     401bfdfc f7fb4620 4630eade bdfe47a8 0000933e  
I/DEBUG   (  135):     401bfe0c fffffead 00009280 ba7af004 9c04b513  
I/DEBUG   (  135):     401bfe1c 9c059400 4c029401 6824447c bd1c47a0  
I/DEBUG   (  135):     401bfe2c 000091f0 4614b513 23004a05 0018e88d  
I/DEBUG   (  135):     401bfe3c f7ff447a 3000ffeb 2001bf18 bf00bd1c  
I/DEBUG   (  135): 
I/DEBUG   (  135): memory near fp:
I/DEBUG   (  135):     000fffe0 ffffffff ffffffff ffffffff ffffffff  
I/DEBUG   (  135):     000ffff0 ffffffff ffffffff ffffffff ffffffff  
I/DEBUG   (  135):     00100000 ffffffff ffffffff ffffffff ffffffff  
I/DEBUG   (  135):     00100010 ffffffff ffffffff ffffffff ffffffff  
I/DEBUG   (  135):     00100020 ffffffff ffffffff ffffffff ffffffff  
I/DEBUG   (  135):     00100030 ffffffff ffffffff ffffffff ffffffff  
I/DEBUG   (  135):     00100040 ffffffff ffffffff ffffffff ffffffff  
I/DEBUG   (  135):     00100050 ffffffff ffffffff ffffffff ffffffff  
I/DEBUG   (  135):     00100060 ffffffff ffffffff ffffffff ffffffff  
I/DEBUG   (  135):     00100070 ffffffff ffffffff ffffffff ffffffff  
I/DEBUG   (  135):     00100080 ffffffff ffffffff ffffffff ffffffff  
I/DEBUG   (  135):     00100090 ffffffff ffffffff ffffffff ffffffff  
I/DEBUG   (  135):     001000a0 ffffffff ffffffff ffffffff ffffffff  
I/DEBUG   (  135):     001000b0 ffffffff ffffffff ffffffff ffffffff  
I/DEBUG   (  135):     001000c0 ffffffff ffffffff ffffffff ffffffff  
I/DEBUG   (  135):     001000d0 ffffffff ffffffff ffffffff ffffffff  
I/DEBUG   (  135): 
I/DEBUG   (  135): memory near ip:
I/DEBUG   (  135):     40184df8 40106f69 40106f55 401f87ed 40110e2c  
I/DEBUG   (  135):     40184e08 40071d9d 40108424 401d4421 4011b90d  
I/DEBUG   (  135):     40184e18 40112070 40197ad0 401bff8d 40112965  
I/DEBUG   (  135):     40184e28 4011efd1 40112a51 401be731 4011f1df  
I/DEBUG   (  135):     40184e38 401c337d 402ee121 401c3fa1 402c0c11  
I/DEBUG   (  135):     40184e48 401c3d21 401c3943 402f0ea9 401c390f  
I/DEBUG   (  135):     40184e58 402f5e5d 40112ab0 402f122d 402f1111  
I/DEBUG   (  135):     40184e68 401f8381 401cb8e9 401f83e5 401f8575  
I/DEBUG   (  135):     40184e78 401cb8f7 401f888d 401d441d 40073a07  
I/DEBUG   (  135):     40184e88 40074635 400746b3 40073985 4007466d  
I/DEBUG   (  135):     40184e98 40073c8f 40073c93 400ec1c4 400ec5e4  
I/DEBUG   (  135):     40184ea8 400ecd80 401c1239 401d2e40 401be753  
I/DEBUG   (  135):     40184eb8 401a30a5 401a3011 401a2f51 401c0de9  
I/DEBUG   (  135):     40184ec8 402c1eb1 401be7ef 401f8345 400edcc0  
I/DEBUG   (  135):     40184ed8 401f8cad 400ec994 400ecc60 400ecd98  
I/DEBUG   (  135):     40184ee8 400ece74 400ed498 400ed468 400ed4b0  
I/DEBUG   (  135): 
I/DEBUG   (  135): memory near sp:
I/DEBUG   (  135):     40589d28 00000000 40118089 00000001 40589d4c  
I/DEBUG   (  135):     40589d38 40145228 00000000 df0027ad 00000000  
I/DEBUG   (  135):     40589d48 40145228 fffffbdf 4017d52e 4017d525  
I/DEBUG   (  135):     40589d58 401393c3 68ac1143 408e1900 408e1900  
I/DEBUG   (  135):     40589d68 00000000 40112078 68ac1143 401742e1  
I/DEBUG   (  135):     40589d78 40423a94 0000941c 40450030 00000000  
I/DEBUG   (  135):     40589d88 40424326 40423188 408e1610 408e1670  
I/DEBUG   (  135):     40589d98 408e1610 00000000 c0000000 000000f0  
I/DEBUG   (  135):     40589da8 4017cd78 00000000 000000fb 4010b3d7  
I/DEBUG   (  135):     40589db8 40589dcc 401f6ef1 4022d6f4 401f720f  
I/DEBUG   (  135):     40589dc8 4022d6f4 408e1318 4017cd78 40183654  
I/DEBUG   (  135):     40589dd8 40183654 68ac1143 408e1600 408e1318  
I/DEBUG   (  135):     40589de8 4017cd78 408e1900 40183654 401ae220  
I/DEBUG   (  135):     40589df8 408e1600 40179801 40309900 00000017  
I/DEBUG   (  135):     40589e08 00000009 401270b1 408e1318 40589e50  
I/DEBUG   (  135):     40589e18 40589e50 401c585c fffffff8 401ae220  
I/DEBUG   (  135): 
I/DEBUG   (  135): code around pc:
I/DEBUG   (  135):     40114724 e000b164 6823461c d1fb2b00 68e3e026  
I/DEBUG   (  135):     40114734 4a17b123 447a2401 47986014 20274911  
I/DEBUG   (  135):     40114744 70082400 eb9ef7fc f7fd2106 a902ed02  
I/DEBUG   (  135):     40114754 f04f2006 460a5380 94029304 f7fd9403  
I/DEBUG   (  135):     40114764 4629e8e8 20024622 e8f0f7fd eb8af7fc  
I/DEBUG   (  135):     40114774 f7fd2106 2001ecee e8aaf7fc 2a006962  
I/DEBUG   (  135):     40114784 e7d4d1dc deadbaad 0002d852 00030b36  
I/DEBUG   (  135):     40114794 00030b1a 2400b510 aa04b088 46699002  
I/DEBUG   (  135):     401147a4 94014620 94039400 e848f7fd bfb842a0  
I/DEBUG   (  135):     401147b4 db054620 b1139b07 1c489906 98069006  
I/DEBUG   (  135):     401147c4 bd10b008 4604b510 e9def7fc d10542a0  
I/DEBUG   (  135):     401147d4 447b4b04 6018681b bd102000 30fff04f  
I/DEBUG   (  135):     401147e4 bf00bd10 0002d786 460db538 481eb928  
I/DEBUG   (  135):     401147f4 f7fc4478 2800eddc b9fdd130 2102481b  
I/DEBUG   (  135):     40114804 f0014478 2800faaa db274604 f7fc4629  
I/DEBUG   (  135):     40114814 2800ec66 2101db0b f7fc4620 2800ec60  
I/DEBUG   (  135): 
I/DEBUG   (  135): code around lr:
I/DEBUG   (  135):     40118068 41f0e92d 4c0b2600 447c4680 68a56824  
I/DEBUG   (  135):     40118078 e0076867 300cf9b5 dd022b00 47c04628  
I/DEBUG   (  135):     40118088 35544306 d5f53f01 2c006824 4630d1ef  
I/DEBUG   (  135):     40118098 81f0e8bd 00029f12 43f0e92d fb01461f  
I/DEBUG   (  135):     401180a8 f8dff602 b0878058 44f8460c 8000f8d8  
I/DEBUG   (  135):     401180b8 9001a901 f8d84615 20013000 96059602  
I/DEBUG   (  135):     401180c8 90049103 4638b113 fa35f7ff a9034638  
I/DEBUG   (  135):     401180d8 fe9bf7ff 2000f8d8 b1124681 f7ff4638  
I/DEBUG   (  135):     401180e8 f1b9fa37 d0050f00 46219d05 f01a1b70  
I/DEBUG   (  135):     401180f8 4605eca0 b0074628 83f0e8bd 00029e8a  
I/DEBUG   (  135):     40118108 1e4b6841 2b006043 f000da01 6803bbb1  
I/DEBUG   (  135):     40118118 2b01f813 46106003 00004770 4604b570  
I/DEBUG   (  135):     40118128 447e4e0d 68336836 f7ffb10b 6861fa04  
I/DEBUG   (  135):     40118138 60601e48 bfa22800 f8106820 60205b01  
I/DEBUG   (  135):     40118148 4620da03 fb94f000 68324605 4620b112  
I/DEBUG   (  135):     40118158 f9fef7ff bd704628 00029e12 447b4b07  
I/DEBUG   (  135): 
I/DEBUG   (  135): memory map around fault addr deadbaad:
I/DEBUG   (  135):     be9f7000-bea18000 [stack]
I/DEBUG   (  135):     (no map for address)
I/DEBUG   (  135):     ffff0000-ffff1000 [vectors]
D/dalvikvm(  379): GC_EXPLICIT freed <1K, 1% free 7789K/7832K, paused 1ms+2ms, total 17ms
D/AndroidRuntime(  387): 
D/AndroidRuntime(  387): >>>>>> AndroidRuntime START com.android.internal.os.ZygoteInit <<<<<<
D/AndroidRuntime(  387): CheckJNI is OFF
D/dalvikvm(  387): Trying to load lib libjavacore.so 0x0
D/dalvikvm(  387): Added shared lib libjavacore.so 0x0
D/dalvikvm(  387): Trying to load lib libnativehelper.so 0x0
D/dalvikvm(  387): Added shared lib libnativehelper.so 0x0
W/dalvikvm(  387): Failed to mount /storage as MS_SLAVE: Invalid argument
I/SamplingProfilerIntegration(  387): Profiling disabled.
I/Zygote  (  387): Preloading classes...
D/dalvikvm(  387): GC_EXPLICIT freed 36K, 9% free 420K/460K, paused 0ms+1ms, total 2ms
D/dalvikvm(  387): GC_EXPLICIT freed 4K, 5% free 490K/512K, paused 0ms+0ms, total 2ms
D/dalvikvm(  387): Note: class Landroid/app/ActivityManagerNative; has 157 unimplemented (abstract) methods
D/dalvikvm(  387): GC_EXPLICIT freed 21K, 5% free 529K/556K, paused 1ms+0ms, total 3ms
D/dalvikvm(  387): GC_EXPLICIT freed 27K, 6% free 556K/588K, paused 1ms+0ms, total 2ms
W/Zygote  (  387): Class not found for preloading: android.bluetooth.BluetoothAudioGateway
W/Zygote  (  387): Class not found for preloading: android.bluetooth.HeadsetBase
W/Zygote  (  387): Class not found for preloading: undroid.content.AbstractThreadedSyncAdapter$SyncThread
D/dalvikvm(  387): GC_EXPLICIT freed 24K, 5% free 605K/632K, paused 0ms+0ms, total 2ms
D/dalvikvm(  387): GC_EXPLICIT freed 26K, 5% free 633K/664K, paused 1ms+1ms, total 3ms
D/dalvikvm(  387): GC_EXPLICIT freed 60K, 8% free 725K/788K, paused 0ms+0ms, total 3ms
D/dalvikvm(  387): GC_EXPLICIT freed 31K, 5% free 750K/788K, paused 1ms+1ms, total 4ms
D/TextLayoutCache(  387): Using debug level = 0 - Debug Enabled = 0
D/dalvikvm(  387): GC_EXPLICIT freed 18K, 3% free 786K/808K, paused 1ms+1ms, total 4ms
I/dalvikvm(  387): threadid=1: recursive native library load attempt (/system/lib/libmedia_jni.so)
D/MtpDeviceJNI(  387): register_android_mtp_MtpDevice
I/dalvikvm(  387): threadid=1: recursive native library load attempt (/system/lib/libmedia_jni.so)
I/dalvikvm(  387): threadid=1: recursive native library load attempt (/system/lib/libmedia_jni.so)
D/dalvikvm(  387): GC_EXPLICIT freed 15K, 3% free 829K/848K, paused 0ms+0ms, total 4ms
D/dalvikvm(  387): GC_EXPLICIT freed 478K, 28% free 1272K/1752K, paused 0ms+0ms, total 8ms
D/dalvikvm(  387): GC_EXPLICIT freed 30K, 26% free 1297K/1752K, paused 1ms+1ms, total 7ms
D/dalvikvm(  387): GC_EXPLICIT freed 12K, 23% free 1359K/1752K, paused 1ms+0ms, total 7ms
W/Zygote  (  387): Class not found for preloading: android.server.BluetoothA2dpService
W/Zygote  (  387): Class not found for preloading: android.server.BluetoothEventLoop
W/Zygote  (  387): Class not found for preloading: android.server.BluetoothService
D/TelephonyManager(  387): /proc/cmdline=console=ttyGS2,115200n8 mem=1G vmalloc=768M vram=16M omapfb.vram=0:8M omap_wdt.timer_margin=30 mmcparts=mmcblk0:p15(splash) androidboot.hardware=viva androidboot.serialno=203C000200000001 androidboot.bootloader=U-Boot_1.1.4-app_hw_platform_ics_ics_Beta_generic_product_global_2012062701^0-dirty androidboot.swtype=normal uboot_version=U9200-1V100R001C00B219_UBOOT androidboot.powerupreason=NORMAL hw_boardid=0x214 hw_test_version=
D/dalvikvm(  387): GC_EXPLICIT freed 31K, 19% free 1423K/1752K, paused 0ms+1ms, total 7ms
D/dalvikvm(  387): GC_EXPLICIT freed 48K, 3% free 1706K/1756K, paused 1ms+1ms, total 10ms
W/Zygote  (  387): Class not found for preloading: android.util.LocaleUtil
D/dalvikvm(  387): GC_EXPLICIT freed 35K, 3% free 1741K/1784K, paused 1ms+1ms, total 10ms
D/dalvikvm(  387): GC_EXPLICIT freed 31K, 3% free 1763K/1800K, paused 1ms+0ms, total 10ms
W/Zygote  (  387): Class not found for preloading: android.view.ViewRootImpl$ResizedInfo
W/Zygote  (  387): Class not found for preloading: android.view.Window$LocalWindowManager
W/Zygote  (  387): Class not found for preloading: android.view.WindowManagerImpl$CompatModeWrapper
D/dalvikvm(  387): GC_EXPLICIT freed 30K, 2% free 1786K/1820K, paused 1ms+1ms, total 10ms
I/dalvikvm(  387): threadid=1: recursive native library load attempt (/system/lib/libwebcore.so)
D/dalvikvm(  387): No JNI_OnLoad found in /system/lib/libchromium_net.so 0x0, skipping init
D/dalvikvm(  387): GC_EXPLICIT freed 21K, 2% free 1820K/1844K, paused 1ms+1ms, total 10ms
D/dalvikvm(  387): GC_EXPLICIT freed 26K, 2% free 1847K/1876K, paused 1ms+1ms, total 11ms
D/dalvikvm(  387): GC_EXPLICIT freed 30K, 2% free 1878K/1912K, paused 0ms+1ms, total 10ms
D/dalvikvm(  387): GC_EXPLICIT freed 27K, 2% free 1906K/1936K, paused 1ms+1ms, total 11ms
D/dalvikvm(  387): GC_EXPLICIT freed 32K, 2% free 1939K/1976K, paused 1ms+1ms, total 11ms
D/dalvikvm(  387): GC_EXPLICIT freed 33K, 2% free 1959K/1996K, paused 1ms+1ms, total 11ms
D/dalvikvm(  387): GC_EXPLICIT freed 34K, 2% free 1982K/2020K, paused 1ms+1ms, total 11ms
D/dalvikvm(  387): GC_EXPLICIT freed 36K, 2% free 2001K/2040K, paused 1ms+1ms, total 11ms
W/Zygote  (  387): Class not found for preloading: java.text.DecimalFormat$1
D/dalvikvm(  387): GC_EXPLICIT freed 40K, 3% free 2017K/2060K, paused 1ms+1ms, total 11ms
W/Zygote  (  387): Class not found for preloading: java.util.concurrent.FutureTask$Sync
W/Zygote  (  387): Class not found for preloading: java.util.concurrent.atomic.UnsafeAccess
W/Zygote  (  387): Class not found for preloading: java.util.concurrent.locks.UnsafeAccess
W/Zygote  (  387): Class not found for preloading: libcore.icu.ErrorCode
I/System  (  387): Loaded time zone names for  in 132ms (129ms in ICU)
I/System  (  387): Loaded time zone names for en_US in 102ms (98ms in ICU)
D/dalvikvm(  387): GC_EXPLICIT freed 362K, 15% free 2110K/2476K, paused 1ms+1ms, total 14ms
D/dalvikvm(  387): GC_EXPLICIT freed 15K, 13% free 2171K/2476K, paused 1ms+1ms, total 12ms
D/dalvikvm(  387): GC_EXPLICIT freed 52K, 12% free 2203K/2476K, paused 1ms+1ms, total 13ms
D/dalvikvm(  387): GC_EXPLICIT freed 29K, 10% free 2230K/2476K, paused 1ms+1ms, total 13ms
D/dalvikvm(  387): GC_EXPLICIT freed 38K, 10% free 2246K/2476K, paused 1ms+1ms, total 13ms
D/dalvikvm(  387): GC_EXPLICIT freed 32K, 9% free 2269K/2476K, paused 1ms+1ms, total 14ms
I/Zygote  (  387): ...preloaded 2541 classes in 1072ms.
D/dalvikvm(  387): GC_EXPLICIT freed 23K, 9% free 2273K/2476K, paused 1ms+1ms, total 14ms
I/Zygote  (  387): Preloading resources...
D/dalvikvm(  387): GC_EXPLICIT freed <1K, 8% free 2342K/2540K, paused 1ms+1ms, total 13ms
D/dalvikvm(  387): GC_EXPLICIT freed 1K, 9% free 2391K/2600K, paused 2ms+1ms, total 14ms
D/dalvikvm(  387): GC_EXPLICIT freed 1K, 8% free 2441K/2640K, paused 1ms+1ms, total 13ms
D/dalvikvm(  387): GC_EXPLICIT freed 1K, 8% free 2490K/2680K, paused 1ms+1ms, total 13ms
D/dalvikvm(  387): GC_EXPLICIT freed 1K, 8% free 2540K/2740K, paused 1ms+1ms, total 13ms
D/dalvikvm(  387): GC_EXPLICIT freed 1K, 7% free 2589K/2780K, paused 1ms+1ms, total 13ms
D/dalvikvm(  387): GC_EXPLICIT freed 1K, 8% free 2639K/2840K, paused 1ms+1ms, total 13ms
D/dalvikvm(  387): GC_EXPLICIT freed 2K, 7% free 2696K/2880K, paused 1ms+1ms, total 13ms
D/dalvikvm(  387): GC_EXPLICIT freed 1K, 6% free 2745K/2920K, paused 2ms+2ms, total 14ms
D/dalvikvm(  387): GC_EXPLICIT freed 1K, 7% free 2794K/2980K, paused 1ms+1ms, total 14ms
D/dalvikvm(  387): GC_EXPLICIT freed 1K, 6% free 2844K/3020K, paused 1ms+1ms, total 13ms
D/dalvikvm(  387): GC_EXPLICIT freed 1K, 7% free 2894K/3080K, paused 1ms+2ms, total 14ms
D/dalvikvm(  387): GC_EXPLICIT freed 1K, 6% free 2943K/3120K, paused 1ms+1ms, total 13ms
D/dalvikvm(  387): GC_EXPLICIT freed 1K, 6% free 2992K/3160K, paused 1ms+2ms, total 14ms
D/dalvikvm(  387): GC_EXPLICIT freed 1K, 6% free 3050K/3228K, paused 1ms+2ms, total 14ms
D/dalvikvm(  387): GC_EXPLICIT freed 1K, 6% free 3104K/3276K, paused 1ms+1ms, total 13ms
D/dalvikvm(  387): GC_EXPLICIT freed 1K, 5% free 3165K/3328K, paused 1ms+1ms, total 14ms
D/dalvikvm(  387): GC_EXPLICIT freed 1K, 6% free 3215K/3388K, paused 1ms+2ms, total 14ms
D/dalvikvm(  387): GC_EXPLICIT freed 1K, 5% free 3265K/3428K, paused 1ms+2ms, total 14ms
D/dalvikvm(  387): GC_EXPLICIT freed 2K, 5% free 3315K/3468K, paused 1ms+2ms, total 14ms
D/dalvikvm(  387): GC_EXPLICIT freed 1K, 5% free 3368K/3528K, paused 2ms+1ms, total 14ms
D/dalvikvm(  387): GC_EXPLICIT freed 1K, 5% free 3417K/3568K, paused 1ms+2ms, total 14ms
D/dalvikvm(  387): GC_EXPLICIT freed 1K, 5% free 3466K/3628K, paused 1ms+1ms, total 14ms
D/dalvikvm(  387): GC_EXPLICIT freed 2K, 5% free 3527K/3676K, paused 1ms+1ms, total 14ms
D/dalvikvm(  387): GC_EXPLICIT freed 2K, 4% free 3581K/3724K, paused 2ms+1ms, total 14ms
D/dalvikvm(  387): GC_EXPLICIT freed 1K, 4% free 3636K/3772K, paused 1ms+1ms, total 14ms
D/dalvikvm(  387): GC_EXPLICIT freed 1K, 4% free 3691K/3836K, paused 1ms+2ms, total 14ms
D/dalvikvm(  387): GC_EXPLICIT freed 1K, 4% free 3745K/3884K, paused 1ms+2ms, total 14ms
D/dalvikvm(  387): GC_EXPLICIT freed 4K, 3% free 3891K/4012K, paused 1ms+1ms, total 14ms
D/dalvikvm(  387): GC_EXPLICIT freed 4K, 3% free 4029K/4140K, paused 1ms+1ms, total 14ms
D/dalvikvm(  387): GC_EXPLICIT freed 2K, 3% free 4115K/4228K, paused 1ms+2ms, total 14ms
D/dalvikvm(  387): GC_EXPLICIT freed 3K, 3% free 4164K/4276K, paused 1ms+1ms, total 15ms
D/dalvikvm(  387): GC_EXPLICIT freed 1K, 3% free 4216K/4308K, paused 1ms+1ms, total 14ms
D/dalvikvm(  387): GC_EXPLICIT freed 4K, 3% free 4285K/4376K, paused 1ms+2ms, total 14ms
D/dalvikvm(  387): GC_EXPLICIT freed 1K, 3% free 4354K/4452K, paused 1ms+1ms, total 14ms
D/dalvikvm(  387): GC_EXPLICIT freed <1K, 3% free 4485K/4588K, paused 1ms+1ms, total 15ms
D/dalvikvm(  387): GC_EXPLICIT freed <1K, 2% free 5586K/5692K, paused 1ms+2ms, total 15ms
D/dalvikvm(  387): GC_EXPLICIT freed 1K, 2% free 5668K/5772K, paused 1ms+1ms, total 15ms
D/dalvikvm(  387): GC_EXPLICIT freed <1K, 2% free 5759K/5864K, paused 1ms+2ms, total 14ms
D/dalvikvm(  387): GC_EXPLICIT freed <1K, 2% free 5850K/5956K, paused 1ms+2ms, total 15ms
D/dalvikvm(  387): GC_EXPLICIT freed 4K, 2% free 7091K/7172K, paused 1ms+2ms, total 15ms
D/dalvikvm(  387): GC_EXPLICIT freed 7K, 1% free 7163K/7208K, paused 1ms+2ms, total 15ms
D/dalvikvm(  387): GC_EXPLICIT freed 7K, 1% free 7217K/7268K, paused 2ms+1ms, total 16ms
D/dalvikvm(  387): GC_EXPLICIT freed 2K, 1% free 7274K/7316K, paused 2ms+1ms, total 15ms
D/dalvikvm(  387): GC_EXPLICIT freed 2K, 1% free 7329K/7364K, paused 1ms+2ms, total 15ms
D/dalvikvm(  387): GC_EXPLICIT freed 3K, 1% free 7377K/7416K, paused 1ms+1ms, total 15ms
D/dalvikvm(  387): GC_EXPLICIT freed 2K, 1% free 7430K/7456K, paused 1ms+1ms, total 16ms
D/dalvikvm(  387): GC_EXPLICIT freed 2K, 1% free 7478K/7516K, paused 1ms+2ms, total 15ms
D/dalvikvm(  387): GC_EXPLICIT freed 1K, 1% free 7530K/7556K, paused 1ms+1ms, total 16ms
D/dalvikvm(  387): GC_EXPLICIT freed 2K, 1% free 7579K/7616K, paused 1ms+1ms, total 15ms
D/dalvikvm(  387): GC_EXPLICIT freed 10K, 1% free 7630K/7668K, paused 1ms+2ms, total 15ms
D/dalvikvm(  387): GC_EXPLICIT freed 1K, 1% free 7695K/7744K, paused 1ms+2ms, total 15ms
D/dalvikvm(  387): GC_EXPLICIT freed <1K, 1% free 7789K/7844K, paused 1ms+2ms, total 15ms
D/dalvikvm(  387): GC_EXPLICIT freed <1K, 1% free 7850K/7908K, paused 2ms+1ms, total 16ms
D/dalvikvm(  387): GC_EXPLICIT freed <1K, 1% free 7899K/7936K, paused 1ms+2ms, total 15ms
D/dalvikvm(  387): GC_EXPLICIT freed <1K, 1% free 7966K/8008K, paused 1ms+2ms, total 15ms
D/dalvikvm(  387): GC_EXPLICIT freed 6K, 1% free 8015K/8040K, paused 1ms+1ms, total 15ms
D/dalvikvm(  387): GC_EXPLICIT freed 1K, 1% free 8072K/8088K, paused 1ms+1ms, total 15ms
D/dalvikvm(  387): GC_EXPLICIT freed 2K, 1% free 8124K/8136K, paused 1ms+1ms, total 15ms
D/dalvikvm(  387): GC_EXPLICIT freed 1K, 1% free 8183K/8196K, paused 1ms+1ms, total 16ms
D/dalvikvm(  387): GC_EXPLICIT freed 2K, 1% free 8269K/8284K, paused 1ms+2ms, total 16ms
