* daemon not running. starting it now on port 5037 *
* daemon started successfully *
* daemon not running. starting it now on port 5037 *
* daemon started successfully *
--------- beginning of /dev/log/main
I/cm      (  133): ____ _   _ ____ _  _ ____ ____ ____ _  _ _  _ ____ ___ 
I/cm      (  134): |     \_/  |__| |\ | |  | | __ |___ |\ | |\/| |  | |  \ 
I/cm      (  135): |___   |   |  | | \| |__| |__] |___ | \| |  | |__| |__/ 
I/cm      (  138): Welcome to Android 4.2.2 / CyanogenMod-10.1-20130317-UNOFFICIAL-viva 
I/run-parts(  130): link failed File exists
I/run-parts(  130): run-parts: /system/etc/init.d/88link_media exited with code 255
I/run-parts(  130): insmod: init_module '/system/lib/modules/cpufreq_pegasusq.ko' failed (File exists)
I/logwrapper(  130): /system/xbin/run-parts terminated by exit(1)
I/DEBUG   (  164): debuggerd: Mar 17 2013 22:35:48
I/AKMD2   (  173): AK8975/B for Android v20110331 (Library: v1.2.3.114) started.
I/AKMD2   (  173): Debug: OFF
I/AKMD2   (  173): Debug level: 0
I/AKMD2   (  173): Output to: ALOGD
E/AKMD2   (  173): ^-^^-^HT: Akmd8975 main start!
D/AKMD2   (  173): @HT: Open st acc file sucess
I/installd(  171): installd firing up
E/AKMD2   (  173): akmd8975 : cal_val =1.
D/AKMD2   (  173): wwwwwwww---**************akmd8975 : cal_val =1.
D/AKMD2   (  173): ^-^^-^HT: Enter g_mainQuit mode!
I/cm      (  189): ____ _   _ ____ _  _ ____ ____ ____ _  _ _  _ ____ ___ 
I/cm      (  192): |     \_/  |__| |\ | |  | | __ |___ |\ | |\/| |  | |  \ 
I/cm      (  193): |___   |   |  | | \| |__| |__] |___ | \| |  | |__| |__/ 
I/cm      (  196): Welcome to Android 4.2.2 / CyanogenMod-10.1-20130317-UNOFFICIAL-viva 
I/run-parts(  184): link failed File exists
I/run-parts(  184): run-parts: /system/etc/init.d/88link_media exited with code 255
I/run-parts(  184): insmod: init_module '/system/lib/modules/symsearch.ko' failed (File exists)
I/run-parts(  184): insmod: init_module '/system/lib/modules/cpu_control.ko' failed (File exists)
--------- beginning of /dev/log/system
I/Vold    (  159): Vold 2.1 (the revenge) firing up
V/IMGSRV  (  160): Succesfully loaded gfx modules
D/Vold    (  159): Volume sdcard0 state changing -1 (Initializing) -> 0 (No-Media)
I/run-parts(  184): insmod: init_module '/system/lib/modules/cpufreq_pegasusq.ko' failed (File exists)
I/Netd    (  163): Netd 1.0 starting
W/InterfaceController(  163): Warning (Cannot load library: load_library(linker.cpp:747): library "/system/lib/libnetcmdiface.so" not found) while opening the net interface command library
D/Vold    (  159): Volume sdcard0 state changing 0 (No-Media) -> 2 (Pending)
I/run-parts(  184): insmod: init_module '/system/lib/modules/cpufreq_intellidemandx.ko' failed (File exists)
D/DirectVolume(  159): DirectVolume::handlePartitionAdded -> MAJOR 179, MINOR 97, PARTN 1
D/Vold    (  159): Volume sdcard0 state changing 2 (Pending) -> 1 (Idle-Unmounted)
I/run-parts(  184): insmod: init_module '/system/lib/modules/cpufreq_interactiveX.ko' failed (File exists)
I/run-parts(  184): insmod: init_module '/system/lib/modules/cpufreq_lazy.ko' failed (File exists)
I/SurfaceFlinger(  166): SurfaceFlinger is starting
I/SurfaceFlinger(  166): SurfaceFlinger's main thread ready to run. Initializing graphics H/W...
I/run-parts(  184): insmod: init_module '/system/lib/modules/cpufreq_ondemandx.ko' failed (File exists)
D/libEGL  (  166): loaded /vendor/lib/egl/libEGL_POWERVR_SGX540_120.so
D/gpsd    (  174): main()
D/gpsd    (  174): argv[0] = '/system/bin/glgps'
D/gpsd    (  174): argv[1] = '-c'
D/gpsd    (  174): argv[2] = '/system/etc/gpsconfig.xml'
I/run-parts(  184): insmod: init_module '/system/lib/modules/cpufreq_pegasusq.ko' failed (File exists)
D/gpslogd (  174): Launching process "/system/bin/gpslogd"...
V/IMGSRV  (  160): pvrsrvinit complete
I/run-parts(  184): insmod: init_module '/system/lib/modules/cpufreq_sakuractive.ko' failed (File exists)
I/run-parts(  184): insmod: init_module '/system/lib/modules/sio-iosched.ko' failed (File exists)
I/run-parts(  184): run-parts: /system/etc/init.d/90extra exited with code 255
I/logwrapper(  184): /system/xbin/run-parts terminated by exit(1)
D/libEGL  (  166): loaded /vendor/lib/egl/libGLESv1_CM_POWERVR_SGX540_120.so
D/libEGL  (  166): loaded /vendor/lib/egl/libGLESv2_POWERVR_SGX540_120.so
D/gpslogd (  233): PIPE=/data/gps/.gpslogd.pipe
D/gpslogd (  233): FastThread::OpenNamedPipes()...
D/gpslogd (  233): FastThread::OpenNamedPipes() (done)
D/gpslogd (  233): read 0000000001 SetGpsdPid	174
D/gpslogd (  233): read 0000000001 SetLogDir	/data/gps/log/
D/gpslogd (  233): read 0000000001 SetPrintToConsole	0
D/gpslogd (  233): read 0000000001 SetLogLineThreshold	0
D/gpslogd (  233): exec 0000000001 SetGpsdPid	174
D/gpslogd (  233): exec 0000000001 SetLogDir	/data/gps/log/
D/gpslogd (  233): exec 0000000001 SetPrintToConsole	0
D/gpslogd (  233): exec 0000000001 SetLogLineThreshold	0
D/gpslogd (  233): [/data/gps/log/.tmp/gl-2013-05-16-075116.tmp] => [/data/gps/log/gl-2013-05-16-075116.txt]
D/gpslogd (  233): New file [/data/gps/log/.tmp/gl-2013-05-17-230459.tmp] created
I/mediaserver(  169): ServiceManager: 0x41f67e30
I/AudioFlinger(  169): Using default 3000 mSec as standby time.
E/MediaPlayerFactory(  169): Failed to open FACTORY_LIB Error : Cannot load library: load_library(linker.cpp:747): library "libdashplayer.so" not found 
I/CameraService(  169): CameraService started (pid=169)
D/CameraHal(  169): (401233dc)   hardware/ti/omap4xxx/camera/OMXCameraAdapter/OMXCameraAdapter.cpp:4737 fetchCapabilitiesForSensor - Disabling all ports...
D/CameraHal(  169): (401233dc)   hardware/ti/omap4xxx/camera/OMXCameraAdapter/OMXCameraAdapter.cpp:4619 disableAllPorts - Disabling ports...
D/CameraHal(  169): (401233dc)   hardware/ti/omap4xxx/camera/OMXCameraAdapter/OMXCameraAdapter.cpp:4622 disableAllPorts - Disabling ports... DONE
D/CameraHal(  169): (401233dc)   hardware/ti/omap4xxx/camera/OMXCameraAdapter/OMXCameraAdapter.cpp:4630 disableAllPorts - Waiting for disabling all ports will be finished...
D/CameraHal(  169): (41f695d8)   hardware/ti/omap4xxx/camera/OMXCameraAdapter/OMXCameraAdapter.cpp:4846 eventCallback - event = 0x0
D/CameraHal(  169): (41f695d8)   hardware/ti/omap4xxx/camera/OMXCameraAdapter/OMXCameraAdapter.cpp:4847 eventCallback - data1 = 0x2
D/CameraHal(  169): (41f695d8)   hardware/ti/omap4xxx/camera/OMXCameraAdapter/OMXCameraAdapter.cpp:4848 eventCallback - data2 = 0x0
D/CameraHal(  169): (41f695d8)   hardware/ti/omap4xxx/camera/OMXCameraAdapter/OMXCameraAdapter.cpp:4890 processEvent - Decreasing disabled port count: 6
D/CameraHal(  169): (41f695d8)   hardware/ti/omap4xxx/camera/OMXCameraAdapter/OMXCameraAdapter.cpp:4846 eventCallback - event = 0x0
D/CameraHal(  169): (41f695d8)   hardware/ti/omap4xxx/camera/OMXCameraAdapter/OMXCameraAdapter.cpp:4847 eventCallback - data1 = 0x2
D/CameraHal(  169): (41f695d8)   hardware/ti/omap4xxx/camera/OMXCameraAdapter/OMXCameraAdapter.cpp:4848 eventCallback - data2 = 0x1
D/CameraHal(  169): (41f695d8)   hardware/ti/omap4xxx/camera/OMXCameraAdapter/OMXCameraAdapter.cpp:4890 processEvent - Decreasing disabled port count: 5
D/CameraHal(  169): (41f695d8)   hardware/ti/omap4xxx/camera/OMXCameraAdapter/OMXCameraAdapter.cpp:4846 eventCallback - event = 0x0
D/CameraHal(  169): (41f695d8)   hardware/ti/omap4xxx/camera/OMXCameraAdapter/OMXCameraAdapter.cpp:4847 eventCallback - data1 = 0x2
D/CameraHal(  169): (41f695d8)   hardware/ti/omap4xxx/camera/OMXCameraAdapter/OMXCameraAdapter.cpp:4848 eventCallback - data2 = 0x2
D/CameraHal(  169): (41f695d8)   hardware/ti/omap4xxx/camera/OMXCameraAdapter/OMXCameraAdapter.cpp:4890 processEvent - Decreasing disabled port count: 4
D/CameraHal(  169): (41f695d8)   hardware/ti/omap4xxx/camera/OMXCameraAdapter/OMXCameraAdapter.cpp:4846 eventCallback - event = 0x0
D/CameraHal(  169): (41f695d8)   hardware/ti/omap4xxx/camera/OMXCameraAdapter/OMXCameraAdapter.cpp:4847 eventCallback - data1 = 0x2
D/CameraHal(  169): (41f695d8)   hardware/ti/omap4xxx/camera/OMXCameraAdapter/OMXCameraAdapter.cpp:4848 eventCallback - data2 = 0x3
D/CameraHal(  169): (41f695d8)   hardware/ti/omap4xxx/camera/OMXCameraAdapter/OMXCameraAdapter.cpp:4890 processEvent - Decreasing disabled port count: 3
D/CameraHal(  169): (41f695d8)   hardware/ti/omap4xxx/camera/OMXCameraAdapter/OMXCameraAdapter.cpp:4846 eventCallback - event = 0x0
D/CameraHal(  169): (41f695d8)   hardware/ti/omap4xxx/camera/OMXCameraAdapter/OMXCameraAdapter.cpp:4847 eventCallback - data1 = 0x2
D/CameraHal(  169): (41f695d8)   hardware/ti/omap4xxx/camera/OMXCameraAdapter/OMXCameraAdapter.cpp:4848 eventCallback - data2 = 0x4
D/CameraHal(  169): (41f695d8)   hardware/ti/omap4xxx/camera/OMXCameraAdapter/OMXCameraAdapter.cpp:4890 processEvent - Decreasing disabled port count: 2
D/CameraHal(  169): (41f695d8)   hardware/ti/omap4xxx/camera/OMXCameraAdapter/OMXCameraAdapter.cpp:4846 eventCallback - event = 0x0
D/CameraHal(  169): (41f695d8)   hardware/ti/omap4xxx/camera/OMXCameraAdapter/OMXCameraAdapter.cpp:4847 eventCallback - data1 = 0x2
D/CameraHal(  169): (41f695d8)   hardware/ti/omap4xxx/camera/OMXCameraAdapter/OMXCameraAdapter.cpp:4848 eventCallback - data2 = 0x5
D/CameraHal(  169): (41f695d8)   hardware/ti/omap4xxx/camera/OMXCameraAdapter/OMXCameraAdapter.cpp:4890 processEvent - Decreasing disabled port count: 1
D/CameraHal(  169): (41f695d8)   hardware/ti/omap4xxx/camera/OMXCameraAdapter/OMXCameraAdapter.cpp:4894 processEvent - All ports have been disabled, waking the caller...
D/CameraHal(  169): (41f695d8)   hardware/ti/omap4xxx/camera/OMXCameraAdapter/OMXCameraAdapter.cpp:4897 processEvent - All ports have been disabled, waking the caller... DONE
D/CameraHal(  169): (401233dc)   hardware/ti/omap4xxx/camera/OMXCameraAdapter/OMXCameraAdapter.cpp:4632 disableAllPorts - Waiting for disabling all ports will be finished... DONE
D/CameraHal(  169): (401233dc)   hardware/ti/omap4xxx/camera/OMXCameraAdapter/OMXCameraAdapter.cpp:4739 fetchCapabilitiesForSensor - Disabling all ports... DONE
D/CameraHal(  169): (401233dc)   hardware/ti/omap4xxx/camera/OMXCameraAdapter/OMXCameraAdapter.cpp:4752 fetchCapabilitiesForSensor - Selecting sensor 0...
D/CameraHal(  169): (401233dc)   hardware/ti/omap4xxx/camera/OMXCameraAdapter/OMXCameraAdapter.cpp:4755 fetchCapabilitiesForSensor - Selecting sensor 0... DONE
D/CameraHal(  169): (401233dc)   hardware/ti/omap4xxx/camera/OMXCameraAdapter/OMXCameraAdapter.cpp:4770 fetchCapabilitiesForSensor - Camera MONO
D/CameraHal(  169): (401233dc)   hardware/ti/omap4xxx/camera/OMXCameraAdapter/OMXCameraAdapter.cpp:4772 fetchCapabilitiesForSensor - Camera mode: HQ 
D/AndroidRuntime(  167): 
D/AndroidRuntime(  167): >>>>>> AndroidRuntime START com.android.internal.os.ZygoteInit <<<<<<
D/AndroidRuntime(  167): CheckJNI is OFF
I/ti_hwc  (  166): Expecting s/w vsync for viva
I/ti_hwc  (  166): transforming FB (540x960) => (540x960) rot0
I/ti_hwc  (  166): clone region is set to (0,0) to (540,960)
I/ti_hwc  (  166): external display changed (state=0, mirror={disabled tform=0deg}, dock={disabled tform=0deg}, tv=0
I/ti_hwc  (  166): open_device(rgb_order=1 nv12_only=0)
I/ti_hwc  (  166): Unable to open gc-core device (1), blits disabled
I/SurfaceFlinger(  166): Using composer version 1.0
W/SurfaceFlinger(  166): getting VSYNC period from fb HAL: 16817462
W/SurfaceFlinger(  166): no suitable EGLConfig found, trying without EGL_FRAMEBUFFER_TARGET_ANDROID
E/Trace   (  166): error opening trace file: No such file or directory (2)
I/SurfaceFlinger(  166): EGL informations:
I/SurfaceFlinger(  166): vendor    : Android
I/SurfaceFlinger(  166): version   : 1.4 Android META-EGL
I/SurfaceFlinger(  166): extensions: EGL_KHR_image EGL_KHR_image_base EGL_KHR_gl_texture_2D_image EGL_KHR_gl_texture_cubemap_image EGL_KHR_gl_renderbuffer_image EGL_KHR_fence_sync EGL_ANDROID_image_native_buffer 
I/SurfaceFlinger(  166): Client API: OpenGL_ES
I/SurfaceFlinger(  166): EGLSurface: 8-8-8-8, config=0x2
I/SurfaceFlinger(  166): OpenGL ES informations:
I/SurfaceFlinger(  166): vendor    : Imagination Technologies
I/SurfaceFlinger(  166): renderer  : PowerVR SGX 540
I/SurfaceFlinger(  166): version   : OpenGL ES-CM 1.1
I/SurfaceFlinger(  166): extensions: GL_EXT_debug_marker GL_OES_byte_coordinates GL_OES_fixed_point GL_OES_single_precision GL_OES_matrix_get GL_OES_read_format GL_OES_compressed_paletted_texture GL_OES_point_sprite GL_OES_point_size_array GL_OES_matrix_palette GL_OES_draw_texture GL_OES_query_matrix GL_OES_texture_env_crossbar GL_OES_texture_mirrored_repeat GL_OES_texture_cube_map GL_OES_blend_subtract GL_OES_blend_func_separate GL_OES_blend_equation_separate GL_OES_stencil_wrap GL_OES_extended_matrix_palette GL_OES_framebuffer_object GL_OES_rgb8_rgba8 GL_OES_depth24 GL_OES_stencil8 GL_OES_compressed_ETC1_RGB8_texture GL_OES_mapbuffer GL_OES_EGL_image GL_OES_EGL_image_external GL_EXT_multi_draw_arrays GL_OES_required_internalformat GL_IMG_read_format GL_IMG_texture_compression_pvrtc GL_IMG_texture_format_BGRA8888 GL_EXT_texture_format_BGRA8888 GL_OES_egl_sync GL_IMG_vertex_array_object GL_APPLE_texture_2D_limited_npot
I/SurfaceFlinger(  166): GL_MAX_TEXTURE_SIZE = 2048
I/SurfaceFlinger(  166): GL_MAX_VIEWPORT_DIMS = 2048 x 2048
D/SurfaceFlinger(  166): Screen acquired, type=0 flinger=0x40fa0318
F/libc    (  166): Fatal signal 8 (SIGFPE) at 0x000000a6 (code=0), thread 372 (SurfaceFlinger)
D/dalvikvm(  167): DexOpt: --- BEGIN 'core.jar' (bootstrap=1) ---
D/libEGL  (  390): loaded /vendor/lib/egl/libEGL_POWERVR_SGX540_120.so
D/libEGL  (  390): loaded /vendor/lib/egl/libGLESv1_CM_POWERVR_SGX540_120.so
D/libEGL  (  390): loaded /vendor/lib/egl/libGLESv2_POWERVR_SGX540_120.so
I/DEBUG   (  164): *** *** *** *** *** *** *** *** *** *** *** *** *** *** *** ***
I/DEBUG   (  164): Build fingerprint: 'Huawei/cm_viva/viva:4.2.2/JDQ39/eng.faust.20130317.215458:userdebug/test-keys'
I/DEBUG   (  164): Revision: '16'
I/DEBUG   (  164): pid: 166, tid: 372, name: SurfaceFlinger  >>> /system/bin/surfaceflinger <<<
I/DEBUG   (  164): signal 8 (SIGFPE), code -6 (?), fault addr 000000a6
E/Trace   (  390): error opening trace file: No such file or directory (2)
I/DEBUG   (  164):     r0 00000000  r1 00000008  r2 00000000  r3 00000000
I/DEBUG   (  164):     r4 4083f3c8  r5 4083f3cc  r6 4083f3c0  r7 00000025
I/DEBUG   (  164):     r8 00000008  r9 4086e3c8  sl 07b05c74  fp 00000000
I/DEBUG   (  164):     ip fffdc294  sp 43479e60  lr 40127000  pc 40105160  cpsr 20060010
I/DEBUG   (  164):     d0  0000000000000000  d1  0000000000000000
I/DEBUG   (  164):     d2  0000000000000000  d3  0000000000000000
I/DEBUG   (  164):     d4  0000000000000000  d5  0000000000000000
I/DEBUG   (  164):     d6  0000000000000000  d7  007d189f00000000
I/DEBUG   (  164):     d8  0000000000000000  d9  0000000000000000
I/DEBUG   (  164):     d10 0000000000000000  d11 0000000000000000
I/DEBUG   (  164):     d12 0000000000000000  d13 0000000000000000
I/DEBUG   (  164):     d14 0000000000000000  d15 0000000000000000
I/DEBUG   (  164):     d16 415f4627ce666666  d17 3f50624dd2f1a9fc
I/DEBUG   (  164):     d18 41a7a3bbf2000000  d19 0000000000000000
I/DEBUG   (  164):     d20 0000000000000000  d21 0000000000000000
I/DEBUG   (  164):     d22 0000000000000000  d23 0000000000000000
I/DEBUG   (  164):     d24 0000000000000000  d25 0000000000000000
I/DEBUG   (  164):     d26 0000000000000000  d27 0000000000000000
I/DEBUG   (  164):     d28 0000000000000000  d29 0000000000000000
I/DEBUG   (  164):     d30 0000000000000000  d31 0000000000000000
I/DEBUG   (  164):     scr 00000010
I/DEBUG   (  164): 
I/DEBUG   (  164): backtrace:
I/DEBUG   (  164):     #00  pc 00018160  /system/lib/libc.so (kill+12)
I/DEBUG   (  164):     #01  pc 00039ffc  /system/lib/libc.so (__aeabi_ldiv0+8)
I/DEBUG   (  164): 
I/DEBUG   (  164): stack:
I/DEBUG   (  164):          43479e20  00000000  
I/DEBUG   (  164):          43479e24  00000000  
I/DEBUG   (  164):          43479e28  00000000  
I/DEBUG   (  164):          43479e2c  00000000  
I/DEBUG   (  164):          43479e30  00000000  
I/DEBUG   (  164):          43479e34  00000000  
I/DEBUG   (  164):          43479e38  00000000  
I/DEBUG   (  164):          43479e3c  4083f3cc  
I/DEBUG   (  164):          43479e40  00000000  
I/DEBUG   (  164):          43479e44  00000000  
I/DEBUG   (  164):          43479e48  00000000  
I/DEBUG   (  164):          43479e4c  400fb46c  /system/lib/libc.so (__pthread_cond_timedwait_relative+64)
I/DEBUG   (  164):          43479e50  00000000  
I/DEBUG   (  164):          43479e54  4083f3cc  
I/DEBUG   (  164):          43479e58  df0027ad  
I/DEBUG   (  164):          43479e5c  00000000  
I/DEBUG   (  164):     #00  43479e60  4083f3c8  
I/DEBUG   (  164):          ........  ........
I/DEBUG   (  164):     #01  43479e60  4083f3c8  
I/DEBUG   (  164):          43479e64  4083f3cc  
I/DEBUG   (  164):          43479e68  4083f3c0  
I/DEBUG   (  164):          43479e6c  2ada0c74  
I/DEBUG   (  164):          43479e70  fffdc294  
I/DEBUG   (  164):          43479e74  40127000  /system/lib/libc.so (__aeabi_ldiv0+12)
I/DEBUG   (  164):          43479e78  7fffffff  
I/DEBUG   (  164):          43479e7c  40826a00  /system/vendor/lib/hw/hwcomposer.viva.so
I/DEBUG   (  164):          43479e80  00000000  
I/DEBUG   (  164):          43479e84  00000000  
I/DEBUG   (  164):          43479e88  00000000  
I/DEBUG   (  164):          43479e8c  407ae008  
I/DEBUG   (  164):          43479e90  00018ab8  
I/DEBUG   (  164):          43479e94  4083f3cc  
I/DEBUG   (  164):          43479e98  4083f3c0  
I/DEBUG   (  164):          43479e9c  00018acc  
I/DEBUG   (  164): 
I/DEBUG   (  164): memory near r4:
I/DEBUG   (  164):     4083f3a8 00000800 00000000 00000000 00000000  
I/DEBUG   (  164):     4083f3b8 00000000 00000000 00000001 4009c308  
I/DEBUG   (  164):     4083f3c8 fffffffe 00000000 00000000 00000000  
I/DEBUG   (  164):     4083f3d8 00000000 00000000 00000000 00000000  
I/DEBUG   (  164):     4083f3e8 00000000 00000000 00000000 00000000  
I/DEBUG   (  164):     4083f3f8 00000000 00000000 00000000 00000000  
I/DEBUG   (  164):     4083f408 00000000 00000000 00000000 00000000  
I/DEBUG   (  164):     4083f418 00000000 00000000 00000000 00000000  
I/DEBUG   (  164):     4083f428 00000000 00000000 00000000 00000000  
I/DEBUG   (  164):     4083f438 00000000 00000000 00000000 00000000  
I/DEBUG   (  164):     4083f448 00000000 00000000 00000000 00000000  
I/DEBUG   (  164):     4083f458 00000000 00000000 00000000 00000000  
I/DEBUG   (  164):     4083f468 00000000 00000000 00000000 00000000  
I/DEBUG   (  164):     4083f478 00000000 00000000 00000000 00000000  
I/DEBUG   (  164):     4083f488 00000000 00000000 00000000 00000000  
I/DEBUG   (  164):     4083f498 00000000 00000000 00000000 00000000  
I/DEBUG   (  164): 
I/DEBUG   (  164): memory near r5:
I/DEBUG   (  164):     4083f3ac 00000000 00000000 00000000 00000000  
I/DEBUG   (  164):     4083f3bc 00000000 00000001 4009c308 fffffffe  
I/DEBUG   (  164):     4083f3cc 00000000 00000000 00000000 00000000  
I/DEBUG   (  164):     4083f3dc 00000000 00000000 00000000 00000000  
I/DEBUG   (  164):     4083f3ec 00000000 00000000 00000000 00000000  
I/DEBUG   (  164):     4083f3fc 00000000 00000000 00000000 00000000  
I/DEBUG   (  164):     4083f40c 00000000 00000000 00000000 00000000  
I/DEBUG   (  164):     4083f41c 00000000 00000000 00000000 00000000  
I/DEBUG   (  164):     4083f42c 00000000 00000000 00000000 00000000  
I/DEBUG   (  164):     4083f43c 00000000 00000000 00000000 00000000  
I/DEBUG   (  164):     4083f44c 00000000 00000000 00000000 00000000  
I/DEBUG   (  164):     4083f45c 00000000 00000000 00000000 00000000  
I/DEBUG   (  164):     4083f46c 00000000 00000000 00000000 00000000  
I/DEBUG   (  164):     4083f47c 00000000 00000000 00000000 00000000  
I/DEBUG   (  164):     4083f48c 00000000 00000000 00000000 00000000  
I/DEBUG   (  164):     4083f49c 00000000 00000000 00000000 00000000  
I/DEBUG   (  164): 
I/DEBUG   (  164): memory near r6:
I/DEBUG   (  164):     4083f3a0 00800000 00000800 00000800 00000000  
I/DEBUG   (  164):     4083f3b0 00000000 00000000 00000000 00000000  
I/DEBUG   (  164):     4083f3c0 00000001 4009c308 fffffffe 00000000  
I/DEBUG   (  164):     4083f3d0 00000000 00000000 00000000 00000000  
I/DEBUG   (  164):     4083f3e0 00000000 00000000 00000000 00000000  
I/DEBUG   (  164):     4083f3f0 00000000 00000000 00000000 00000000  
I/DEBUG   (  164):     4083f400 00000000 00000000 00000000 00000000  
I/DEBUG   (  164):     4083f410 00000000 00000000 00000000 00000000  
I/DEBUG   (  164):     4083f420 00000000 00000000 00000000 00000000  
I/DEBUG   (  164):     4083f430 00000000 00000000 00000000 00000000  
I/DEBUG   (  164):     4083f440 00000000 00000000 00000000 00000000  
I/DEBUG   (  164):     4083f450 00000000 00000000 00000000 00000000  
I/DEBUG   (  164):     4083f460 00000000 00000000 00000000 00000000  
I/DEBUG   (  164):     4083f470 00000000 00000000 00000000 00000000  
I/DEBUG   (  164):     4083f480 00000000 00000000 00000000 00000000  
I/DEBUG   (  164):     4083f490 00000000 00000000 00000000 00000000  
I/DEBUG   (  164): 
I/DEBUG   (  164): memory near r9:
I/DEBUG   (  164):     4086e3a8 00000000 00000000 00000000 00000000  
I/DEBUG   (  164):     4086e3b8 00000000 00000000 00000000 00000000  
I/DEBUG   (  164):     4086e3c8 00fe502a 00000000 00000000 00000000  
I/DEBUG   (  164):     4086e3d8 00000000 00000000 00000000 00000000  
I/DEBUG   (  164):     4086e3e8 00000000 00000000 00000000 00000000  
I/DEBUG   (  164):     4086e3f8 00000000 00000000 00000000 00000000  
I/DEBUG   (  164):     4086e408 00000000 00000000 00000000 00000000  
I/DEBUG   (  164):     4086e418 00000000 00000000 00000000 00000000  
I/DEBUG   (  164):     4086e428 00000000 00000000 00000000 00000000  
I/DEBUG   (  164):     4086e438 00000000 00000000 00000000 00000000  
I/DEBUG   (  164):     4086e448 00000000 00000000 00000000 00000000  
I/DEBUG   (  164):     4086e458 00000000 00000000 00000000 00000000  
I/DEBUG   (  164):     4086e468 00000000 00000000 00000000 00000000  
I/DEBUG   (  164):     4086e478 00000000 00000000 00000000 00000000  
I/DEBUG   (  164):     4086e488 00000000 00000000 00000000 00000000  
I/DEBUG   (  164):     4086e498 00000000 00000000 00000000 00000000  
I/DEBUG   (  164): 
I/DEBUG   (  164): memory near sl:
I/DEBUG   (  164):     07b05c54 ffffffff ffffffff ffffffff ffffffff  
I/DEBUG   (  164):     07b05c64 ffffffff ffffffff ffffffff ffffffff  
I/DEBUG   (  164):     07b05c74 ffffffff ffffffff ffffffff ffffffff  
I/DEBUG   (  164):     07b05c84 ffffffff ffffffff ffffffff ffffffff  
I/DEBUG   (  164):     07b05c94 ffffffff ffffffff ffffffff ffffffff  
I/DEBUG   (  164):     07b05ca4 ffffffff ffffffff ffffffff ffffffff  
I/DEBUG   (  164):     07b05cb4 ffffffff ffffffff ffffffff ffffffff  
I/DEBUG   (  164):     07b05cc4 ffffffff ffffffff ffffffff ffffffff  
I/DEBUG   (  164):     07b05cd4 ffffffff ffffffff ffffffff ffffffff  
I/DEBUG   (  164):     07b05ce4 ffffffff ffffffff ffffffff ffffffff  
I/DEBUG   (  164):     07b05cf4 ffffffff ffffffff ffffffff ffffffff  
I/DEBUG   (  164):     07b05d04 ffffffff ffffffff ffffffff ffffffff  
I/DEBUG   (  164):     07b05d14 ffffffff ffffffff ffffffff ffffffff  
I/DEBUG   (  164):     07b05d24 ffffffff ffffffff ffffffff ffffffff  
I/DEBUG   (  164):     07b05d34 ffffffff ffffffff ffffffff ffffffff  
I/DEBUG   (  164):     07b05d44 ffffffff ffffffff ffffffff ffffffff  
I/DEBUG   (  164): 
I/DEBUG   (  164): memory near sp:
I/DEBUG   (  164):     43479e40 00000000 00000000 00000000 400fb46c  
I/DEBUG   (  164):     43479e50 00000000 4083f3cc df0027ad 00000000  
I/DEBUG   (  164):     43479e60 4083f3c8 4083f3cc 4083f3c0 2ada0c74  
I/DEBUG   (  164):     43479e70 fffdc294 40127000 7fffffff 40826a00  
I/DEBUG   (  164):     43479e80 00000000 00000000 00000000 407ae008  
I/DEBUG   (  164):     43479e90 00018ab8 4083f3cc 4083f3c0 00018acc  
I/DEBUG   (  164):     43479ea0 00000008 2ada0c74 00000000 00000000  
I/DEBUG   (  164):     43479eb0 00000000 00000000 00000000 00000000  
I/DEBUG   (  164):     43479ec0 00000000 43479f00 4009c308 40826858  
I/DEBUG   (  164):     43479ed0 407ae008 404cdf08 407ae008 40826858  
I/DEBUG   (  164):     43479ee0 00100000 400fb41c 407ae008 43479f00  
I/DEBUG   (  164):     43479ef0 4012f0ec 4009c308 00000078 400fab0c  
I/DEBUG   (  164):     43479f00 43479f00 4009c308 00000000 00000000  
I/DEBUG   (  164):     43479f10 00000000 00000000 00000000 00000000  
I/DEBUG   (  164):     43479f20 00000000 00000000 00000000 00000000  
I/DEBUG   (  164):     43479f30 00000000 00000000 00000000 00000000  
I/DEBUG   (  164): 
I/DEBUG   (  164): code around pc:
I/DEBUG   (  164):     40105140 e3a070f0 ef000000 e8bd0090 e12fff1e  
I/DEBUG   (  164):     40105150 eaffffea e92d50f0 e3a07025 ef000000  
I/DEBUG   (  164):     40105160 e8bd50f0 e1b00000 512fff1e ea008f37  
I/DEBUG   (  164):     40105170 e92d50f0 e3a070ee ef000000 e8bd50f0  
I/DEBUG   (  164):     40105180 e1b00000 512fff1e ea008f30 e92d50f0  
I/DEBUG   (  164):     40105190 e3a07f43 ef000000 e8bd50f0 e1b00000  
I/DEBUG   (  164):     401051a0 512fff1e ea008f29 f5d0f000 f5d0f020  
I/DEBUG   (  164):     401051b0 e1500001 03a00000 012fff1e f5d1f000  
I/DEBUG   (  164):     401051c0 f5d1f020 e352000c 4a000062 e2522020  
I/DEBUG   (  164):     401051d0 3a000017 f5d0f040 f5d1f040 f420020d  
I/DEBUG   (  164):     401051e0 f5d0f040 f421420d f5d1f040 f3000844  
I/DEBUG   (  164):     401051f0 f3022846 f2204152 f2244115 ec5c3b14  
I/DEBUG   (  164):     40105200 e193300c 1a000002 e2522020 2afffff2  
I/DEBUG   (  164):     40105210 ea000007 e2400020 f2200111 e2411020  
I/DEBUG   (  164):     40105220 ec5c3b10 e193300c 02422010 02800010  
I/DEBUG   (  164):     40105230 02811010 e2822020 e352000c 4a000045  
I/DEBUG   (  164): 
I/DEBUG   (  164): code around lr:
I/DEBUG   (  164):     40126fe0 eb000036 e59de004 e28dd008 e8bd000c  
I/DEBUG   (  164):     40126ff0 e12fff1e e92d4002 e3a00008 eb00080b  
I/DEBUG   (  164):     40127000 e8bd8002 e0010291 e0211390 e92d40f0  
I/DEBUG   (  164):     40127010 e1a05820 e1a0c822 e1c06805 e1c2780c  
I/DEBUG   (  164):     40127020 e0040796 e0070795 e006069c e00c0c95  
I/DEBUG   (  164):     40127030 e0976006 228cc801 e0944806 e0acc826  
I/DEBUG   (  164):     40127040 e1a00004 e081100c e8bd80f0 e59f102c  
I/DEBUG   (  164):     40127050 e3a03000 e1a02003 e79f1001 e1a0c230  
I/DEBUG   (  164):     40127060 e2822008 e3520020 e6efc07c e7d1c00c  
I/DEBUG   (  164):     40127070 e083300c 1afffff8 e1a00003 e12fff1e  
I/DEBUG   (  164):     40127080 0000df58 e92d40f8 e1a04002 e1a06000  
I/DEBUG   (  164):     40127090 e1a07001 e1a05003 eb00051c e59dc018  
I/DEBUG   (  164):     401270a0 e0030194 e0253590 e0832094 e0853003  
I/DEBUG   (  164):     401270b0 e0562002 e0c73003 e1cc20f0 e8bd80f8  
I/DEBUG   (  164):     401270c0 e92d40f8 e1a04002 e1a06000 e1a07001  
I/DEBUG   (  164):     401270d0 e1a05003 eb000626 e59dc018 e0050590  
D/MDnsDS  (  163): MDnsSdListener::Hander starting up
D/MDnsDS  (  163): MDnsSdListener starting to monitor
D/MDnsDS  (  163): Going to poll with pollCount 1
D/CameraHal(  169): (401233dc)   hardware/ti/omap4xxx/camera/OMXCameraAdapter/OMXCameraAdapter.cpp:4654 switchToState - .
D/CameraHal(  169): (401233dc)   hardware/ti/omap4xxx/camera/OMXCameraAdapter/OMXCameraAdapter.cpp:4657 switchToState - .
D/CameraHal(  169): (401233dc)   hardware/ti/omap4xxx/camera/OMXCameraAdapter/OMXCameraAdapter.cpp:4663 switchToState - Switching to state 0x2...
D/DOMX    (  169): hardware/ti/domx/omx_proxy_component/omx_camera/src/omx_proxy_camera.c:215	Camera_SendCommand()	
D/DOMX    (  169): ERROR:  Error in DCC Init
D/CameraHal(  169): (401233dc)   hardware/ti/omap4xxx/camera/OMXCameraAdapter/OMXCameraAdapter.cpp:4666 switchToState - Switching to state 0x2... DONE
D/CameraHal(  169): (401233dc)   hardware/ti/omap4xxx/camera/OMXCameraAdapter/OMXCameraAdapter.cpp:4675 switchToState - Waiting...
D/dalvikvm(  415): Ignoring duplicate verify attempt on Ljava/lang/Object;
D/dalvikvm(  415): Ignoring duplicate verify attempt on Ljava/lang/Class;
D/dalvikvm(  415): Ignoring duplicate verify attempt on Ljava/lang/ref/Reference;
D/dalvikvm(  415): Ignoring duplicate verify attempt on Ljava/lang/ref/ReferenceQueue;
D/CameraHal(  169): (41f695d8)   hardware/ti/omap4xxx/camera/OMXCameraAdapter/OMXCameraAdapter.cpp:4846 eventCallback - event = 0x0
D/CameraHal(  169): (41f695d8)   hardware/ti/omap4xxx/camera/OMXCameraAdapter/OMXCameraAdapter.cpp:4847 eventCallback - data1 = 0x0
D/CameraHal(  169): (41f695d8)   hardware/ti/omap4xxx/camera/OMXCameraAdapter/OMXCameraAdapter.cpp:4848 eventCallback - data2 = 0x2
D/CameraHal(  169): (41f695d8)   hardware/ti/omap4xxx/camera/OMXCameraAdapter/OMXCameraAdapter.cpp:4884 processEvent - Waking the condition...
D/CameraHal(  169): (41f695d8)   hardware/ti/omap4xxx/camera/OMXCameraAdapter/OMXCameraAdapter.cpp:4886 processEvent - Waking the condition... DONE
D/CameraHal(  169): (401233dc)   hardware/ti/omap4xxx/camera/OMXCameraAdapter/OMXCameraAdapter.cpp:4677 switchToState - Waiting... DONE
D/CameraHal(  169): (401233dc)   hardware/ti/omap4xxx/camera/MemoryManager.cpp:106 allocateBufferList - Before mapping, handle = 0xc64085c0, nSize = 4096
D/CameraHal(  169): (401233dc)   hardware/ti/omap4xxx/camera/CameraHalCommon.cpp:178 getPixelFormatConstant - Preview format is NULL, defaulting to NV12
D/CameraHal(  169): (401233dc)   hardware/ti/omap4xxx/camera/OMXCameraAdapter/OMXCapabilities.cpp:2464 getCaps - OMX capability query success
D/CameraHal(  169): (401233dc)   hardware/ti/omap4xxx/camera/OMXCameraAdapter/OMXCapabilities.cpp:2228 _dumpOmxTiCap - ===================================================
D/CameraHal(  169): (401233dc)   hardware/ti/omap4xxx/camera/OMXCameraAdapter/OMXCapabilities.cpp:2229 _dumpOmxTiCap - ---- Dumping OMX capabilities for sensor id: 0 ----
D/CameraHal(  169): (401233dc)   hardware/ti/omap4xxx/camera/OMXCameraAdapter/OMXCapabilities.cpp:2231 _dumpOmxTiCap - 
D/CameraHal(  169): (401233dc)   hardware/ti/omap4xxx/camera/OMXCameraAdapter/OMXCapabilities.cpp:2232 _dumpOmxTiCap - ulPreviewFormatCount = 3
D/CameraHal(  169): (401233dc)   hardware/ti/omap4xxx/camera/OMXCameraAdapter/OMXCapabilities.cpp:2234 _dumpOmxTiCap -   ePreviewFormats[ 0] = 21
D/CameraHal(  169): (401233dc)   hardware/ti/omap4xxx/camera/OMXCameraAdapter/OMXCapabilities.cpp:2234 _dumpOmxTiCap -   ePreviewFormats[ 1] = 39
D/CameraHal(  169): (401233dc)   hardware/ti/omap4xxx/camera/OMXCameraAdapter/OMXCapabilities.cpp:2234 _dumpOmxTiCap -   ePreviewFormats[ 2] = 27
D/CameraHal(  169): (401233dc)   hardware/ti/omap4xxx/camera/OMXCameraAdapter/OMXCapabilities.cpp:2236 _dumpOmxTiCap - 
D/CameraHal(  169): (401233dc)   hardware/ti/omap4xxx/camera/OMXCameraAdapter/OMXCapabilities.cpp:2237 _dumpOmxTiCap - ulImageFormatCount = 7
D/CameraHal(  169): (401233dc)   hardware/ti/omap4xxx/camera/OMXCameraAdapter/OMXCapabilities.cpp:2239 _dumpOmxTiCap -   eImageFormats[ 0] = 0
D/CameraHal(  169): (401233dc)   hardware/ti/omap4xxx/camera/OMXCameraAdapter/OMXCapabilities.cpp:2239 _dumpOmxTiCap -   eImageFormats[ 1] = 21
D/CameraHal(  169): (401233dc)   hardware/ti/omap4xxx/camera/OMXCameraAdapter/OMXCapabilities.cpp:2239 _dumpOmxTiCap -   eImageFormats[ 2] = 39
D/CameraHal(  169): (401233dc)   hardware/ti/omap4xxx/camera/OMXCameraAdapter/OMXCapabilities.cpp:2239 _dumpOmxTiCap -   eImageFormats[ 3] = 27
D/CameraHal(  169): (401233dc)   hardware/ti/omap4xxx/camera/OMXCameraAdapter/OMXCapabilities.cpp:2239 _dumpOmxTiCap -   eImageFormats[ 4] = 16
D/CameraHal(  169): (401233dc)   hardware/ti/omap4xxx/camera/OMXCameraAdapter/OMXCapabilities.cpp:2239 _dumpOmxTiCap -   eImageFormats[ 5] = 6
D/CameraHal(  169): (401233dc)   hardware/ti/omap4xxx/camera/OMXCameraAdapter/OMXCapabilities.cpp:2239 _dumpOmxTiCap -   eImageFormats[ 6] = 31
D/CameraHal(  169): (401233dc)   hardware/ti/omap4xxx/camera/OMXCameraAdapter/OMXCapabilities.cpp:2241 _dumpOmxTiCap - 
D/CameraHal(  169): (401233dc)   hardware/ti/omap4xxx/camera/OMXCameraAdapter/OMXCapabilities.cpp:2242 _dumpOmxTiCap - tPreviewResRange.nWidthMin  = 64
D/CameraHal(  169): (401233dc)   hardware/ti/omap4xxx/camera/OMXCameraAdapter/OMXCapabilities.cpp:2243 _dumpOmxTiCap - tPreviewResRange.nHeightMin = 64
D/CameraHal(  169): (401233dc)   hardware/ti/omap4xxx/camera/OMXCameraAdapter/OMXCapabilities.cpp:2244 _dumpOmxTiCap - tPreviewResRange.nWidthMax  = 1920
D/CameraHal(  169): (401233dc)   hardware/ti/omap4xxx/camera/OMXCameraAdapter/OMXCapabilities.cpp:2245 _dumpOmxTiCap - tPreviewResRange.nHeightMax = 1088
D/CameraHal(  169): (401233dc)   hardware/ti/omap4xxx/camera/OMXCameraAdapter/OMXCapabilities.cpp:2246 _dumpOmxTiCap - tPreviewResRange.nMaxResInPixels = 2088960
D/CameraHal(  169): (401233dc)   hardware/ti/omap4xxx/camera/OMXCameraAdapter/OMXCapabilities.cpp:2248 _dumpOmxTiCap - 
D/CameraHal(  169): (401233dc)   hardware/ti/omap4xxx/camera/OMXCameraAdapter/OMXCapabilities.cpp:2249 _dumpOmxTiCap - tRotatedPreviewResRange.nWidthMin  = 64
D/CameraHal(  169): (401233dc)   hardware/ti/omap4xxx/camera/OMXCameraAdapter/OMXCapabilities.cpp:2250 _dumpOmxTiCap - tRotatedPreviewResRange.nHeightMin = 64
D/CameraHal(  169): (401233dc)   hardware/ti/omap4xxx/camera/OMXCameraAdapter/OMXCapabilities.cpp:2251 _dumpOmxTiCap - tRotatedPreviewResRange.nWidthMax  = 1088
D/CameraHal(  169): (401233dc)   hardware/ti/omap4xxx/camera/OMXCameraAdapter/OMXCapabilities.cpp:2252 _dumpOmxTiCap - tRotatedPreviewResRange.nHeightMax = 1920
D/CameraHal(  169): (401233dc)   hardware/ti/omap4xxx/camera/OMXCameraAdapter/OMXCapabilities.cpp:2253 _dumpOmxTiCap - tRotatedPreviewResRange.nMaxResInPixels = 2088960
D/CameraHal(  169): (401233dc)   hardware/ti/omap4xxx/camera/OMXCameraAdapter/OMXCapabilities.cpp:2255 _dumpOmxTiCap - 
D/CameraHal(  169): (401233dc)   hardware/ti/omap4xxx/camera/OMXCameraAdapter/OMXCapabilities.cpp:2256 _dumpOmxTiCap - tImageResRange.nWidthMin  = 64
D/CameraHal(  169): (401233dc)   hardware/ti/omap4xxx/camera/OMXCameraAdapter/OMXCapabilities.cpp:2257 _dumpOmxTiCap - tImageResRange.nHeightMin = 64
D/CameraHal(  169): (401233dc)   hardware/ti/omap4xxx/camera/OMXCameraAdapter/OMXCapabilities.cpp:2258 _dumpOmxTiCap - tImageResRange.nWidthMax  = 3280
D/CameraHal(  169): (401233dc)   hardware/ti/omap4xxx/camera/OMXCameraAdapter/OMXCapabilities.cpp:2259 _dumpOmxTiCap - tImageResRange.nHeightMax = 2464
D/CameraHal(  169): (401233dc)   hardware/ti/omap4xxx/camera/OMXCameraAdapter/OMXCapabilities.cpp:2260 _dumpOmxTiCap - tImageResRange.nMaxResInPixels = 8081920
D/CameraHal(  169): (401233dc)   hardware/ti/omap4xxx/camera/OMXCameraAdapter/OMXCapabilities.cpp:2262 _dumpOmxTiCap - 
D/CameraHal(  169): (401233dc)   hardware/ti/omap4xxx/camera/OMXCameraAdapter/OMXCapabilities.cpp:2263 _dumpOmxTiCap - tThumbResRange.nWidthMin  = 64
D/CameraHal(  169): (401233dc)   hardware/ti/omap4xxx/camera/OMXCameraAdapter/OMXCapabilities.cpp:2264 _dumpOmxTiCap - tThumbResRange.nHeightMin = 64
D/CameraHal(  169): (401233dc)   hardware/ti/omap4xxx/camera/OMXCameraAdapter/OMXCapabilities.cpp:2265 _dumpOmxTiCap - tThumbResRange.nWidthMax  = 640
D/CameraHal(  169): (401233dc)   hardware/ti/omap4xxx/camera/OMXCameraAdapter/OMXCapabilities.cpp:2266 _dumpOmxTiCap - tThumbResRange.nHeightMax = 480
D/CameraHal(  169): (401233dc)   hardware/ti/omap4xxx/camera/OMXCameraAdapter/OMXCapabilities.cpp:2267 _dumpOmxTiCap - tThumbResRange.nMaxResInPixels = 307200
D/CameraHal(  169): (401233dc)   hardware/ti/omap4xxx/camera/OMXCameraAdapter/OMXCapabilities.cpp:2269 _dumpOmxTiCap - 
D/CameraHal(  169): (401233dc)   hardware/ti/omap4xxx/camera/OMXCameraAdapter/OMXCapabilities.cpp:2270 _dumpOmxTiCap - ulWhiteBalanceCount = 15
D/CameraHal(  169): (401233dc)   hardware/ti/omap4xxx/camera/OMXCameraAdapter/OMXCapabilities.cpp:2272 _dumpOmxTiCap -   eWhiteBalanceModes[ 0] = 0x00000000
D/CameraHal(  169): (401233dc)   hardware/ti/omap4xxx/camera/OMXCameraAdapter/OMXCapabilities.cpp:2272 _dumpOmxTiCap -   eWhiteBalanceModes[ 1] = 0x00000001
D/CameraHal(  169): (401233dc)   hardware/ti/omap4xxx/camera/OMXCameraAdapter/OMXCapabilities.cpp:2272 _dumpOmxTiCap -   eWhiteBalanceModes[ 2] = 0x00000002
D/CameraHal(  169): (401233dc)   hardware/ti/omap4xxx/camera/OMXCameraAdapter/OMXCapabilities.cpp:2272 _dumpOmxTiCap -   eWhiteBalanceModes[ 3] = 0x00000003
D/CameraHal(  169): (401233dc)   hardware/ti/omap4xxx/camera/OMXCameraAdapter/OMXCapabilities.cpp:2272 _dumpOmxTiCap -   eWhiteBalanceModes[ 4] = 0x00000004
D/CameraHal(  169): (401233dc)   hardware/ti/omap4xxx/camera/OMXCameraAdapter/OMXCapabilities.cpp:2272 _dumpOmxTiCap -   eWhiteBalanceModes[ 5] = 0x00000005
D/CameraHal(  169): (401233dc)   hardware/ti/omap4xxx/camera/OMXCameraAdapter/OMXCapabilities.cpp:2272 _dumpOmxTiCap -   eWhiteBalanceModes[ 6] = 0x00000006
D/CameraHal(  169): (401233dc)   hardware/ti/omap4xxx/camera/OMXCameraAdapter/OMXCapabilities.cpp:2272 _dumpOmxTiCap -   eWhiteBalanceModes[ 7] = 0x00000007
D/CameraHal(  169): (401233dc)   hardware/ti/omap4xxx/camera/OMXCameraAdapter/OMXCapabilities.cpp:2272 _dumpOmxTiCap -   eWhiteBalanceModes[ 8] = 0x00000009
D/CameraHal(  169): (401233dc)   hardware/ti/omap4xxx/camera/OMXCameraAdapter/OMXCapabilities.cpp:2272 _dumpOmxTiCap -   eWhiteBalanceModes[ 9] = 0x00000008
D/CameraHal(  169): (401233dc)   hardware/ti/omap4xxx/camera/OMXCameraAdapter/OMXCapabilities.cpp:2272 _dumpOmxTiCap -   eWhiteBalanceModes[10] = 0x7f000001
D/CameraHal(  169): (401233dc)   hardware/ti/omap4xxx/camera/OMXCameraAdapter/OMXCapabilities.cpp:2272 _dumpOmxTiCap -   eWhiteBalanceModes[11] = 0x7f000002
D/CameraHal(  169): (401233dc)   hardware/ti/omap4xxx/camera/OMXCameraAdapter/OMXCapabilities.cpp:2272 _dumpOmxTiCap -   eWhiteBalanceModes[12] = 0x7f000003
D/CameraHal(  169): (401233dc)   hardware/ti/omap4xxx/camera/OMXCameraAdapter/OMXCapabilities.cpp:2272 _dumpOmxTiCap -   eWhiteBalanceModes[13] = 0x7f000004
D/CameraHal(  169): (401233dc)   hardware/ti/omap4xxx/camera/OMXCameraAdapter/OMXCapabilities.cpp:2272 _dumpOmxTiCap -   eWhiteBalanceModes[14] = 0x7f000005
D/CameraHal(  169): (401233dc)   hardware/ti/omap4xxx/camera/OMXCameraAdapter/OMXCapabilities.cpp:2274 _dumpOmxTiCap - 
D/CameraHal(  169): (401233dc)   hardware/ti/omap4xxx/camera/OMXCameraAdapter/OMXCapabilities.cpp:2275 _dumpOmxTiCap - ulColorEffectCount = 17
D/CameraHal(  169): (401233dc)   hardware/ti/omap4xxx/camera/OMXCameraAdapter/OMXCapabilities.cpp:2277 _dumpOmxTiCap -   eColorEffects[ 0] = 0x00000000
D/CameraHal(  169): (401233dc)   hardware/ti/omap4xxx/camera/OMXCameraAdapter/OMXCapabilities.cpp:2277 _dumpOmxTiCap -   eColorEffects[ 1] = 0x00000003
D/CameraHal(  169): (401233dc)   hardware/ti/omap4xxx/camera/OMXCameraAdapter/OMXCapabilities.cpp:2277 _dumpOmxTiCap -   eColorEffects[ 2] = 0x0000000a
D/CameraHal(  169): (401233dc)   hardware/ti/omap4xxx/camera/OMXCameraAdapter/OMXCapabilities.cpp:2277 _dumpOmxTiCap -   eColorEffects[ 3] = 0x7f000001
D/CameraHal(  169): (401233dc)   hardware/ti/omap4xxx/camera/OMXCameraAdapter/OMXCapabilities.cpp:2277 _dumpOmxTiCap -   eColorEffects[ 4] = 0x7f000002
D/CameraHal(  169): (401233dc)   hardware/ti/omap4xxx/camera/OMXCameraAdapter/OMXCapabilities.cpp:2277 _dumpOmxTiCap -   eColorEffects[ 5] = 0x7f000003
D/CameraHal(  169): (401233dc)   hardware/ti/omap4xxx/camera/OMXCameraAdapter/OMXCapabilities.cpp:2277 _dumpOmxTiCap -   eColorEffects[ 6] = 0x7f000004
D/CameraHal(  169): (401233dc)   hardware/ti/omap4xxx/camera/OMXCameraAdapter/OMXCapabilities.cpp:2277 _dumpOmxTiCap -   eColorEffects[ 7] = 0x7f000005
D/CameraHal(  169): (401233dc)   hardware/ti/omap4xxx/camera/OMXCameraAdapter/OMXCapabilities.cpp:2277 _dumpOmxTiCap -   eColorEffects[ 8] = 0x7f000006
D/CameraHal(  169): (401233dc)   hardware/ti/omap4xxx/camera/OMXCameraAdapter/OMXCapabilities.cpp:2277 _dumpOmxTiCap -   eColorEffects[ 9] = 0x7f000007
D/CameraHal(  169): (401233dc)   hardware/ti/omap4xxx/camera/OMXCameraAdapter/OMXCapabilities.cpp:2277 _dumpOmxTiCap -   eColorEffects[10] = 0x7f000008
D/CameraHal(  169): (401233dc)   hardware/ti/omap4xxx/camera/OMXCameraAdapter/OMXCapabilities.cpp:2277 _dumpOmxTiCap -   eColorEffects[11] = 0x7f000009
D/CameraHal(  169): (401233dc)   hardware/ti/omap4xxx/camera/OMXCameraAdapter/OMXCapabilities.cpp:2277 _dumpOmxTiCap -   eColorEffects[12] = 0x7f00000a
D/CameraHal(  169): (401233dc)   hardware/ti/omap4xxx/camera/OMXCameraAdapter/OMXCapabilities.cpp:2277 _dumpOmxTiCap -   eColorEffects[13] = 0x7f00000b
D/CameraHal(  169): (401233dc)   hardware/ti/omap4xxx/camera/OMXCameraAdapter/OMXCapabilities.cpp:2277 _dumpOmxTiCap -   eColorEffects[14] = 0x7f00000c
D/CameraHal(  169): (401233dc)   hardware/ti/omap4xxx/camera/OMXCameraAdapter/OMXCapabilities.cpp:2277 _dumpOmxTiCap -   eColorEffects[15] = 0x7f00000d
D/CameraHal(  169): (401233dc)   hardware/ti/omap4xxx/camera/OMXCameraAdapter/OMXCapabilities.cpp:2277 _dumpOmxTiCap -   eColorEffects[16] = 0x7f00000e
D/CameraHal(  169): (401233dc)   hardware/ti/omap4xxx/camera/OMXCameraAdapter/OMXCapabilities.cpp:2279 _dumpOmxTiCap - 
D/CameraHal(  169): (401233dc)   hardware/ti/omap4xxx/camera/OMXCameraAdapter/OMXCapabilities.cpp:2280 _dumpOmxTiCap - xMaxWidthZoom  = 917490
D/CameraHal(  169): (401233dc)   hardware/ti/omap4xxx/camera/OMXCameraAdapter/OMXCapabilities.cpp:2281 _dumpOmxTiCap - xMaxHeightZoom = 917490
D/CameraHal(  169): (401233dc)   hardware/ti/omap4xxx/camera/OMXCameraAdapter/OMXCapabilities.cpp:2283 _dumpOmxTiCap - 
D/CameraHal(  169): (401233dc)   hardware/ti/omap4xxx/camera/OMXCameraAdapter/OMXCapabilities.cpp:2284 _dumpOmxTiCap - ulFlickerCount = 4
D/CameraHal(  169): (401233dc)   hardware/ti/omap4xxx/camera/OMXCameraAdapter/OMXCapabilities.cpp:2286 _dumpOmxTiCap -   eFlicker[ 0] = 0
D/CameraHal(  169): (401233dc)   hardware/ti/omap4xxx/camera/OMXCameraAdapter/OMXCapabilities.cpp:2286 _dumpOmxTiCap -   eFlicker[ 1] = 1
D/CameraHal(  169): (401233dc)   hardware/ti/omap4xxx/camera/OMXCameraAdapter/OMXCapabilities.cpp:2286 _dumpOmxTiCap -   eFlicker[ 2] = 2
D/CameraHal(  169): (401233dc)   hardware/ti/omap4xxx/camera/OMXCameraAdapter/OMXCapabilities.cpp:2286 _dumpOmxTiCap -   eFlicker[ 3] = 3
D/CameraHal(  169): (401233dc)   hardware/ti/omap4xxx/camera/OMXCameraAdapter/OMXCapabilities.cpp:2288 _dumpOmxTiCap - 
D/CameraHal(  169): (401233dc)   hardware/ti/omap4xxx/camera/OMXCameraAdapter/OMXCapabilities.cpp:2289 _dumpOmxTiCap - ulExposureModeCount = 12
D/CameraHal(  169): (401233dc)   hardware/ti/omap4xxx/camera/OMXCameraAdapter/OMXCapabilities.cpp:2291 _dumpOmxTiCap -   eExposureModes[ 0] = 0x00000000
D/CameraHal(  169): (401233dc)   hardware/ti/omap4xxx/camera/OMXCameraAdapter/OMXCapabilities.cpp:2291 _dumpOmxTiCap -   eExposureModes[ 1] = 0x00000001
D/CameraHal(  169): (401233dc)   hardware/ti/omap4xxx/camera/OMXCameraAdapter/OMXCapabilities.cpp:2291 _dumpOmxTiCap -   eExposureModes[ 2] = 0x00000002
D/CameraHal(  169): (401233dc)   hardware/ti/omap4xxx/camera/OMXCameraAdapter/OMXCapabilities.cpp:2291 _dumpOmxTiCap -   eExposureModes[ 3] = 0x00000003
D/CameraHal(  169): (401233dc)   hardware/ti/omap4xxx/camera/OMXCameraAdapter/OMXCapabilities.cpp:2291 _dumpOmxTiCap -   eExposureModes[ 4] = 0x00000004
D/CameraHal(  169): (401233dc)   hardware/ti/omap4xxx/camera/OMXCameraAdapter/OMXCapabilities.cpp:2291 _dumpOmxTiCap -   eExposureModes[ 5] = 0x00000005
D/CameraHal(  169): (401233dc)   hardware/ti/omap4xxx/camera/OMXCameraAdapter/OMXCapabilities.cpp:2291 _dumpOmxTiCap -   eExposureModes[ 6] = 0x00000006
D/CameraHal(  169): (401233dc)   hardware/ti/omap4xxx/camera/OMXCameraAdapter/OMXCapabilities.cpp:2291 _dumpOmxTiCap -   eExposureModes[ 7] = 0x00000007
D/CameraHal(  169): (401233dc)   hardware/ti/omap4xxx/camera/OMXCameraAdapter/OMXCapabilities.cpp:2291 _dumpOmxTiCap -   eExposureModes[ 8] = 0x00000008
D/CameraHal(  169): (401233dc)   hardware/ti/omap4xxx/camera/OMXCameraAdapter/OMXCapabilities.cpp:2291 _dumpOmxTiCap -   eExposureModes[ 9] = 0x00000009
D/CameraHal(  169): (401233dc)   hardware/ti/omap4xxx/camera/OMXCameraAdapter/OMXCapabilities.cpp:2291 _dumpOmxTiCap -   eExposureModes[10] = 0x7f000001
D/CameraHal(  169): (401233dc)   hardware/ti/omap4xxx/camera/OMXCameraAdapter/OMXCapabilities.cpp:2291 _dumpOmxTiCap -   eExposureModes[11] = 0x7f000002
D/CameraHal(  169): (401233dc)   hardware/ti/omap4xxx/camera/OMXCameraAdapter/OMXCapabilities.cpp:2293 _dumpOmxTiCap - 
D/CameraHal(  169): (401233dc)   hardware/ti/omap4xxx/camera/OMXCameraAdapter/OMXCapabilities.cpp:2294 _dumpOmxTiCap - bLensDistortionCorrectionSupported = 1
D/CameraHal(  169): (401233dc)   hardware/ti/omap4xxx/camera/OMXCameraAdapter/OMXCapabilities.cpp:2295 _dumpOmxTiCap - bISONoiseFilterSupported = 1
D/CameraHal(  169): (401233dc)   hardware/ti/omap4xxx/camera/OMXCameraAdapter/OMXCapabilities.cpp:2296 _dumpOmxTiCap - xEVCompensationMin = -3
D/CameraHal(  169): (401233dc)   hardware/ti/omap4xxx/camera/OMXCameraAdapter/OMXCapabilities.cpp:2297 _dumpOmxTiCap - xEVCompensationMax = 3
D/CameraHal(  169): (401233dc)   hardware/ti/omap4xxx/camera/OMXCameraAdapter/OMXCapabilities.cpp:2298 _dumpOmxTiCap - nSensitivityMax = 800
D/CameraHal(  169): (401233dc)   hardware/ti/omap4xxx/camera/OMXCameraAdapter/OMXCapabilities.cpp:2300 _dumpOmxTiCap - 
D/CameraHal(  169): (401233dc)   hardware/ti/omap4xxx/camera/OMXCameraAdapter/OMXCapabilities.cpp:2301 _dumpOmxTiCap - ulFocusModeCount = 11
D/CameraHal(  169): (401233dc)   hardware/ti/omap4xxx/camera/OMXCameraAdapter/OMXCapabilities.cpp:2303 _dumpOmxTiCap -   eFocusModes[ 0] = 0x00000000
D/CameraHal(  169): (401233dc)   hardware/ti/omap4xxx/camera/OMXCameraAdapter/OMXCapabilities.cpp:2303 _dumpOmxTiCap -   eFocusModes[ 1] = 0x00000001
D/CameraHal(  169): (401233dc)   hardware/ti/omap4xxx/camera/OMXCameraAdapter/OMXCapabilities.cpp:2303 _dumpOmxTiCap -   eFocusModes[ 2] = 0x00000002
D/CameraHal(  169): (401233dc)   hardware/ti/omap4xxx/camera/OMXCameraAdapter/OMXCapabilities.cpp:2303 _dumpOmxTiCap -   eFocusModes[ 3] = 0x00000003
D/CameraHal(  169): (401233dc)   hardware/ti/omap4xxx/camera/OMXCameraAdapter/OMXCapabilities.cpp:2303 _dumpOmxTiCap -   eFocusModes[ 4] = 0x7f000001
D/CameraHal(  169): (401233dc)   hardware/ti/omap4xxx/camera/OMXCameraAdapter/OMXCapabilities.cpp:2303 _dumpOmxTiCap -   eFocusModes[ 5] = 0x7f000002
D/CameraHal(  169): (401233dc)   hardware/ti/omap4xxx/camera/OMXCameraAdapter/OMXCapabilities.cpp:2303 _dumpOmxTiCap -   eFocusModes[ 6] = 0x7f000003
D/CameraHal(  169): (401233dc)   hardware/ti/omap4xxx/camera/OMXCameraAdapter/OMXCapabilities.cpp:2303 _dumpOmxTiCap -   eFocusModes[ 7] = 0x7f000004
D/CameraHal(  169): (401233dc)   hardware/ti/omap4xxx/camera/OMXCameraAdapter/OMXCapabilities.cpp:2303 _dumpOmxTiCap -   eFocusModes[ 8] = 0x7f000005
D/CameraHal(  169): (401233dc)   hardware/ti/omap4xxx/camera/OMXCameraAdapter/OMXCapabilities.cpp:2303 _dumpOmxTiCap -   eFocusModes[ 9] = 0x7f000006
D/CameraHal(  169): (401233dc)   hardware/ti/omap4xxx/camera/OMXCameraAdapter/OMXCapabilities.cpp:2303 _dumpOmxTiCap -   eFocusModes[10] = 0x7f000007
D/CameraHal(  169): (401233dc)   hardware/ti/omap4xxx/camera/OMXCameraAdapter/OMXCapabilities.cpp:2305 _dumpOmxTiCap - 
D/CameraHal(  169): (401233dc)   hardware/ti/omap4xxx/camera/OMXCameraAdapter/OMXCapabilities.cpp:2306 _dumpOmxTiCap - ulSceneCount = 26
D/CameraHal(  169): (401233dc)   hardware/ti/omap4xxx/camera/OMXCameraAdapter/OMXCapabilities.cpp:2308 _dumpOmxTiCap -   eSceneModes[ 0] = 0
D/CameraHal(  169): (401233dc)   hardware/ti/omap4xxx/camera/OMXCameraAdapter/OMXCapabilities.cpp:2308 _dumpOmxTiCap -   eSceneModes[ 1] = 1
D/CameraHal(  169): (401233dc)   hardware/ti/omap4xxx/camera/OMXCameraAdapter/OMXCapabilities.cpp:2308 _dumpOmxTiCap -   eSceneModes[ 2] = 2
D/CameraHal(  169): (401233dc)   hardware/ti/omap4xxx/camera/OMXCameraAdapter/OMXCapabilities.cpp:2308 _dumpOmxTiCap -   eSceneModes[ 3] = 3
D/CameraHal(  169): (401233dc)   hardware/ti/omap4xxx/camera/OMXCameraAdapter/OMXCapabilities.cpp:2308 _dumpOmxTiCap -   eSceneModes[ 4] = 4
D/CameraHal(  169): (401233dc)   hardware/ti/omap4xxx/camera/OMXCameraAdapter/OMXCapabilities.cpp:2308 _dumpOmxTiCap -   eSceneModes[ 5] = 5
D/CameraHal(  169): (401233dc)   hardware/ti/omap4xxx/camera/OMXCameraAdapter/OMXCapabilities.cpp:2308 _dumpOmxTiCap -   eSceneModes[ 6] = 6
D/CameraHal(  169): (401233dc)   hardware/ti/omap4xxx/camera/OMXCameraAdapter/OMXCapabilities.cpp:2308 _dumpOmxTiCap -   eSceneModes[ 7] = 7
D/CameraHal(  169): (401233dc)   hardware/ti/omap4xxx/camera/OMXCameraAdapter/OMXCapabilities.cpp:2308 _dumpOmxTiCap -   eSceneModes[ 8] = 8
D/CameraHal(  169): (401233dc)   hardware/ti/omap4xxx/camera/OMXCameraAdapter/OMXCapabilities.cpp:2308 _dumpOmxTiCap -   eSceneModes[ 9] = 9
D/CameraHal(  169): (401233dc)   hardware/ti/omap4xxx/camera/OMXCameraAdapter/OMXCapabilities.cpp:2308 _dumpOmxTiCap -   eSceneModes[10] = 10
D/CameraHal(  169): (401233dc)   hardware/ti/omap4xxx/camera/OMXCameraAdapter/OMXCapabilities.cpp:2308 _dumpOmxTiCap -   eSceneModes[11] = 11
D/CameraHal(  169): (401233dc)   hardware/ti/omap4xxx/camera/OMXCameraAdapter/OMXCapabilities.cpp:2308 _dumpOmxTiCap -   eSceneModes[12] = 12
D/CameraHal(  169): (401233dc)   hardware/ti/omap4xxx/camera/OMXCameraAdapter/OMXCapabilities.cpp:2308 _dumpOmxTiCap -   eSceneModes[13] = 13
D/CameraHal(  169): (401233dc)   hardware/ti/omap4xxx/camera/OMXCameraAdapter/OMXCapabilities.cpp:2308 _dumpOmxTiCap -   eSceneModes[14] = 14
D/CameraHal(  169): (401233dc)   hardware/ti/omap4xxx/camera/OMXCameraAdapter/OMXCapabilities.cpp:2308 _dumpOmxTiCap -   eSceneModes[15] = 15
D/CameraHal(  169): (401233dc)   hardware/ti/omap4xxx/camera/OMXCameraAdapter/OMXCapabilities.cpp:2308 _dumpOmxTiCap -   eSceneModes[16] = 16
D/CameraHal(  169): (401233dc)   hardware/ti/omap4xxx/camera/OMXCameraAdapter/OMXCapabilities.cpp:2308 _dumpOmxTiCap -   eSceneModes[17] = 17
D/CameraHal(  169): (401233dc)   hardware/ti/omap4xxx/camera/OMXCameraAdapter/OMXCapabilities.cpp:2308 _dumpOmxTiCap -   eSceneModes[18] = 18
