D/dalvikvm(  514): DexOpt: load 6ms, verify+opt 57ms, 478268 bytes
I/PackageManager(  474): Pruning dalvik file: data@app@com.keramidas.TitaniumBackup-1.apk@classes.dex
I/PackageManager(  474): Pruning dalvik file: data@app@com.android.chrome-1.apk@classes.dex
I/PackageManager(  474): Pruning dalvik file: data@app@com.google.android.youtube-1.apk@classes.dex
I/PackageManager(  474): Pruning dalvik file: data@app@com.womanlog-1.apk@classes.dex
I/PackageManager(  474): Pruning dalvik file: data@app@com.nullsoft.winamp-1.apk@classes.dex
I/PackageManager(  474): Pruning dalvik file: data@app@com.whatsapp-1.apk@classes.dex
I/PackageManager(  474): Pruning dalvik file: data@app@com.appsilicious.wallpapers-1.apk@classes.dex
I/PackageManager(  474): Pruning dalvik file: data@app@radiotime.player-1.apk@classes.dex
I/PackageManager(  474): Pruning dalvik file: data@app@com.ceruleanstudios.trillian.android-1.apk@classes.dex
I/PackageManager(  474): Pruning dalvik file: data@app@com.android.vending-2.apk@classes.dex
I/PackageManager(  474): Pruning dalvik file: data@app@com.skype.raider-1.apk@classes.dex
I/PackageManager(  474): Pruning dalvik file: data@app@com.fallentreegames.amazon.quellreflect-1.apk@classes.dex
I/PackageManager(  474): Pruning dalvik file: data@app@de.payback.client.android-1.apk@classes.dex
I/PackageManager(  474): Pruning dalvik file: data@app@com.quintstoffers.DataSync-1.apk@classes.dex
I/PackageManager(  474): Pruning dalvik file: data@app@com.mysms.android.sms.theme.system-1.apk@classes.dex
I/PackageManager(  474): Pruning dalvik file: data@app@com.dropbox.android-2.apk@classes.dex
I/PackageManager(  474): Pruning dalvik file: data@app@com.mxtech.videoplayer.ad-1.apk@classes.dex
I/PackageManager(  474): Pruning dalvik file: data@app@com.apksoftware.compass-1.apk@classes.dex
I/PackageManager(  474): Pruning dalvik file: data@app@com.google.android.calendar-1.apk@classes.dex
I/PackageManager(  474): Pruning dalvik file: data@app@com.teslacoilsw.launcher-2.apk@classes.dex
I/PackageManager(  474): Pruning dalvik file: data@app@slide.flowFrenzy-1.apk@classes.dex
I/PackageManager(  474): Pruning dalvik file: data@app@com.incredibleapp.wallpapershd-1.apk@classes.dex
I/PackageManager(  474): Pruning dalvik file: data@app@de.is24.android-2.apk@classes.dex
I/PackageManager(  474): Pruning dalvik file: data@app@com.google.android.apps.plus-1.apk@classes.dex
I/PackageManager(  474): Pruning dalvik file: data@app@com.google.android.apps.reader-1.apk@classes.dex
I/PackageManager(  474): Pruning dalvik file: data@app@com.google.android.gm-1.apk@classes.dex
I/PackageManager(  474): Pruning dalvik file: data@app@com.estrongs.android.pop-1.apk@classes.dex
I/PackageManager(  474): Pruning dalvik file: data@app@com.mysms.android.sms-1.apk@classes.dex
I/PackageManager(  474): Pruning dalvik file: data@app@com.google.android.apps.docs-1.apk@classes.dex
I/PackageManager(  474): Pruning dalvik file: data@app@com.google.android.diskusage-1.apk@classes.dex
I/PackageManager(  474): Pruning dalvik file: data@app@com.zeptolab.ctrexperiments.ads-1.apk@classes.dex
I/PackageManager(  474): Pruning dalvik file: data@app@com.google.android.apps.translate-2.apk@classes.dex
I/PackageManager(  474): Pruning dalvik file: data@app@de.immowelt.android.immobiliensuche-2.apk@classes.dex
I/PackageManager(  474): Pruning dalvik file: data@app@de.pixelhouse-1.apk@classes.dex
I/PackageManager(  474): Pruning dalvik file: data@app@com.king.candycrushsaga-1.apk@classes.dex
I/PackageManager(  474): Pruning dalvik file: data@app@netgenius.bizcal-1.apk@classes.dex
I/PackageManager(  474): Pruning dalvik file: data@app@it.medieval.blueftp-1.apk@classes.dex
I/PackageManager(  474): Pruning dalvik file: data@app@com.levelup.beautifulwidgets-1.apk@classes.dex
I/PackageManager(  474): Pruning dalvik file: data@app@com.levelup.bw.forecast-1.apk@classes.dex
I/PackageManager(  474): Pruning dalvik file: data@app@com.google.android.apps.maps-2.apk@classes.dex
I/PackageManager(  474): Pruning dalvik file: data@app@com.stylem.wallpapers-1.apk@classes.dex
I/PackageManager(  474): Pruning dalvik file: data@app@com.amazon.venezia-1.apk@classes.dex
I/PackageManager(  474): Pruning dalvik file: data@app@org.adaway-1.apk@classes.dex
I/PackageManager(  474): Pruning dalvik file: data@app@com.andoku.two.full-1.apk@classes.dex
I/PackageManager(  474): Pruning dalvik file: data@app@com.nikIT.anderesWort-1.apk@classes.dex
I/PackageManager(  474): Pruning dalvik file: data@app@com.sand.airdroid-1.apk@classes.dex
I/PackageManager(  474): Pruning dalvik file: data@app@com.ninetyfour.seconds.app-1.apk@classes.dex
I/PackageManager(  474): Pruning dalvik file: data@app@de.lotum.whatsinthefoto.de-1.apk@classes.dex
I/PackageManager(  474): Pruning dalvik file: data@app@com.google.android.apps.books-2.apk@classes.dex
I/PackageManager(  474): Pruning dalvik file: data@app@com.google.android.talk-1.apk@classes.dex
I/PackageManager(  474): Pruning dalvik file: data@app@com.socialnmobile.dictapps.notepad.color.note-2.apk@classes.dex
I/PackageManager(  474): Pruning dalvik file: data@app@com.adobe.reader-1.apk@classes.dex
I/PackageManager(  474): Pruning dalvik file: data@app@com.google.android.gms-2.apk@classes.dex
I/PackageManager(  474): Pruning dalvik file: data@app@com.google.zxing.client.android-2.apk@classes.dex
I/PackageManager(  474): Pruning dalvik file: data@app@com.google.android.googlequicksearchbox-2.apk@classes.dex
W/PackageParser(  474): No actions in intent filter at /system/app/Bluetooth.apk Binary XML file line #167
W/PackageParser(  474): No actions in intent filter at /system/app/Bluetooth.apk Binary XML file line #191
W/PackageParser(  474): No actions in intent filter at /system/app/CMFileManager.apk Binary XML file line #136
W/PackageParser(  474): No actions in intent filter at /system/app/Contacts.apk Binary XML file line #546
W/PackageParser(  474): Unknown element under <application>: permission at /system/app/Gallery2.apk Binary XML file line #220
W/ResourceType(  474): Failure getting entry for 0x7f040018 (t=3 e=24) in package 0 (error -75)
W/ResourceType(  474): Failure getting entry for 0x7f040018 (t=3 e=24) in package 0 (error -75)
W/PackageParser(  474): Unknown element under <application>: permission at /system/app/Gallery2.apk Binary XML file line #223
I/PackageManager(  474): Package com.google.android.gms at /system/app/GmsCore.apk ignored: updated version 3136134 better than this 2012110
I/PackageManager(  474): Package com.android.vending at /system/app/Phonesky.apk ignored: updated version 80210006 better than this 8016014
I/PackageManager(  474): Package com.google.android.googlequicksearchbox at /system/app/QuickSearchBox.apk ignored: updated version 210020508 better than this 210020111
I/PackageManager(  474): Package com.google.android.talk at /system/app/Talk.apk ignored: updated version 678536 better than this 330
D/PackageManager(  474): No files in app dir /vendor/app
W/PackageParser(  474): No actions in intent filter at /data/app/com.nullsoft.winamp-1.apk Binary XML file line #326
W/PackageParser(  474): No actions in intent filter at /data/app/com.nullsoft.winamp-1.apk Binary XML file line #355
W/PackageManager(  474): Package com.skype.raider desires unavailable shared library com.htc.hardware.twinCamDevice; ignoring!
W/PackageManager(  474): Package com.skype.raider desires unavailable shared library com.motorola.hardware.frontcamera; ignoring!
W/PackageManager(  474): Package com.skype.raider desires unavailable shared library com.sprint.hardware.twinCamDevice; ignoring!
W/PackageManager(  474): Package com.mxtech.videoplayer.ad desires unavailable shared library com.sec.android.app.multiwindow; ignoring!
W/PackageManager(  474): Package com.dropbox.android has activity com.dropbox.android.activity.SsoCallbackReceiver with priority > 0, forcing to 0
W/PackageManager(  474): Package com.google.android.calendar has activity com.android.calendar.GoogleCalendarUriIntentFilter with priority > 0, forcing to 0
W/PackageParser(  474): Unknown element under <application>: enable-feature at /data/app/de.immowelt.android.immobiliensuche-2.apk Binary XML file line #51
W/PackageParser(  474): No actions in intent filter at /data/app/de.pixelhouse-1.apk Binary XML file line #48
W/PackageParser(  474): Unknown element under <manifest>: supports-gl-texture at /data/app/com.king.candycrushsaga-1.apk Binary XML file line #28
I/PackageParser(  474): it.medieval.blueftp: compat added android.permission.READ_PHONE_STATE
W/PackageParser(  474): No actions in intent filter at /data/app/com.levelup.beautifulwidgets-1.apk Binary XML file line #508
W/Resources(  474): Converting to boolean: TypedValue{t=0x3/d=0x3d0 "true" a=2 r=0x7f09000c}
I/PackageManager(  474): Time to scan packages: 12.697 seconds
W/PackageManager(  474): Unknown permission android.permission.ADD_SYSTEM_SERVICE in package com.android.phone
W/PackageManager(  474): Unknown permission com.android.vending.billing.IBillingAccountService.BIND2 in package com.google.android.gsf.login
W/PackageManager(  474): Unknown permission android.permission.MMS_PUSH in package com.android.bluetooth
W/PackageManager(  474): Not granting permission android.permission.SEND_DOWNLOAD_COMPLETED_INTENTS to package com.android.browser (protectionLevel=2 flags=0x9be45)
W/PackageManager(  474): Not granting permission android.permission.INSTALL_PACKAGES to package com.amazon.venezia (protectionLevel=18 flags=0x8be44)
W/PackageManager(  474): Not granting permission android.permission.DELETE_PACKAGES to package com.amazon.venezia (protectionLevel=18 flags=0x8be44)
W/PackageManager(  474): Not granting permission android.permission.READ_LOGS to package com.amazon.venezia (protectionLevel=50 flags=0x8be44)
W/PackageManager(  474): Unknown permission com.android.amazon.dcp.ota.permission.INSTALL_PACKAGES in package com.amazon.venezia
W/PackageManager(  474): Unknown permission com.amazon.dcp.metrics.permission.METRICS_PERMISSION in package com.amazon.venezia
W/PackageManager(  474): Unknown permission com.amazon.CONTENT_NOTIFICATION_ACCESS in package com.amazon.venezia
W/PackageManager(  474): Unknown permission com.amazon.SYNC_RECEIVER_ACCESS in package com.amazon.venezia
W/PackageManager(  474): Unknown permission com.amazon.permission.RECEIVE_TOP_WINDOW_CHANGED in package com.amazon.venezia
W/PackageManager(  474): Unknown permission com.amazon.dcp.sso.permission.account.changed in package com.amazon.venezia
W/PackageManager(  474): Unknown permission com.amazon.SHOW_CONTENT_LIBRARY in package com.amazon.venezia
W/PackageManager(  474): Not granting permission com.android.voicemail.permission.READ_WRITE_ALL_VOICEMAIL to package com.keramidas.TitaniumBackup (protectionLevel=2 flags=0x8be44)
W/PackageManager(  474): Unknown permission com.google.android.gallery3d.permission.PICASA_STORE in package com.android.dreams.phototable
W/PackageManager(  474): Unknown permission android.permission.READ_OWNER_DATA in package com.google.android.setupwizard
W/PackageManager(  474): Unknown permission android.permission.WRITE_OWNER_DATA in package com.google.android.setupwizard
W/PackageManager(  474): Unknown permission com.google.android.voicesearch.SHORTCUTS_ACCESS in package com.google.android.googlequicksearchbox
W/PackageManager(  474): Unknown permission com.google.android.ears.permission.WRITE in package com.google.android.googlequicksearchbox
W/PackageManager(  474): Unknown permission com.google.android.apps.googlevoice.permission.AUTO_SEND in package com.google.android.googlequicksearchbox
W/PackageManager(  474): Unknown permission com.google.android.gallery3d.permission.GALLERY_PROVIDER in package com.android.exchange
W/PackageManager(  474): Unknown permission com.google.android.gallery3d.permission.GALLERY_PROVIDER in package com.android.email
W/PackageManager(  474): Unknown permission com.android.providers.im.permission.READ_ONLY in package com.google.android.apps.maps
W/PackageManager(  474): Not granting permission android.permission.ACCOUNT_MANAGER to package com.google.android.apps.docs (protectionLevel=2 flags=0x8be44)
W/PackageManager(  474): Unknown permission android.permission.WRITE_SYNC_STATS in package com.google.android.apps.docs
W/PackageManager(  474): Not granting permission android.permission.MOUNT_UNMOUNT_FILESYSTEMS to package com.nullsoft.winamp (protectionLevel=18 flags=0x8be64)
W/PackageManager(  474): Not granting permission android.permission.BIND_APPWIDGET to package com.teslacoilsw.launcher (protectionLevel=18 flags=0x48be44)
W/PackageManager(  474): Unknown permission com.htc.launcher.permission.READ_SETTINGS in package com.teslacoilsw.launcher
W/PackageManager(  474): Unknown permission com.cyanogenmod.trebuchet.permission.READ_SETTINGS in package com.teslacoilsw.launcher
W/PackageManager(  474): Unknown permission org.adw.launcher.permission.READ_SETTINGS in package com.teslacoilsw.launcher
W/PackageManager(  474): Unknown permission org.adwfreak.launcher.permission.READ_SETTINGS in package com.teslacoilsw.launcher
W/PackageManager(  474): Unknown permission com.anddoes.launcher.permission.READ_SETTINGS in package com.teslacoilsw.launcher
W/PackageManager(  474): Unknown permission com.cyanogenmod.filemanager.permissions.READ_THEME in package com.cyanogenmod.filemanager
D/dalvikvm(  474): GC_CONCURRENT freed 3542K, 36% free 7002K/10892K, paused 3ms+7ms, total 61ms
D/dalvikvm(  474): WAIT_FOR_CONCURRENT_GC blocked 39ms
W/PackageManager(  474): Not granting permission android.permission.CALL_PRIVILEGED to package com.skype.raider (protectionLevel=18 flags=0x8be44)
W/PackageManager(  474): Unknown permission com.google.android.gallery3d.permission.PICASA_STORE in package com.google.android.apps.plus
W/PackageManager(  474): Not granting permission android.permission.SEND_DOWNLOAD_COMPLETED_INTENTS to package com.android.vending (protectionLevel=2 flags=0xabec5)
W/PackageManager(  474): Unknown permission android.permission.ACCESS_4G_RADIO_DISABLE in package com.android.systemui
W/PackageManager(  474): Unknown permission android.permission.ACCESS_4G_STATE in package com.android.systemui
W/PackageManager(  474): Unknown permission android.permission.CHANGE_4G_STATE in package com.android.systemui
W/PackageManager(  474): Unknown permission .PERMISSION in package com.estrongs.android.pop
W/PackageManager(  474): Not granting permission android.permission.DEVICE_POWER to package com.android.deskclock (protectionLevel=2 flags=0x8be45)
W/PackageManager(  474): Not granting permission android.permission.READ_DREAM_STATE to package com.google.android.gsf (protectionLevel=2 flags=0x83e45)
D/dalvikvm(  474): GC_EXPLICIT freed 1574K, 46% free 5957K/10892K, paused 5ms+2ms, total 58ms
I/SystemServer(  474): User Service
I/SystemServer(  474): Account Manager
I/SystemServer(  474): Content Manager
I/SystemServer(  474): System Content Providers
D/dalvikvm(  474): DexOpt: --- BEGIN 'SettingsProvider.apk' (bootstrap=0) ---
D/dalvikvm(  517): Note: class Landroid/app/ActivityManagerNative; has 157 unimplemented (abstract) methods
D/dalvikvm(  517): DexOpt: load 5ms, verify+opt 32ms, 381668 bytes
D/dalvikvm(  474): DexOpt: --- END 'SettingsProvider.apk' (success) ---
D/dalvikvm(  474): DEX prep '/system/app/SettingsProvider.apk': unzip in 2ms, rewrite 106ms
I/DeviceHandlerService(  474): No device specific handler lib was defined.
D/lights  (  474): set_light_battery colorRGB=FFFF0000, onMS=125, offMS=2875 
I/SystemServer(  474): Device Handler Service
I/SystemServer(  474): Lights Service
I/SystemServer(  474): Battery Service
D/lights  (  474): set_light_battery colorRGB=FFFFFF00, onMS=0, offMS=0 
I/libsuspend(  474): Selected early suspend
I/libsuspend(  474): Starting early suspend unblocker thread
D/PermissionCache(  166): checking android.permission.ACCESS_SURFACE_FLINGER for uid=1000 => granted (457 us)
D/SurfaceFlinger(  166): Screen acquired, type=0 flinger=0x40fa0318
D/SurfaceFlinger(  166):  screen was previously acquired
I/SystemServer(  474): Vibrator Service
I/SystemServer(  474): Alarm Manager
D/AlarmManagerService(  474): Kernel timezone updated to -120 minutes west of GMT
I/SystemServer(  474): Init Watchdog
I/SystemServer(  474): Input Manager
I/InputManager(  474): Initializing input manager, mUseDevInputEventForAudioJack=false
I/SystemServer(  474): Window Manager
E/WVMExtractor(  169): Failed to open libwvm.so
E/Trace   (  169): error opening trace file: No such file or directory (2)
D/Sensors (  474): sensors_poll_context_t->activate(handle: 0, enabled: 1)
D/Sensors (  474): virtual int AccelerometerSensor::enable(int32_t, int): fd (94 ),en (1),flags(1), mEnabled(0),input_sys_path (/sys/class/input/event5/device/device/enable)
D/Sensors (  474): acc:set delay ap delay!
D/Sensors (  474): acc:set delay ap delay!
I/InputManager(  474): Starting input manager
I/SystemServer(  474): Bluetooth Manager Service
I/BluetoothProfileState(  474): Message:Entering Stable State
D/EventHub(  474): No input device configuration file found for device 'input_compass'.
W/Settings(  474): Setting airplane_mode_radios has moved from android.provider.Settings.System to android.provider.Settings.Global, returning read-only value.
I/BluetoothProfileState(  474): Message:Entering Stable State
I/BluetoothProfileState(  474): Message:Entering Stable State
W/Settings(  474): Setting airplane_mode_toggleable_radios has moved from android.provider.Settings.System to android.provider.Settings.Global, returning read-only value.
D/BluetoothA2dpService(  474): has_special_extra_keys: com.amazon.mp3.metachanged
D/BluetoothA2dpService(  474): key_name: com.amazon.mp3.metachanged_track
D/BluetoothA2dpService(  474): com.amazon.mp3.metachanged_track: com.amazon.mp3.track
D/BluetoothA2dpService(  474): key_name: com.amazon.mp3.metachanged_artist
D/BluetoothA2dpService(  474): com.amazon.mp3.metachanged_artist: com.amazon.mp3.artist
D/BluetoothA2dpService(  474): key_name: com.amazon.mp3.metachanged_album
D/BluetoothA2dpService(  474): com.amazon.mp3.metachanged_album: com.amazon.mp3.album
D/BluetoothA2dpService(  474): key_name: com.amazon.mp3.metachanged_id
D/BluetoothA2dpService(  474): com.amazon.mp3.metachanged_id: com.amazon.mp3.id
D/BluetoothA2dpService(  474): has_special_extra_keys: com.amazon.mp3.playstatechanged
D/BluetoothA2dpService(  474): key_name: com.amazon.mp3.playstatechanged_track
D/BluetoothA2dpService(  474): com.amazon.mp3.playstatechanged_track: com.amazon.mp3.track
D/BluetoothA2dpService(  474): key_name: com.amazon.mp3.playstatechanged_artist
D/EventHub(  474): No input device configuration file found for device 'atmel-touchscreen'.
E/filemap (  474): mmap(0,4096) failed: No such device
D/BluetoothA2dpService(  474): com.amazon.mp3.playstatechanged_artist: com.amazon.mp3.artist
D/BluetoothA2dpService(  474): key_name: com.amazon.mp3.playstatechanged_album
I/EventHub(  474): New device: id=2, fd=109, path='/dev/input/event3', name='atmel-touchscreen', classes=0x55, configuration='', keyLayout='/system/usr/keylayout/Generic.kl', keyCharacterMap='/system/usr/keychars/Generic.kcm', builtinKeyboard=false, usingSuspendBlockIoctl=true, usingClockIoctl=false
D/EventHub(  474): No input device configuration file found for device 'huawei_keypad'.
I/EventHub(  474): New device: id=3, fd=110, path='/dev/input/event1', name='huawei_keypad', classes=0x1, configuration='', keyLayout='/system/usr/keylayout/Generic.kl', keyCharacterMap='/system/usr/keychars/Generic.kcm', builtinKeyboard=false, usingSuspendBlockIoctl=true, usingClockIoctl=false
D/EventHub(  474): No input device configuration file found for device 'qt1060'.
I/EventHub(  474): New device: id=4, fd=111, path='/dev/input/event0', name='qt1060', classes=0x1, configuration='', keyLayout='/system/usr/keylayout/Generic.kl', keyCharacterMap='/system/usr/keychars/Generic.kcm', builtinKeyboard=false, usingSuspendBlockIoctl=true, usingClockIoctl=false
E/EventHub(  474): could not get driver version for /dev/input/mice, Not a typewriter
D/BluetoothA2dpService(  474): com.amazon.mp3.playstatechanged_album: com.amazon.mp3.album
D/BluetoothA2dpService(  474): key_name: com.amazon.mp3.playstatechanged_id
D/BluetoothA2dpService(  474): com.amazon.mp3.playstatechanged_id: com.amazon.mp3.id
W/Settings(  474): Setting bluetooth_on has moved from android.provider.Settings.Secure to android.provider.Settings.Global.
I/SystemServer(  474): Input Method Service
W/InputMethodManagerService(  474): Couldn't create dir.: /data/system/inputmethod
W/InputMethodManagerService(  474): Default IME is uninstalled. Choose new default IME.
D/EventHub(  474): No input device configuration file found for device 'SDP4430 Headset Jack'.
I/EventHub(  474): New device: id=5, fd=116, path='/dev/input/event9', name='SDP4430 Headset Jack', classes=0x81, configuration='', keyLayout='/system/usr/keylayout/Generic.kl', keyCharacterMap='/system/usr/keychars/Generic.kcm', builtinKeyboard=false, usingSuspendBlockIoctl=true, usingClockIoctl=false
D/EventHub(  474): No input device configuration file found for device 'proximity sensor'.
D/EventHub(  474): No input device configuration file found for device 'light sensor'.
D/EventHub(  474): No input device configuration file found for device 'l3g4200d_gyr'.
E/Trace   (  474): error opening trace file: No such file or directory (2)
W/InputMethodManagerService(  474): Unknown input method from prefs: com.touchtype.swiftkey/com.touchtype.KeyboardService
W/InputMethodManagerService(  474): java.lang.IllegalArgumentException: Unknown id: com.touchtype.swiftkey/com.touchtype.KeyboardService
W/InputMethodManagerService(  474): 	at com.android.server.InputMethodManagerService.setInputMethodLocked(InputMethodManagerService.java:1639)
W/InputMethodManagerService(  474): 	at com.android.server.InputMethodManagerService.updateFromSettingsLocked(InputMethodManagerService.java:1614)
W/InputMethodManagerService(  474): 	at com.android.server.InputMethodManagerService.buildInputMethodListLocked(InputMethodManagerService.java:2552)
W/InputMethodManagerService(  474): 	at com.android.server.InputMethodManagerService.<init>(InputMethodManagerService.java:684)
W/InputMethodManagerService(  474): 	at com.android.server.ServerThread.run(SystemServer.java:418)
W/InputMethodManagerService(  474): Unknown input method from prefs: com.touchtype.swiftkey/com.touchtype.KeyboardService
W/InputMethodManagerService(  474): java.lang.IllegalArgumentException: Unknown id: com.touchtype.swiftkey/com.touchtype.KeyboardService
W/InputMethodManagerService(  474): 	at com.android.server.InputMethodManagerService.setInputMethodLocked(InputMethodManagerService.java:1639)
W/InputMethodManagerService(  474): 	at com.android.server.InputMethodManagerService.updateFromSettingsLocked(InputMethodManagerService.java:1614)
W/InputMethodManagerService(  474): 	at com.android.server.InputMethodManagerService.<init>(InputMethodManagerService.java:693)
W/InputMethodManagerService(  474): 	at com.android.server.ServerThread.run(SystemServer.java:418)
I/SystemServer(  474): Accessibility Manager
I/ActivityManager(  474): Config changes=15f8 {1.0 ?mcc?mnc de_DE ldltr sw360dp w360dp h614dp 240dpi nrml long port ?uimode ?night -touch -keyb/v/h -nav/h s.2 themeResource=null}
D/EventHub(  474): No input device configuration file found for device 'input_accl'.
I/PackageManager(  474): Running dexopt on: com.andrew.apollo
D/EventHub(  474): No input device configuration file found for device 'twl6030_pwrbutton'.
I/EventHub(  474): New device: id=10, fd=119, path='/dev/input/event2', name='twl6030_pwrbutton', classes=0x1, configuration='', keyLayout='/system/usr/keylayout/twl6030_pwrbutton.kl', keyCharacterMap='/system/usr/keychars/Generic.kcm', builtinKeyboard=false, usingSuspendBlockIoctl=true, usingClockIoctl=false
I/InputReader(  474): Device added: id=-1, name='Virtual', sources=0x00000301
D/dalvikvm(  474): GC_FOR_ALLOC freed 872K, 42% free 6381K/10892K, paused 49ms, total 49ms
I/dalvikvm-heap(  474): Grow heap (frag case) to 8.628MB for 56392-byte allocation
I/InputReader(  474): Device added: id=10, name='twl6030_pwrbutton', sources=0x00000101
I/InputReader(  474): Device added: id=5, name='SDP4430 Headset Jack', sources=0x80000101
I/InputReader(  474): Device added: id=4, name='qt1060', sources=0x00000101
I/InputReader(  474): Device added: id=3, name='huawei_keypad', sources=0x00000101
I/InputReader(  474):   Touch device 'atmel-touchscreen' could not query the properties of its associated display.  The device will be inoperable until the display size becomes available.
I/InputReader(  474): Device added: id=2, name='atmel-touchscreen', sources=0x00001503
I/ActivityManager(  474): Config changes=1408 {1.0 ?mcc?mnc de_DE ldltr sw360dp w360dp h614dp 240dpi nrml long port ?uimode ?night finger -keyb/v/h -nav/h s.3 themeResource=null}
D/dalvikvm(  474): GC_FOR_ALLOC freed 34K, 42% free 6409K/10948K, paused 42ms, total 42ms
I/dalvikvm-heap(  474): Grow heap (frag case) to 9.208MB for 635812-byte allocation
I/InputReader(  474): Reconfiguring input devices.  changes=0x00000004
I/InputReader(  474): Device reconfigured: id=2, name='atmel-touchscreen', size 540x960, orientation 0, mode 1, display id 0
I/SurfaceFlinger(  166): Boot is finished (34326 ms)
I/ActivityManager(  474): Config changes=1400 {1.0 ?mcc?mnc de_DE ldltr sw360dp w360dp h614dp 240dpi nrml long port ?uimode ?night finger -keyb/v/h -nav/h s.4 themeResource=null}
D/dalvikvm(  547): DexOpt: load 62ms, verify+opt 203ms, 1123940 bytes
I/PackageManager(  474): Running dexopt on: com.android.providers.applications
D/dalvikvm(  550): DexOpt: load 8ms, verify+opt 38ms, 356372 bytes
I/PackageManager(  474): Running dexopt on: com.android.backupconfirm
D/dalvikvm(  551): DexOpt: load 6ms, verify+opt 15ms, 225916 bytes
I/PackageManager(  474): Running dexopt on: com.android.dreams.basic
D/dalvikvm(  552): DexOpt: load 5ms, verify+opt 7ms, 188452 bytes
I/PackageManager(  474): Running dexopt on: com.android.bluetooth
D/dalvikvm(  553): DexOpt: load 12ms, verify+opt 158ms, 664212 bytes
I/PackageManager(  474): Running dexopt on: com.android.browser
D/dalvikvm(  554): DexOpt: load 97ms, verify+opt 289ms, 1560980 bytes
I/PackageManager(  474): Running dexopt on: com.cyanogenmod.filemanager
D/dalvikvm(  555): DexOpt: load 61ms, verify+opt 188ms, 961252 bytes
I/PackageManager(  474): Running dexopt on: com.cyanogenmod.filemanager.themes
D/dalvikvm(  556): DexOpt: load 6ms, verify+opt 0ms, 119068 bytes
I/PackageManager(  474): Running dexopt on: com.cyanogenmod.updater
D/dalvikvm(  557): DexOpt: load 10ms, verify+opt 51ms, 502428 bytes
I/PackageManager(  474): Running dexopt on: com.cyanogenmod.CMWallpapers
D/dalvikvm(  558): DexOpt: load 7ms, verify+opt 25ms, 276764 bytes
I/PackageManager(  474): Running dexopt on: com.android.calculator2
D/dalvikvm(  559): DexOpt: load 48ms, verify+opt 153ms, 886708 bytes
I/PackageManager(  474): Running dexopt on: com.android.calendar
D/dalvikvm(  560): DexOpt: load 64ms, verify+opt 267ms, 1135988 bytes
I/PackageManager(  474): Running dexopt on: com.android.providers.calendar
D/dalvikvm(  561): Note: class Landroid/app/ActivityManagerNative; has 157 unimplemented (abstract) methods
D/dalvikvm(  561): DexOpt: load 15ms, verify+opt 133ms, 603044 bytes
I/PackageManager(  474): Running dexopt on: com.android.certinstaller
D/dalvikvm(  562): DexOpt: load 9ms, verify+opt 35ms, 359180 bytes
I/PackageManager(  474): Running dexopt on: com.android.contacts
D/dalvikvm(  563): DexOpt: load 105ms, verify+opt 525ms, 1918900 bytes
I/PackageManager(  474): Running dexopt on: com.android.providers.contacts
D/dalvikvm(  564): Note: class Landroid/app/ActivityManagerNative; has 157 unimplemented (abstract) methods
D/dalvikvm(  564): DexOpt: load 17ms, verify+opt 220ms, 743868 bytes
I/PackageManager(  474): Running dexopt on: com.bel.android.dspmanager
D/dalvikvm(  565): DexOpt: load 36ms, verify+opt 157ms, 908420 bytes
I/PackageManager(  474): Running dexopt on: com.android.defcontainer
D/dalvikvm(  566): DexOpt: load 16ms, verify+opt 22ms, 203244 bytes
I/PackageManager(  474): Running dexopt on: com.android.deskclock
D/dalvikvm(  567): DexOpt: load 62ms, verify+opt 152ms, 937188 bytes
I/PackageManager(  474): Running dexopt on: com.android.development
D/dalvikvm(  568): Note: class Landroid/app/ActivityManagerNative; has 157 unimplemented (abstract) methods
D/dalvikvm(  568): DexOpt: load 24ms, verify+opt 78ms, 698332 bytes
I/PackageManager(  474): Running dexopt on: com.android.providers.downloads
D/dalvikvm(  569): DexOpt: load 14ms, verify+opt 82ms, 513540 bytes
I/PackageManager(  474): Running dexopt on: com.android.providers.downloads.ui
D/dalvikvm(  570): DexOpt: load 16ms, verify+opt 43ms, 428460 bytes
I/PackageManager(  474): Running dexopt on: com.android.providers.drm
D/dalvikvm(  571): DexOpt: load 3ms, verify+opt 6ms, 149204 bytes
I/PackageManager(  474): Running dexopt on: com.android.email
D/dalvikvm(  572): DexOpt: load 118ms, verify+opt 704ms, 2354428 bytes
I/PackageManager(  474): Running dexopt on: com.android.exchange
D/dalvikvm(  573): DexOpt: load 72ms, verify+opt 540ms, 1709332 bytes
I/PackageManager(  474): Running dexopt on: com.android.location.fused
D/dalvikvm(  574): DexOpt: load 4ms, verify+opt 3ms, 142772 bytes
I/PackageManager(  474): Running dexopt on: com.android.galaxy4
D/dalvikvm(  575): DexOpt: load 8ms, verify+opt 7ms, 241556 bytes
I/PackageManager(  474): Running dexopt on: com.android.gallery3d
D/dalvikvm(  576): DexOpt: load 101ms, verify+opt 555ms, 1912332 bytes
I/PackageManager(  474): Running dexopt on: com.android.htmlviewer
D/dalvikvm(  577): DexOpt: load 6ms, verify+opt 15ms, 247220 bytes
I/PackageManager(  474): Running dexopt on: com.android.wallpaper.holospiral
D/dalvikvm(  578): DexOpt: load 10ms, verify+opt 7ms, 256500 bytes
I/PackageManager(  474): Running dexopt on: com.android.inputdevices
D/dalvikvm(  579): DexOpt: load 8ms, verify+opt 1ms, 97444 bytes
I/PackageManager(  474): Running dexopt on: com.android.keychain
D/dalvikvm(  580): DexOpt: load 7ms, verify+opt 41ms, 379908 bytes
I/PackageManager(  474): Running dexopt on: com.android.inputmethod.latin
D/dalvikvm(  581): DexOpt: load 34ms, verify+opt 200ms, 933884 bytes
I/PackageManager(  474): Running dexopt on: com.android.wallpaper
D/dalvikvm(  582): DexOpt: load 13ms, verify+opt 24ms, 399732 bytes
I/PackageManager(  474): Running dexopt on: com.android.wallpaper.livepicker
D/dalvikvm(  583): DexOpt: load 8ms, verify+opt 30ms, 356276 bytes
I/PackageManager(  474): Running dexopt on: com.cyanogenmod.lockclock
D/dalvikvm(  584): DexOpt: load 9ms, verify+opt 36ms, 446284 bytes
I/PackageManager(  474): Running dexopt on: com.android.magicsmoke
D/dalvikvm(  585): DexOpt: load 7ms, verify+opt 11ms, 274324 bytes
I/PackageManager(  474): Running dexopt on: com.android.providers.media
D/dalvikvm(  586): Note: class Landroid/app/ActivityManagerNative; has 157 unimplemented (abstract) methods
D/dalvikvm(  586): DexOpt: load 9ms, verify+opt 80ms, 506028 bytes
I/PackageManager(  474): Running dexopt on: com.android.mms
D/dalvikvm(  587): DexOpt: load 90ms, verify+opt 343ms, 1448380 bytes
I/PackageManager(  474): Running dexopt on: com.android.noisefield
D/dalvikvm(  588): DexOpt: load 9ms, verify+opt 8ms, 261164 bytes
I/PackageManager(  474): Running dexopt on: com.android.packageinstaller
D/dalvikvm(  589): Note: class Landroid/app/ActivityManagerNative; has 157 unimplemented (abstract) methods
D/dalvikvm(  589): DexOpt: load 20ms, verify+opt 57ms, 530412 bytes
I/PackageManager(  474): Running dexopt on: com.android.phasebeam
D/dalvikvm(  590): DexOpt: load 9ms, verify+opt 7ms, 249412 bytes
I/PackageManager(  474): Running dexopt on: com.android.phone
D/dalvikvm(  591): Note: class Landroid/app/ActivityManagerNative; has 157 unimplemented (abstract) methods
D/dalvikvm(  591): DexOpt: load 35ms, verify+opt 263ms, 1169444 bytes
I/PackageManager(  474): Running dexopt on: com.android.dreams.phototable
D/dalvikvm(  592): DexOpt: load 26ms, verify+opt 29ms, 403756 bytes
I/PackageManager(  474): Running dexopt on: com.svox.pico
D/dalvikvm(  593): DexOpt: load 9ms, verify+opt 6ms, 219276 bytes
I/PackageManager(  474): Running dexopt on: com.google.android.syncadapters.bookmarks
D/dalvikvm(  594): DexOpt: load 15ms, verify+opt 128ms, 539156 bytes
I/PackageManager(  474): Running dexopt on: com.android.settings
D/dalvikvm(  595): Note: class Landroid/app/ActivityManagerNative; has 157 unimplemented (abstract) methods
D/dalvikvm(  595): DexOpt: load 107ms, verify+opt 646ms, 2521188 bytes
I/PackageManager(  474): Running dexopt on: com.android.sharedstoragebackup
D/dalvikvm(  596): DexOpt: load 4ms, verify+opt 2ms, 120484 bytes
I/PackageManager(  474): Running dexopt on: com.android.soundrecorder
D/dalvikvm(  597): DexOpt: load 8ms, verify+opt 31ms, 361084 bytes
I/PackageManager(  474): Running dexopt on: com.android.stk
D/dalvikvm(  598): DexOpt: load 8ms, verify+opt 47ms, 417084 bytes
I/PackageManager(  474): Running dexopt on: com.android.systemui
D/dalvikvm(  599): Note: class Landroid/app/ActivityManagerNative; has 157 unimplemented (abstract) methods
D/dalvikvm(  599): DexOpt: load 64ms, verify+opt 230ms, 1325900 bytes
I/PackageManager(  474): Running dexopt on: com.android.providers.telephony
D/dalvikvm(  600): DexOpt: load 4ms, verify+opt 35ms, 222444 bytes
I/PackageManager(  474): Running dexopt on: jackpal.androidterm
D/dalvikvm(  601): DexOpt: 'Landroid/annotation/SuppressLint;' has an earlier definition; blocking out
D/dalvikvm(  601): DexOpt: 'Landroid/annotation/TargetApi;' has an earlier definition; blocking out
D/dalvikvm(  601): DexOpt: not verifying/optimizing 'Landroid/annotation/SuppressLint;': multiple definitions
D/dalvikvm(  601): DexOpt: not verifying/optimizing 'Landroid/annotation/TargetApi;': multiple definitions
D/dalvikvm(  601): DexOpt: load 24ms, verify+opt 70ms, 579964 bytes
I/PackageManager(  474): Running dexopt on: com.tmobile.themechooser
D/dalvikvm(  602): DexOpt: load 14ms, verify+opt 16ms, 335900 bytes
I/PackageManager(  474): Running dexopt on: com.tmobile.thememanager
D/dalvikvm(  603): DexOpt: load 4ms, verify+opt 18ms, 252092 bytes
I/PackageManager(  474): Running dexopt on: net.cactii.flash2
D/dalvikvm(  604): DexOpt: load 9ms, verify+opt 35ms, 398556 bytes
I/PackageManager(  474): Running dexopt on: com.cyanogenmod.trebuchet
D/dalvikvm(  605): DexOpt: load 87ms, verify+opt 282ms, 1107468 bytes
I/PackageManager(  474): Running dexopt on: com.android.providers.userdictionary
D/dalvikvm(  606): DexOpt: load 4ms, verify+opt 8ms, 165396 bytes
I/PackageManager(  474): Running dexopt on: com.android.videoeditor
D/dalvikvm(  607): DexOpt: load 33ms, verify+opt 174ms, 766852 bytes
I/PackageManager(  474): Running dexopt on: com.android.musicvis
D/dalvikvm(  608): DexOpt: load 5ms, verify+opt 11ms, 188084 bytes
I/PackageManager(  474): Running dexopt on: com.android.voicedialer
D/dalvikvm(  609): DexOpt: load 8ms, verify+opt 39ms, 366764 bytes
I/PackageManager(  474): Running dexopt on: com.android.vpndialogs
D/dalvikvm(  610): DexOpt: load 6ms, verify+opt 22ms, 278068 bytes
I/PackageManager(  474): Running dexopt on: com.android.smspush
D/dalvikvm(  611): DexOpt: load 4ms, verify+opt 3ms, 140348 bytes
I/PackageManager(  474): Running dexopt on: com.google.android.configupdater
D/dalvikvm(  612): DexOpt: load 72ms, verify+opt 522ms, 1896980 bytes
I/PackageManager(  474): Running dexopt on: com.google.android.apps.genie.geniewidget
D/dalvikvm(  613): DexOpt: load 47ms, verify+opt 169ms, 932596 bytes
I/PackageManager(  474): Running dexopt on: com.google.android.backup
D/dalvikvm(  614): DexOpt: load 13ms, verify+opt 94ms, 598756 bytes
I/PackageManager(  474): Running dexopt on: com.google.android.syncadapters.calendar
D/dalvikvm(  615): DexOpt: load 9ms, verify+opt 94ms, 402772 bytes
I/PackageManager(  474): Running dexopt on: com.google.android.syncadapters.contacts
D/dalvikvm(  616): DexOpt: load 14ms, verify+opt 146ms, 540908 bytes
I/PackageManager(  474): Running dexopt on: com.google.android.feedback
D/dalvikvm(  617): DexOpt: load 14ms, verify+opt 116ms, 738932 bytes
I/PackageManager(  474): Running dexopt on: com.google.android.gsf.login
D/dalvikvm(  618): DexOpt: load 45ms, verify+opt 196ms, 1021756 bytes
I/PackageManager(  474): Running dexopt on: com.google.android.partnersetup
D/dalvikvm(  619): Note: class Landroid/app/ActivityManagerNative; has 157 unimplemented (abstract) methods
D/dalvikvm(  619): DexOpt: load 14ms, verify+opt 103ms, 665724 bytes
I/PackageManager(  474): Running dexopt on: com.google.android.gsf
D/dalvikvm(  620): DexOpt: load 42ms, verify+opt 441ms, 1394356 bytes
I/PackageManager(  474): Running dexopt on: com.google.android.tts
D/dalvikvm(  621): DexOpt: load 71ms, verify+opt 406ms, 1649652 bytes
I/PackageManager(  474): Running dexopt on: com.google.android.inputmethod.latin.dictionarypack
